000
CXUS54 KFWD 010730
CF6LUD
PRELIMINARY LOCAL CLIMATOLOGICAL DATA (WS FORM: F-6)
STATION: DECATUR
MONTH: MAY
YEAR: 2021
LATITUDE: 33 15 N
LONGITUDE: 97 30 W
TEMPERATURE IN F: :PCPN: SNOW: WIND :SUNSHINE: SKY :PK WND
================================================================================
1 2 3 4 5 6A 6B 7 8 9 10 11 12 13 14 15 16 17 18
12Z AVG MX 2MIN
DY MAX MIN AVG DEP HDD CDD WTR SNW DPTH SPD SPD DIR MIN PSBL S-S WX SPD DR
================================================================================
1 70 62 66 0 0 1 0.02 M M 5.3 9 120 M M 8 128 16 120
2 80 64 72 5 0 7 0.00 M M 6.3 10 150 M M 6 1 20 150
3 90 69 80 13 0 15 0.14 M M 8.5 15 170 M M 2 22 150
4 71 55 63 -4 2 0 0.00 M M 8.2 13 330 M M 3 23 320
5 74 50 62 -5 3 0 0.00 M M 3.9 9 70 M M 0 M M
6 80 54 67 -1 0 2 0.00 M M 4.1 9 360 M M 0 16 360
7 84 57 71 3 0 6 0.00 M M 9.2 16 160 M M 0 24 160
8 87 63 75 7 0 10 0.00 M M 15.8 24 160 M M 0 35 160
9 77 59 68 -1 0 3 0.00 M M 10.1 18 170 M M 2 25 170
10 59 53 56 -13 9 0 0.26 M M 9.2 16 50 M M 10 1 20 50
11 57 54 56 -13 9 0 0.47 M M 7.8 14 80 M M 10 1 22 70
12 61 53 57 -12 8 0 0.01 M M 4.9 10 20 M M 10 1 M M
13 71 55 63 -7 2 0 0.00 M M 2.3 6 80 M M 6 M M
14 77 56 67 -3 0 2 0.00 M M 8.5 14 150 M M 2 18 140
15 81 60 71 1 0 6 0.00 M M 10.6 16 160 M M 3 25 170
16 79 66 73 3 0 8 0.58 M M 9.6 16 150 M M 8 1 26 40
17 80 64 72 1 0 7 0.89 M M 7.2 16 270 M M 3 1 25 270
18 73 59 66 -5 0 1 0.47 M M 6.3 14 250 M M 5 26 90
19 79 63 71 0 0 6 0.00 M M 3.9 9 130 M M 4 1 M M
20 76 65 71 0 0 6 0.00 M M 2.8 7 90 M M 2 M M
21 83 66 75 3 0 10 0.00 M M 8.4 14 120 M M 6 1 18 120
22 76 69 73 1 0 8 0.27 M M 9.8 17 110 M M 9 1 23 110
23 74 65 70 -2 0 5 0.06 M M 8.4 15 120 M M 7 1 21 120
24 72 66 69 -3 0 4 0.80 M M 8.3 14 140 M M 10 1 20 100
25 80 65 73 0 0 8 0.40 M M 7.7 14 170 M M 5 24 140
26 89 72 81 8 0 16 0.00 M M 7.0 12 150 M M 3 1 17 150
27 87 72 80 7 0 15 0.00 M M 10.9 16 170 M M 4 23 170
28 77 64 71 -2 0 6 0.84 M M 4.3 10 80 M M 6 17 40
29 80 62 71 -3 0 6 0.00 M M 7.5 12 50 M M 2 16 50
30 75 64 70 -4 0 5 0.00 M M 8.9 13 90 M M 6 18 90
31 71 63 67 -7 0 2 1.04 M M 6.3 16 160 M M 9 1 20 160
================================================================================
SM 2370 1909 33 165 6.25 M 232.3 M 151
================================================================================
AV 76.5 61.6 7.5 FASTST M M 5 MAX(MPH)
MISC ----> 24 160 35 160
================================================================================
NOTES:
# LAST OF SEVERAL OCCURRENCES
COLUMN 17 PEAK WIND IN M.P.H.
PRELIMINARY LOCAL CLIMATOLOGICAL DATA (WS FORM: F-6) , PAGE 2
STATION: DECATUR
MONTH: MAY
YEAR: 2021
LATITUDE: 33 15 N
LONGITUDE: 97 30 W
[TEMPERATURE DATA] [PRECIPITATION DATA] SYMBOLS USED IN COLUMN 16
AVERAGE MONTHLY: 69.0 TOTAL FOR MONTH: 6.25 1 = FOG OR MIST
DPTR FM NORMAL: -1.4 DPTR FM NORMAL: 0.74 2 = FOG REDUCING VISIBILITY
HIGHEST: 90 ON 3 GRTST 24HR 1.04 ON 31-31 TO 1/4 MILE OR LESS
LOWEST: 50 ON 5 3 = THUNDER
SNOW, ICE PELLETS, HAIL 4 = ICE PELLETS
TOTAL MONTH: M 5 = HAIL
GRTST 24HR M ON M 6 = FREEZING RAIN OR DRIZZLE
GRTST DEPTH: M ON M 7 = DUSTSTORM OR SANDSTORM:
VSBY 1/2 MILE OR LESS
8 = SMOKE OR HAZE
[NO. OF DAYS WITH] [WEATHER - DAYS WITH] 9 = BLOWING SNOW
X = TORNADO
MAX 32 OR BELOW: 0 0.01 INCH OR MORE: 14
MAX 90 OR ABOVE: 1 0.10 INCH OR MORE: 11
MIN 32 OR BELOW: 0 0.50 INCH OR MORE: 5
MIN 0 OR BELOW: 0 1.00 INCH OR MORE: 1
[HDD (BASE 65) ]
TOTAL THIS MO. 33 CLEAR (SCALE 0-3) 12
DPTR FM NORMAL 13 PTCLDY (SCALE 4-7) 12
TOTAL FM JUL 1 2319 CLOUDY (SCALE 8-10) 7
DPTR FM NORMAL -620
[CDD (BASE 65) ]
TOTAL THIS MO. 165
DPTR FM NORMAL -20 [PRESSURE DATA]
TOTAL FM JAN 1 240 HIGHEST SLP M ON M
DPTR FM NORMAL -10 LOWEST SLP M ON M
[REMARKS]
#FINAL-05-21#