000
CXUS56 KMTR 011000
CF6LVK
PRELIMINARY LOCAL CLIMATOLOGICAL DATA (WS FORM: F-6)
STATION: LIVERMORE AIRPORT
MONTH: FEBRUARY
YEAR: 2023
LATITUDE: 37 42 N
LONGITUDE: 121 49 W
TEMPERATURE IN F: :PCPN: SNOW: WIND :SUNSHINE: SKY :PK WND
================================================================================
1 2 3 4 5 6A 6B 7 8 9 10 11 12 13 14 15 16 17 18
12Z AVG MX 2MIN
DY MAX MIN AVG DEP HDD CDD WTR SNW DPTH SPD SPD DIR MIN PSBL S-S WX SPD DR
================================================================================
1 55 31 43 -6 22 0 0.00 M M 4.0 16 90 M M 0 19 80
2 56 30 43 -6 22 0 0.00 M M 2.4 12 80 M M 0 18 13 80
3 53 45 49 0 16 0 0.22 M M 3.7 14 300 M M 8 12 18 300
4 59 39 49 0 16 0 0.40 M M 6.5 28 210 M M 9 12 43 210
5 56 40 48 -1 17 0 0.11 M M 9.7 23 270 M M 6 1 28 270
6 59 33 46 -3 19 0 0.00 M M 3.3 14 10 M M 0 18 20
7 59 36 48 -1 17 0 0.00 M M 3.1 10 80 M M 0 13 80
8 64 35 50 0 15 0 0.00 M M 3.9 13 80 M M 0 16 80
9 65 37 51 1 14 0 0.00 M M 3.1 13 80 M M 0 19 50
10 58 36 47 -3 18 0 T M M 7.2 18 260 M M 3 18 23 260
11 53 39 46 -4 19 0 0.02 M M 6.2 16 60 M M 7 1 22 80
12 69 35 52 2 13 0 0.00 M M 2.4 10 290 M M 0 16 280
13 65 35 50 0 15 0 0.00 M M 6.4 16 210 M M 0 22 200
14 51 38 45 -5 20 0 0.01 M M 10.4 22 270 M M 2 28 280
15 56 34 45 -5 20 0 0.00 M M 4.5 14 50 M M 0 19 350
16 56 29 43 -8 22 0 0.00 M M 2.9 12 50 M M 0 14 50
17 59 33 46 -5 19 0 0.00 M M 4.4 15 80 M M 0 18 90
18 63 29 46 -5 19 0 0.00 M M 2.8 14 100 M M 0 8 16 70
19 67 32 50 -1 15 0 0.00 M M 3.1 10 60 M M 0 15 60
20 68 36 52 1 13 0 0.00 M M 1.6 8 70 M M 0 10 80
21 60 39 50 -1 15 0 0.00 M M 10.8 31 270 M M 1 18 41 260
22 51 37 44 -8 21 0 0.02 M M 13.4 25 260 M M 3 31 260
23 50 37 44 -8 21 0 0.04 M M 12.2 30 190 M M 5 37 190
24 48 36 42 -10 23 0 0.64 M M 5.8 22 190 M M 8 1 42 200
25 48 38 43 -9 22 0 0.05 M M 4.4 13 70 M M 9 14 270
26 52 42 47 -5 18 0 0.07 M M 7.2 20 200 M M 10 18 25 200
27 49 37 43 -9 22 0 0.14 M M 8.3 25 260 M M 6 1 30 230
28 51 38 45 -7 20 0 0.26 M M 9.3 22 240 M M 9 1 27 220
================================================================================
SM 1600 1006 513 0 1.98 M 163.0 M 86
================================================================================
AV 57.1 35.9 5.8 FASTST M M 3 MAX(MPH)
MISC ----> 31 270 43 210
================================================================================
NOTES:
# LAST OF SEVERAL OCCURRENCES
COLUMN 17 PEAK WIND IN M.P.H.
PRELIMINARY LOCAL CLIMATOLOGICAL DATA (WS FORM: F-6) , PAGE 2
STATION: LIVERMORE AIRPORT
MONTH: FEBRUARY
YEAR: 2023
LATITUDE: 37 42 N
LONGITUDE: 121 49 W
[TEMPERATURE DATA] [PRECIPITATION DATA] SYMBOLS USED IN COLUMN 16
AVERAGE MONTHLY: 46.5 TOTAL FOR MONTH: 1.98 1 = FOG OR MIST
DPTR FM NORMAL: -3.9 DPTR FM NORMAL: -0.94 2 = FOG REDUCING VISIBILITY
HIGHEST: 69 ON 12 GRTST 24HR 0.68 ON 23-24 TO 1/4 MILE OR LESS
LOWEST: 29 ON 18,16 3 = THUNDER
SNOW, ICE PELLETS, HAIL 4 = ICE PELLETS
TOTAL MONTH: M 5 = HAIL
GRTST 24HR M ON M 6 = FREEZING RAIN OR DRIZZLE
GRTST DEPTH: M ON M 7 = DUSTSTORM OR SANDSTORM:
VSBY 1/2 MILE OR LESS
8 = SMOKE OR HAZE
[NO. OF DAYS WITH] [WEATHER - DAYS WITH] 9 = BLOWING SNOW
X = TORNADO
MAX 32 OR BELOW: 0 0.01 INCH OR MORE: 12
MAX 90 OR ABOVE: 0 0.10 INCH OR MORE: 6
MIN 32 OR BELOW: 5 0.50 INCH OR MORE: 1
MIN 0 OR BELOW: 0 1.00 INCH OR MORE: 0
[HDD (BASE 65) ]
TOTAL THIS MO. 513 CLEAR (SCALE 0-3) 17
DPTR FM NORMAL 106 PTCLDY (SCALE 4-7) 6
TOTAL FM JUL 1 2060 CLOUDY (SCALE 8-10) 5
DPTR FM NORMAL 119
[CDD (BASE 65) ]
TOTAL THIS MO. 0
DPTR FM NORMAL 0 [PRESSURE DATA]
TOTAL FM JAN 1 0 HIGHEST SLP M ON M
DPTR FM NORMAL 0 LOWEST SLP 29.58 ON 24
[REMARKS]
#FINAL-02-23#