000
CXUS53 KTOP 010810
CF6LWC
PRELIMINARY LOCAL CLIMATOLOGICAL DATA (WS FORM: F-6)
STATION: LAWRENCE KS
MONTH: SEPTEMBER
YEAR: 2021
LATITUDE: 39 0 N
LONGITUDE: 95 13 W
TEMPERATURE IN F: :PCPN: SNOW: WIND :SUNSHINE: SKY :PK WND
================================================================================
1 2 3 4 5 6A 6B 7 8 9 10 11 12 13 14 15 16 17 18
12Z AVG MX 2MIN
DY MAX MIN AVG DEP HDD CDD WTR SNW DPTH SPD SPD DIR MIN PSBL S-S WX SPD DR
================================================================================
1 84 67 76 2 0 11 0.00 M M 6.8 14 80 M M 4 20 90
2 83 67 75 1 0 10 0.05 M M 9.5 18 130 M M 0 13 27 140
3 89 72 81 8 0 16 1.45 M M 6.6 22 150 M M 8 13 30 160
4 80 62 71 -2 0 6 1.52 M M 6.2 17 350 M M 7 13 23 350
5 83 56 70 -2 0 5 0.00 M M 3.3 9 230 M M 1 1 12 240
6 89 60 75 3 0 10 0.00 M M 5.3 14 210 M M 0 21 190
7 91 63 77 5 0 12 0.00 M M 7.1 17 330 M M 0 24 330
8 86 54 70 -1 0 5 0.00 M M 7.0 17 320 M M 0 23 330
9 86 57 72 1 0 7 0.00 M M 4.7 13 140 M M 2 18 20 130
10 89 61 75 4 0 10 0.00 M M 6.9 15 200 M M 0 1 22 190
11 89 65 77 7 0 12 0.00 M M 8.4 17 170 M M 0 30 170
12 89 70 80 10 0 15 0.00 M M 7.6 16 160 M M 0 22 160
13 89 63 76 6 0 11 0.00 M M 10.6 24 190 M M 0 36 200
14 83 67 75 6 0 10 T M M 6.5 15 320 M M 1 19 310
15 85 59 72 3 0 7 0.00 M M 4.6 14 140 M M 1 18 17 150
16 90 59 75 7 0 10 0.00 M M 7.7 17 150 M M 1 1 26 150
17 91 64 78 10 0 13 0.00 M M 4.1 12 320 M M 0 18 17 350
18 90 62 76 8 0 11 0.00 M M 2.2 10 130 M M 0 18 15 140
19 89 62 76 9 0 11 0.00 M M 7.6 18 150 M M 1 1 31 150
20 88 59 74 7 0 9 0.04 M M 9.4 22 350 M M 3 13 32 350
21 78 49 64 -3 1 0 0.00 M M 9.0 23 340 M M 1 32 330
22 75 44 60 -6 5 0 0.00 M M 5.2 16 290 M M 0 1 20 320
23 80 41 61 -5 4 0 0.00 M M 4.8 16 160 M M 0 18 21 170
24 82 51 67 2 0 2 T M M 8.3 23 240 M M 1 33 240
25 78 43 61 -4 4 0 0.00 M M 4.7 12 250 M M 0 1 17 240
26 95 52 74 9 0 9 0.00 M M 11.2 30 220 M M 0 43 210
27 93 62 78 14 0 13 0.00 M M 8.9 17 200 M M 0 24 220
28 92 58 75 11 0 10 0.00 M M 5.8 18 160 M M 0 8 24 160
29 82 63 73 9 0 8 T M M 5.8 13 140 M M 2 18 18 170
30 85 63 74 11 0 9 1.37 M M 4.5 33 120 M M 3 138 52 110
================================================================================
SM 2583 1775 14 252 4.43 M 200.3 M 36
================================================================================
AV 86.1 59.2 6.7 FASTST M M 1 MAX(MPH)
MISC ----> 33 120 52 110
================================================================================
NOTES:
# LAST OF SEVERAL OCCURRENCES
COLUMN 17 PEAK WIND IN M.P.H.
PRELIMINARY LOCAL CLIMATOLOGICAL DATA (WS FORM: F-6) , PAGE 2
STATION: LAWRENCE KS
MONTH: SEPTEMBER
YEAR: 2021
LATITUDE: 39 0 N
LONGITUDE: 95 13 W
[TEMPERATURE DATA] [PRECIPITATION DATA] SYMBOLS USED IN COLUMN 16
AVERAGE MONTHLY: 72.6 TOTAL FOR MONTH: 4.43 1 = FOG OR MIST
DPTR FM NORMAL: 4.0 DPTR FM NORMAL: 0.86 2 = FOG REDUCING VISIBILITY
HIGHEST: 95 ON 26 GRTST 24HR 2.37 ON 3- 4 TO 1/4 MILE OR LESS
LOWEST: 41 ON 23 3 = THUNDER
SNOW, ICE PELLETS, HAIL 4 = ICE PELLETS
TOTAL MONTH: M 5 = HAIL
GRTST 24HR M ON M 6 = FREEZING RAIN OR DRIZZLE
GRTST DEPTH: M ON M 7 = DUSTSTORM OR SANDSTORM:
VSBY 1/2 MILE OR LESS
8 = SMOKE OR HAZE
[NO. OF DAYS WITH] [WEATHER - DAYS WITH] 9 = BLOWING SNOW
X = TORNADO
MAX 32 OR BELOW: 0 0.01 INCH OR MORE: 5
MAX 90 OR ABOVE: 7 0.10 INCH OR MORE: 3
MIN 32 OR BELOW: 0 0.50 INCH OR MORE: 3
MIN 0 OR BELOW: 0 1.00 INCH OR MORE: 3
[HDD (BASE 65) ]
TOTAL THIS MO. 14 CLEAR (SCALE 0-3) 27
DPTR FM NORMAL -43 PTCLDY (SCALE 4-7) 3
TOTAL FM JUL 1 14 CLOUDY (SCALE 8-10) 0
DPTR FM NORMAL -43
[CDD (BASE 65) ]
TOTAL THIS MO. 252
DPTR FM NORMAL 88 [PRESSURE DATA]
TOTAL FM JAN 1 1606 HIGHEST SLP M ON M
DPTR FM NORMAL 176 LOWEST SLP 29.71 ON 20
[REMARKS]
#FINAL-09-21#