000
CXUS53 KTOP 011424
CLMLWC
CLIMATE REPORT
NATIONAL WEATHER SERVICE TOPEKA KS
924 AM CDT SUN OCT 01 2023
...................................
...THE LAWRENCE KS CLIMATE SUMMARY FOR THE MONTH OF SEPTEMBER 2023...
CLIMATE NORMAL PERIOD 1991 TO 2020
CLIMATE RECORD PERIOD 9999 TO 9999
WEATHER OBSERVED NORMAL DEPART LAST YEAR`S
VALUE DATE(S) VALUE FROM VALUE
NORMAL
..............................................................
TEMPERATURE (F)
HIGHEST 101 09/05 102
LOWEST 44 09/13 39
09/14
AVG. MAXIMUM 88.2 81.8 6.4 85.8
AVG. MINIMUM 56.0 55.4 0.6 54.5
MEAN 72.1 68.6 3.5 70.2
DAYS MAX >= 90 10 5.9 4.1 11
DAYS MAX <= 32 0 0.0 0.0 0
DAYS MIN <= 32 0 0.1 -0.1 0
DAYS MIN <= 0 0 0.0 0.0 0
PRECIPITATION (INCHES)
TOTALS 1.73 3.57 -1.84 0.27
DAILY AVG. 0.06 0.01
DAYS >= .01 5 5
DAYS >= .10 3 1
DAYS >= .50 1 0
DAYS >= 1.00 0 0
GREATEST
24 HR. TOTAL 0.89 09/22 TO 09/22 0.23
DEGREE DAYS
HEATING TOTAL 4 57 -53 31
SINCE 7/1 4 57 -53 MM
COOLING TOTAL 227 164 63 194
SINCE 1/1 1603 1430 173 MM
..............................................................
WIND (MPH)
AVERAGE WIND SPEED 6.1
HIGHEST WIND SPEED/DIRECTION 28/020 DATE 09/16
HIGHEST GUST SPEED/DIRECTION 37/040 DATE 09/16
37/210 09/19
SKY COVER
POSSIBLE SUNSHINE (PERCENT) MM
AVERAGE SKY COVER 0.16
NUMBER OF DAYS FAIR 26
NUMBER OF DAYS PC 3
NUMBER OF DAYS CLOUDY 1
AVERAGE RH (PERCENT) 65
WEATHER CONDITIONS. NUMBER OF DAYS WITH
THUNDERSTORM 5 MIXED PRECIP 0
HEAVY RAIN 3 RAIN 3
LIGHT RAIN 8 FREEZING RAIN 0
LT FREEZING RAIN 0 HAIL 0
HEAVY SNOW 0 SNOW 0
LIGHT SNOW 0 SLEET 0
FOG 22 FOG W/VIS <= 1/4 MILE 7
HAZE 23
- INDICATES NEGATIVE NUMBERS.
R INDICATES RECORD WAS SET OR TIED.
MM INDICATES DATA IS MISSING.
T INDICATES TRACE AMOUNT.
$$