000
CXUS53 KDMX 060151
CF6LWD
PRELIMINARY LOCAL CLIMATOLOGICAL DATA (WS FORM: F-6)
STATION: LAMONI IA
MONTH: JANUARY
YEAR: 2021
LATITUDE: 40 37 N
LONGITUDE: 93 56 W
TEMPERATURE IN F: :PCPN: SNOW: WIND :SUNSHINE: SKY :PK WND
================================================================================
1 2 3 4 5 6A 6B 7 8 9 10 11 12 13 14 15 16 17 18
12Z AVG MX 2MIN
DY MAX MIN AVG DEP HDD CDD WTR SNW DPTH SPD SPD DIR MIN PSBL S-S WX SPD DR
================================================================================
1 25 17 21 -3 44 0 0.18 M M 11.3 20 30 M M 7 18 27 50
2 30 14 22 -2 43 0 0.00 0.0 M 3.0 13 340 M M 0 1 16 340
3 30 11 21 -3 44 0 0.00 0.0 M 8.1 14 180 M M 6 128 20 170
4 38 24 31 7 34 0 0.00 0.0 M 10.1 18 310 M M 6 12 23 310
5 42 18 30 6 35 0 0.00 0.0 M 5.8 10 150 M M 0 1 15 120
6 40 32 36 12 29 0 0.00 0.0 M 7.9 13 130 M M 9 1 20 100
7 35 28 32 8 33 0 0.00 0.0 M 8.6 14 80 M M 5 18 22 70
8 30 24 27 3 38 0 0.00 0.0 M 7.1 12 350 M M 9 18 17 350
9 27 22 25 1 40 0 0.00 0.0 M 6.9 12 350 M M 10 16 360
10 32 20 26 2 39 0 0.00 0.0 M 6.2 12 320 M M 10 1 15 320
11 39 24 32 8 33 0 0.00 0.0 M 11.4 20 210 M M 2 1 26 200
12 46 26 36 12 29 0 0.00 0.0 M 8.6 14 210 M M 0 17 220
13 45 31 38 14 27 0 0.00 0.0 M 8.9 17 180 M M 0 26 180
14 39 31 35 11 30 0 0.26 M M 19.0 32 290 M M 8 18 46 290
15 34 28 31 7 34 0 0.11 M M 20.6 32 300 M M 10 16 45 290
16 30 25 28 4 37 0 0.00 0.0 M 14.9 24 320 M M 10 32 310
17 33 22 28 4 37 0 0.02 M M 9.9 20 330 M M 9 18 26 310
18 35 19 27 3 38 0 0.00 0.0 M 4.2 13 250 M M 5 15 250
19 38 19 29 5 36 0 T M M 12.7 28 300 M M 4 40 310
20 49 17 33 9 32 0 0.00 0.0 M 12.5 26 220 M M 0 37 210
21 49 26 38 14 27 0 0.00 0.0 M 10.2 20 300 M M 0 24 300
22 28 15 22 -2 43 0 0.00 0.0 M 6.7 20 360 M M 2 27 360
23 33 14 24 0 41 0 0.02 M M 6.7 17 150 M M 5 26 140
24 34 28 31 7 34 0 0.00 0.0 M 6.9 14 60 M M 10 19 30
25 29 24 27 3 38 0 0.80 M M 15.1 25 50 M M 10 128 36 40
26 24 17 21 -4 44 0 0.04 M M 12.7 28 20 M M 10 16 35 20
27 26 12 19 -6 46 0 0.14 M M 7.7 15 30 M M 5 1 20 30
28 23 1 12 -13 53 0 0.00 0.0 M 6.4 15 170 M M 6 12 19 170
29 38 18 28 3 37 0 0.00 0.0 M 9.4 16 140 M M 0 23 150
30 40 31 36 11 29 0 0.54 M M 11.3 21 340 M M 7 1 29 330
31 32 27 30 5 35 0 0.00 0.0 M 17.7 28 330 M M 10 1 37 340
================================================================================
SM 1073 665 1139 0 2.11 0.0 308.5 M 175
================================================================================
AV 34.6 21.5 10.0 FASTST M M 6 MAX(MPH)
MISC ----> # 32 300 46 290
================================================================================
NOTES:
# LAST OF SEVERAL OCCURRENCES
COLUMN 17 PEAK WIND IN M.P.H.
PRELIMINARY LOCAL CLIMATOLOGICAL DATA (WS FORM: F-6) , PAGE 2
STATION: LAMONI IA
MONTH: JANUARY
YEAR: 2021
LATITUDE: 40 37 N
LONGITUDE: 93 56 W
[TEMPERATURE DATA] [PRECIPITATION DATA] SYMBOLS USED IN COLUMN 16
AVERAGE MONTHLY: 28.0 TOTAL FOR MONTH: 2.11 1 = FOG OR MIST
DPTR FM NORMAL: 3.8 DPTR FM NORMAL: 1.39 2 = FOG REDUCING VISIBILITY
HIGHEST: 49 ON 21,20 GRTST 24HR 0.80 ON 25-25 TO 1/4 MILE OR LESS
LOWEST: 1 ON 28 3 = THUNDER
SNOW, ICE PELLETS, HAIL 4 = ICE PELLETS
TOTAL MONTH: 0.0 INCH 5 = HAIL
GRTST 24HR 0.0 6 = FREEZING RAIN OR DRIZZLE
GRTST DEPTH: M ON M 7 = DUSTSTORM OR SANDSTORM:
VSBY 1/2 MILE OR LESS
8 = SMOKE OR HAZE
[NO. OF DAYS WITH] [WEATHER - DAYS WITH] 9 = BLOWING SNOW
X = TORNADO
MAX 32 OR BELOW: 13 0.01 INCH OR MORE: 9
MAX 90 OR ABOVE: 0 0.10 INCH OR MORE: 6
MIN 32 OR BELOW: 31 0.50 INCH OR MORE: 2
MIN 0 OR BELOW: 0 1.00 INCH OR MORE: 0
[HDD (BASE 65) ]
TOTAL THIS MO. 1139 CLEAR (SCALE 0-3) 9
DPTR FM NORMAL -124 PTCLDY (SCALE 4-7) 11
TOTAL FM JUL 1 3382 CLOUDY (SCALE 8-10) 11
DPTR FM NORMAL -312
[CDD (BASE 65) ]
TOTAL THIS MO. 0
DPTR FM NORMAL 0 [PRESSURE DATA]
TOTAL FM JAN 1 0 HIGHEST SLP 30.71 ON 28
DPTR FM NORMAL 0 LOWEST SLP 29.37 ON 15
[REMARKS]
#FINAL-01-21#