988
CXUS53 KDMX 030424
CF6LWD
PRELIMINARY LOCAL CLIMATOLOGICAL DATA (WS FORM: F-6)
STATION: LAMONI IA
MONTH: MAY
YEAR: 2020
LATITUDE: 40 37 N
LONGITUDE: 93 56 W
TEMPERATURE IN F: :PCPN: SNOW: WIND :SUNSHINE: SKY :PK WND
================================================================================
1 2 3 4 5 6A 6B 7 8 9 10 11 12 13 14 15 16 17 18
12Z AVG MX 2MIN
DY MAX MIN AVG DEP HDD CDD WTR SNW DPTH SPD SPD DIR MIN PSBL S-S WX SPD DR
================================================================================
1 78 52 65 9 0 0 0.00 0.0 0 9.5 24 170 M M 0 39 170
2 75 57 66 9 0 1 0.01 0.0 0 8.5 17 360 M M 3 24 20
3 74 53 64 7 1 0 0.01 0.0 0 6.2 12 40 M M 4 16 150
4 59 48 54 -3 11 0 0.14 0.0 0 8.7 20 50 M M 6 13 31 70
5 59 42 51 -7 14 0 0.02 0.0 0 13.4 35 300 M M 9 1 50 300
6 58 39 49 -9 16 0 T 0.0 0 6.0 14 300 M M 7 18 310
7 65 40 53 -5 12 0 0.10 0.0 0 6.1 16 220 M M 4 1 19 220
8 56 39 48 -11 17 0 0.25 0.0 0 13.2 24 10 M M 2 1 36 320
9 64 34 49 -10 16 0 0.01 0.0 0 11.1 31 300 M M 2 42 300
10 57 37 47 -12 18 0 0.00 0.0 0 18.7 30 300 M M 6 45 300
11 57 32 45 -15 20 0 0.00 0.0 0 8.6 17 330 M M 4 22 330
12 59 43 51 -9 14 0 0.00 0.0 0 6.1 12 150 M M 6 18 160
13 57 44 51 -9 14 0 0.05 0.0 0 8.9 16 150 M M 10 18 25 150
14 79 57 68 8 0 3 0.42 0.0 0 10.1 22 210 M M 7 13 30 200
15 74 58 66 5 0 1 0.00 0.0 0 8.3 17 30 M M 3 1 23 30
16 75 50 63 2 2 0 0.01 0.0 0 6.3 12 140 M M 5 3 19 130
17 64 53 59 -3 6 0 0.78 0.0 0 18.1 31 290 M M 10 13 41 290
18 59 52 56 -6 9 0 0.00 0.0 0 12.1 20 350 M M 10 1 29 330
19 63 52 58 -4 7 0 0.00 0.0 0 8.3 14 50 M M 10 1 20 70
20 66 56 61 -1 4 0 0.01 0.0 0 7.2 12 90 M M 10 1 18 90
21 63 56 60 -3 5 0 0.00 0.0 0 5.6 10 110 M M 10 1 18 100
22 72 57 65 2 0 0 0.15 0.0 0 7.3 14 130 M M 8 13 23 120
23 79 60 70 6 0 5 0.07 0.0 0 7.6 20 250 M M 5 13 26 250
24 80 64 72 8 0 7 0.35 0.0 0 6.9 17 20 M M 4 13 26 20
25 81 64 73 9 0 8 0.15 0.0 0 8.1 16 170 M M 5 13 23 170
26 77 63 70 6 0 5 0.41 0.0 0 9.6 21 180 M M 7 13 34 180
27 75 63 69 4 0 4 0.23 0.0 0 4.9 9 170 M M 7 1 13 260
28 76 60 68 3 0 3 0.24 0.0 0 7.8 21 40 M M 4 1 29 50
29 74 53 64 -2 1 0 0.00 0.0 0 8.1 21 310 M M 0 30 300
30 66 51 59 -7 6 0 0.04 0.0 0 3.2 10 240 M M 5 12 230
31 73 57 65 -1 0 0 0.00 0.0 0 6.6 15 170 M M 6 21 150
================================================================================
SM 2114 1586 193 37 3.45 0.0 271.1 M 179
================================================================================
AV 68.2 51.2 8.7 FASTST M M 6 MAX(MPH)
MISC ----> # 35 300 # 50 300
================================================================================
NOTES:
# LAST OF SEVERAL OCCURRENCES
COLUMN 17 PEAK WIND IN M.P.H.
PRELIMINARY LOCAL CLIMATOLOGICAL DATA (WS FORM: F-6) , PAGE 2
STATION: LAMONI IA
MONTH: MAY
YEAR: 2020
LATITUDE: 40 37 N
LONGITUDE: 93 56 W
[TEMPERATURE DATA] [PRECIPITATION DATA] SYMBOLS USED IN COLUMN 16
AVERAGE MONTHLY: 59.7 TOTAL FOR MONTH: 3.45 1 = FOG OR MIST
DPTR FM NORMAL: -1.5 DPTR FM NORMAL: -1.82 2 = FOG REDUCING VISIBILITY
HIGHEST: 81 ON 25 GRTST 24HR 0.78 ON 17-17 TO 1/4 MILE OR LESS
LOWEST: 32 ON 11 3 = THUNDER
SNOW, ICE PELLETS, HAIL 4 = ICE PELLETS
TOTAL MONTH: 0.0 INCH 5 = HAIL
GRTST 24HR 0.0 6 = FREEZING RAIN OR DRIZZLE
GRTST DEPTH: 0 7 = DUSTSTORM OR SANDSTORM:
VSBY 1/2 MILE OR LESS
8 = SMOKE OR HAZE
[NO. OF DAYS WITH] [WEATHER - DAYS WITH] 9 = BLOWING SNOW
X = TORNADO
MAX 32 OR BELOW: 0 0.01 INCH OR MORE: 20
MAX 90 OR ABOVE: 0 0.10 INCH OR MORE: 11
MIN 32 OR BELOW: 1 0.50 INCH OR MORE: 1
MIN 0 OR BELOW: 0 1.00 INCH OR MORE: 0
[HDD (BASE 65) ]
TOTAL THIS MO. 193 CLEAR (SCALE 0-3) 6
DPTR FM NORMAL 28 PTCLDY (SCALE 4-7) 17
TOTAL FM JUL 1 5815 CLOUDY (SCALE 8-10) 8
DPTR FM NORMAL -245
[CDD (BASE 65) ]
TOTAL THIS MO. 37
DPTR FM NORMAL -10 [PRESSURE DATA]
TOTAL FM JAN 1 39 HIGHEST SLP 30.36 ON 11
DPTR FM NORMAL -15 LOWEST SLP 29.69 ON 23
[REMARKS]
#FINAL-05-20#