000
CXUS53 KILX 011428
CF6LWV
PRELIMINARY LOCAL CLIMATOLOGICAL DATA (WS FORM: F-6)
STATION: LAWRENCEVILLE IL AIRPORT
MONTH: NOVEMBER
YEAR: 2021
LATITUDE: 38 45 N
LONGITUDE: 87 36 W
TEMPERATURE IN F: :PCPN: SNOW: WIND :SUNSHINE: SKY :PK WND
================================================================================
1 2 3 4 5 6A 6B 7 8 9 10 11 12 13 14 15 16 17 18
12Z AVG MX 2MIN
DY MAX MIN AVG DEP HDD CDD WTR SNW DPTH SPD SPD DIR MIN PSBL S-S WX SPD DR
================================================================================
1 53 37 45 -6 20 0 0.00 M M 6.9 14 310 M M 5 17 310
2 51 32 42 -8 23 0 0.00 M M 6.2 16 320 M M 4 1 24 340
3 52 30 41 -9 24 0 0.00 M M 3.0 14 320 M M 0 19 320
4 53 27 40 -10 25 0 0.00 M M 4.4 12 20 M M 0 17 350
5 55 29 42 -7 23 0 0.00 M M 4.6 12 120 M M 0 16 100
6 60 28 44 -5 21 0 0.00 M M 2.9 10 200 M M 0 1 15 160
7 65 32 49 1 16 0 0.00 M M 5.2 10 180 M M 0 128 15 200
8 71 38 55 7 10 0 0.00 M M 8.4 18 200 M M 0 8 24 200
9 64 42 53 6 12 0 0.00 M M 5.1 13 210 M M 2 17 210
10 69 41 55 8 10 0 0.00 M M 7.4 17 180 M M 3 128 23 170
11 58 39 49 3 16 0 0.30 M M 12.5 26 240 M M 5 1 35 230
12 55 37 46 0 19 0 0.00 M M 16.2 28 300 M M 3 40 250
13 39 32 36 -10 29 0 0.00 M M 9.5 17 290 M M 9 23 310
14 46 32 39 -6 26 0 0.14 M M 14.6 32 310 M M 9 42 300
15 49 28 39 -6 26 0 0.00 M M 7.2 16 150 M M 3 19 150
16 64 34 49 5 16 0 0.00 M M 8.3 15 170 M M 2 19 170
17 66 44 55 11 10 0 0.27 M M 15.7 25 200 M M 7 34 210
18 48 29 39 -5 26 0 0.04 M M 10.9 24 290 M M 2 31 280
19 44 24 34 -9 31 0 0.00 M M 5.3 10 120 M M 0 14 60
20 55 33 44 1 21 0 0.10 M M 7.9 18 190 M M 3 24 190
21 51 37 44 1 21 0 0.42 M M 7.4 21 330 M M 7 12 28 340
22 39 27 33 -9 32 0 0.00 M M 7.8 16 310 M M 0 21 320
23 45 21 33 -9 32 0 0.00 M M 6.9 16 180 M M 0 19 190
24 58 34 46 4 19 0 0.00 M M 14.6 29 180 M M 3 37 180
25 55 28 42 1 23 0 0.35 M M 15.2 24 310 M M 10 1 31 320
26 35 22 29 -12 36 0 0.00 M M 6.1 14 300 M M 2 19 310
27 53 28 41 1 24 0 0.00 M M 8.1 14 210 M M 1 18 200
28 M M M M M M 0.00 M M 10.2 22 310 M M 0 28 310
29 M M M M M M 0.00 M M 8.0 20 180 M M 4 25 170
30 M M M M M M 0.00 M M 3.9 9 200 M M 0 13 250
================================================================================
SM 1453 865 591 0 1.62 M 250.4 M 84
================================================================================
AV 53.8 32.0 8.3 FASTST M M 3 MAX(MPH)
MISC ----> 32 310 42 300
================================================================================
NOTES:
# LAST OF SEVERAL OCCURRENCES
COLUMN 17 PEAK WIND IN M.P.H.
PRELIMINARY LOCAL CLIMATOLOGICAL DATA (WS FORM: F-6) , PAGE 2
STATION: LAWRENCEVILLE IL AIRPORT
MONTH: NOVEMBER
YEAR: 2021
LATITUDE: 38 45 N
LONGITUDE: 87 36 W
[TEMPERATURE DATA] [PRECIPITATION DATA] SYMBOLS USED IN COLUMN 16
AVERAGE MONTHLY: 42.9 TOTAL FOR MONTH: 1.62 1 = FOG OR MIST
DPTR FM NORMAL: -1.9 DPTR FM NORMAL: -1.82 2 = FOG REDUCING VISIBILITY
HIGHEST: 71 ON 8 GRTST 24HR 0.52 ON 20-21 TO 1/4 MILE OR LESS
LOWEST: 21 ON 23 3 = THUNDER
SNOW, ICE PELLETS, HAIL 4 = ICE PELLETS
TOTAL MONTH: M 5 = HAIL
GRTST 24HR M ON M 6 = FREEZING RAIN OR DRIZZLE
GRTST DEPTH: M ON M 7 = DUSTSTORM OR SANDSTORM:
VSBY 1/2 MILE OR LESS
8 = SMOKE OR HAZE
[NO. OF DAYS WITH] [WEATHER - DAYS WITH] 9 = BLOWING SNOW
X = TORNADO
MAX 32 OR BELOW: 0 0.01 INCH OR MORE: 7
MAX 90 OR ABOVE: 0 0.10 INCH OR MORE: 6
MIN 32 OR BELOW: 16 0.50 INCH OR MORE: 0
MIN 0 OR BELOW: 0 1.00 INCH OR MORE: 0
[HDD (BASE 65) ]
TOTAL THIS MO. 591 CLEAR (SCALE 0-3) 18
DPTR FM NORMAL -15 PTCLDY (SCALE 4-7) 9
TOTAL FM JUL 1 750 CLOUDY (SCALE 8-10) 3
DPTR FM NORMAL -155
[CDD (BASE 65) ]
TOTAL THIS MO. 0
DPTR FM NORMAL -1 [PRESSURE DATA]
TOTAL FM JAN 1 1564 HIGHEST SLP 30.60 ON 19
DPTR FM NORMAL 185 LOWEST SLP 29.72 ON 11
[REMARKS]
#FINAL-11-21#