000
CXUS53 KGID 012136 AAA
CF6LXN
PRELIMINARY LOCAL CLIMATOLOGICAL DATA (WS FORM: F-6)
STATION: LEXINGTON NE
MONTH: JULY
YEAR: 2023
LATITUDE: 40 47 N
LONGITUDE: 99 46 W
TEMPERATURE IN F: :PCPN: SNOW: WIND :SUNSHINE: SKY :PK WND
================================================================================
1 2 3 4 5 6A 6B 7 8 9 10 11 12 13 14 15 16 17 18
12Z AVG MX 2MIN
DY MAX MIN AVG DEP HDD CDD WTR SNW DPTH SPD SPD DIR MIN PSBL S-S WX SPD DR
================================================================================
1 76 59 68 M 0 3 0.39 M M 4.3 12 70 M M 4 3 17 340
2 87 55 71 M 0 6 0.00 M M 4.9 10 190 M M 1 1 17 190
3 88 60 74 M 0 9 0.00 M M 6.4 15 150 M M 0 20 160
4 87 68 78 M 0 13 T M M 10.2 22 350 M M 1 29 350
5 69 60 65 M 0 0 T M M 7.9 13 30 M M 8 18 30
6 69 57 63 M 2 0 0.05 M M 6.7 12 130 M M 9 16 120
7 83 61 72 M 0 7 0.01 M M 8.6 15 350 M M 5 1 22 350
8 72 50 61 M 4 0 0.03 M M 4.4 12 60 M M 5 1 16 60
9 83 51 67 M 0 2 0.00 M M 5.5 14 200 M M 3 12 18 200
10 93 61 77 M 0 12 0.28 M M 9.3 22 80 M M 1 3 36 150
11 88 59 74 M 0 9 T M M 7.4 14 120 M M 0 1 21 140
12 90 67 79 M 0 14 0.00 M M 5.5 15 70 M M 1 25 110
13 87 65 76 M 0 11 0.18 M M 7.7 24 300 M M 3 1 32 300
14 83 63 73 M 0 8 0.29 M M 5.6 16 40 M M 4 30 0
15 85 59 72 M 0 7 0.00 M M 3.5 8 300 M M 0 1 M M
16 86 65 76 M 0 11 0.14 M M 5.0 17 10 M M 1 13 21 10
17 82 63 73 M 0 8 T M M 7.9 13 100 M M 1 18 20 80
18 85 62 74 M 0 9 0.02 M M 9.3 18 120 M M 7 18 29 120
19 85 66 76 M 0 11 0.00 M M 6.6 13 100 M M 4 1 17 100
20 80 62 71 M 0 6 0.01 M M 4.7 13 40 M M 5 1 M M
21 84 60 72 M 0 7 T M M 2.8 7 210 M M 2 1 M M
22 95 60 78 M 0 13 0.07 M M 4.0 10 90 M M 1 37 320
23 96 58 77 M 0 12 0.00 M M 7.7 25 270 M M 0 33 270
24 95 72 84 M 0 19 0.00 M M 7.6 17 220 M M 0 21 220
25 100 69 85 M 0 20 0.00 M M 7.0 16 130 M M 0 1 22 120
26 101 67 84 M 0 19 T M M 7.6 15 170 M M 0 24 170
27 102 66 84 M 0 19 0.00 M M 6.7 15 190 M M 0 17 180
28 100 65 83 M 0 18 0.00 M M 5.4 12 10 M M 0 8 17 330
29 86 63 75 M 0 10 0.13 M M 9.2 20 350 M M 1 13 46 350
30 94 68 81 M 0 16 0.00 M M 9.7 18 90 M M 1 1 23 90
31 89 68 79 M 0 14 0.14 M M 9.9 18 160 M M 1 3 24 80
================================================================================
SM 2700 1929 6 313 1.74 M 209.0 M 69
================================================================================
AV 87.1 62.2 6.7 FASTST M M 2 MAX(MPH)
MISC ----> 25 270 M M
================================================================================
NOTES:
# LAST OF SEVERAL OCCURRENCES
COLUMN 17 PEAK WIND IN M.P.H.
PRELIMINARY LOCAL CLIMATOLOGICAL DATA (WS FORM: F-6) , PAGE 2
STATION: LEXINGTON NE
MONTH: JULY
YEAR: 2023
LATITUDE: 40 47 N
LONGITUDE: 99 46 W
[TEMPERATURE DATA] [PRECIPITATION DATA] SYMBOLS USED IN COLUMN 16
AVERAGE MONTHLY: 74.7 TOTAL FOR MONTH: 1.74 1 = FOG OR MIST
DPTR FM NORMAL: M DPTR FM NORMAL: M 2 = FOG REDUCING VISIBILITY
HIGHEST: 102 ON 27 GRTST 24HR 0.39 ON 1- 1 TO 1/4 MILE OR LESS
LOWEST: 50 ON 8 3 = THUNDER
SNOW, ICE PELLETS, HAIL 4 = ICE PELLETS
TOTAL MONTH: M 5 = HAIL
GRTST 24HR M ON M 6 = FREEZING RAIN OR DRIZZLE
GRTST DEPTH: M ON M 7 = DUSTSTORM OR SANDSTORM:
VSBY 1/2 MILE OR LESS
8 = SMOKE OR HAZE
[NO. OF DAYS WITH] [WEATHER - DAYS WITH] 9 = BLOWING SNOW
X = TORNADO
MAX 32 OR BELOW: 0 0.01 INCH OR MORE: 13
MAX 90 OR ABOVE: 10 0.10 INCH OR MORE: 7
MIN 32 OR BELOW: 0 0.50 INCH OR MORE: 0
MIN 0 OR BELOW: 0 1.00 INCH OR MORE: 0
[HDD (BASE 65) ]
TOTAL THIS MO. 6 CLEAR (SCALE 0-3) 22
DPTR FM NORMAL M PTCLDY (SCALE 4-7) 7
TOTAL FM JUL 1 6 CLOUDY (SCALE 8-10) 2
DPTR FM NORMAL M
[CDD (BASE 65) ]
TOTAL THIS MO. 313
DPTR FM NORMAL M [PRESSURE DATA]
TOTAL FM JAN 1 560 HIGHEST SLP M ON M
DPTR FM NORMAL M LOWEST SLP M ON M
[REMARKS]
#FINAL-07-23#