000
CXUS55 KPUB 011310
CF6LXV
PRELIMINARY LOCAL CLIMATOLOGICAL DATA (WS FORM: F-6)
STATION: LEADVILLE CO
MONTH: DECEMBER
YEAR: 2023
LATITUDE: 39 15 N
LONGITUDE: 106 18 W
TEMPERATURE IN F: :PCPN: SNOW: WIND :SUNSHINE: SKY :PK WND
================================================================================
1 2 3 4 5 6A 6B 7 8 9 10 11 12 13 14 15 16 17 18
12Z AVG MX 2MIN
DY MAX MIN AVG DEP HDD CDD WTR SNW DPTH SPD SPD DIR MIN PSBL S-S WX SPD DR
================================================================================
1 28 7 18 -1 47 0 0.03 M M 4.6 15 320 M M 8 18 25 320
2 18 8 13 -6 52 0 0.13 M M 9.3 28 300 M M 10 189 43 280
3 27 17 22 3 43 0 0.40 M M 11.6 28 310 M M 10 12 49 320
4 36 17 27 9 38 0 0.04 M M 8.5 23 300 M M 7 1 36 310
5 44 11 28 10 37 0 0.00 M M 6.8 14 30 M M 2 20 10
6 51 10 31 13 34 0 0.00 M M 4.9 14 360 M M 0 21 10
7 38 14 26 8 39 0 0.00 M M 9.4 26 290 M M 2 41 300
8 27 11 19 1 46 0 0.03 M M 8.0 25 310 M M 8 12 41 320
9 19 -1 9 -8 56 0 0.01 M M 6.5 15 10 M M 8 18 22 10
10 32 -5 14 -3 51 0 0.01 M M 12.0 22 360 M M 7 37 330
11 41 14 28 11 37 0 T M M 7.3 17 320 M M 5 26 320
12 35 9 22 5 43 0 0.00 M M 2.0 14 180 M M 4 16 180
13 26 16 21 4 44 0 0.16 M M 2.9 14 190 M M 10 18 19 190
14 38 16 27 10 38 0 0.00 M M 4.1 15 10 M M 8 12 22 20
15 35 7 21 4 44 0 0.00 M M 8.4 16 360 M M 0 29 340
16 43 5 24 7 41 0 0.00 M M 8.1 18 310 M M 0 27 300
17 43 8 26 9 39 0 0.00 M M 6.2 16 310 M M 0 21 320
18 49 5 27 11 38 0 0.00 M M 2.7 13 70 M M 0 16 70
19 45 19 32 16 33 0 0.00 M M 5.8 14 350 M M 5 20 20
20 45 20 33 17 32 0 0.00 M M 2.9 9 180 M M 5 14 40
21 39 11 25 9 40 0 0.00 M M 5.6 12 300 M M 7 18 310
22 43 7 25 9 40 0 0.00 M M 3.1 10 200 M M 0 14 190
23 39 20 30 14 35 0 0.01 M M 3.6 14 280 M M 8 18 21 320
24 22 5 14 -2 51 0 0.04 M M 8.9 20 300 M M 7 18 27 310
25 15 -8 4 -12 61 0 T M M 9.2 23 10 M M 3 8 36 20
26 17 3 10 -6 55 0 0.06 M M 12.1 26 20 M M 10 9 37 20
27 30 7 19 3 46 0 T M M 7.9 17 10 M M 3 25 360
28 35 -3 16 0 49 0 0.00 M M 6.8 17 360 M M 0 24 360
29 41 -1 20 3 45 0 0.00 M M 5.5 13 290 M M 0 18 30
30 43 5 24 7 41 0 0.00 M M 5.8 13 60 M M 0 17 330
31 39 11 25 8 40 0 0.00 M M 4.1 13 10 M M 8 19 360
================================================================================
SM 1083 265 1335 0 0.92 M 204.6 M 145
================================================================================
AV 34.9 8.5 6.6 FASTST M M 5 MAX(MPH)
MISC ----> # 28 300 49 320
================================================================================
NOTES:
# LAST OF SEVERAL OCCURRENCES
COLUMN 17 PEAK WIND IN M.P.H.
PRELIMINARY LOCAL CLIMATOLOGICAL DATA (WS FORM: F-6) , PAGE 2
STATION: LEADVILLE CO
MONTH: DECEMBER
YEAR: 2023
LATITUDE: 39 15 N
LONGITUDE: 106 18 W
[TEMPERATURE DATA] [PRECIPITATION DATA] SYMBOLS USED IN COLUMN 16
AVERAGE MONTHLY: 21.7 TOTAL FOR MONTH: 0.92 1 = FOG OR MIST
DPTR FM NORMAL: 4.6 DPTR FM NORMAL: 0.04 2 = FOG REDUCING VISIBILITY
HIGHEST: 51 ON 6 GRTST 24HR 0.41 ON 2- 3 TO 1/4 MILE OR LESS
LOWEST: -8 ON 25 3 = THUNDER
SNOW, ICE PELLETS, HAIL 4 = ICE PELLETS
TOTAL MONTH: M 5 = HAIL
GRTST 24HR M ON M 6 = FREEZING RAIN OR DRIZZLE
GRTST DEPTH: M ON M 7 = DUSTSTORM OR SANDSTORM:
VSBY 1/2 MILE OR LESS
8 = SMOKE OR HAZE
[NO. OF DAYS WITH] [WEATHER - DAYS WITH] 9 = BLOWING SNOW
X = TORNADO
MAX 32 OR BELOW: 11 0.01 INCH OR MORE: 11
MAX 90 OR ABOVE: 0 0.10 INCH OR MORE: 3
MIN 32 OR BELOW: 31 0.50 INCH OR MORE: 0
MIN 0 OR BELOW: 5 1.00 INCH OR MORE: 0
[HDD (BASE 65) ]
TOTAL THIS MO. 1335 CLEAR (SCALE 0-3) 11
DPTR FM NORMAL -150 PTCLDY (SCALE 4-7) 14
TOTAL FM JUL 1 4065 CLOUDY (SCALE 8-10) 6
DPTR FM NORMAL -729
[CDD (BASE 65) ]
TOTAL THIS MO. 0
DPTR FM NORMAL 0 [PRESSURE DATA]
TOTAL FM JAN 1 0 HIGHEST SLP 30.55 ON 15
DPTR FM NORMAL 0 LOWEST SLP 29.51 ON 23
[REMARKS]
#FINAL-12-23#