000
CXUS51 KRNK 031910
CF6LYH
PRELIMINARY LOCAL CLIMATOLOGICAL DATA (WS FORM: F-6)
STATION: LYNCHBURG VA
MONTH: AUGUST
YEAR: 2021
LATITUDE: 37 19 N
LONGITUDE: 79 12 W
TEMPERATURE IN F: :PCPN: SNOW: WIND :SUNSHINE: SKY :PK WND
================================================================================
1 2 3 4 5 6A 6B 7 8 9 10 11 12 13 14 15 16 17 18
12Z AVG MX 2MIN
DY MAX MIN AVG DEP HDD CDD WTR SNW DPTH SPD SPD DIR MIN PSBL S-S WX SPD DR
================================================================================
1 87 66 77 1 0 12 0.07 0.0 0 4.1 13 210 M M 5 1 15 200
2 85 63 74 -2 0 9 0.00 0.0 0 2.8 10 130 M M 1 16 310
3 82 65 74 -2 0 9 0.00 0.0 0 4.8 13 130 M M 2 16 130
4 83 63 73 -3 0 8 0.00 0.0 0 6.8 16 70 M M 3 23 40
5 89 59 74 -2 0 9 0.00 0.0 0 3.0 13 150 M M 1 16 170
6 91 60 76 0 0 11 T 0.0 0 2.8 13 140 M M 0 16 130
7 79 62 71 -4 0 6 0.40 0.0 0 2.1 10 30 M M 4 1 15 40
8 90 61 76 1 0 11 0.00 0.0 0 2.9 12 160 M M 2 1 15 150
9 94 70 82 7 0 17 0.00 0.0 0 5.5 16 160 M M 1 22 190
10 95 72 84 9 0 19 T 0.0 0 5.3 28 200 M M 1 3 37 200
11 98 70 84 9 0 19 T 0.0 0 3.8 21 180 M M 0 3 25 180
12 98 69 84 9 0 19 0.00 0.0 0 3.2 14 170 M M 1 1 18 190
13 97 70 84 9 0 19 0.05 0.0 0 2.8 14 40 M M 2 3 16 40
14 96 70 83 8 0 18 T 0.0 0 4.3 24 20 M M 3 3 32 20
15 84 69 77 2 0 12 0.35 0.0 0 5.0 13 50 M M 6 12 18 50
16 87 71 79 4 0 14 0.26 0.0 0 3.6 20 210 M M 8 13 27 210
17 83 71 77 2 0 12 0.17 0.0 0 2.9 14 130 M M 9 13 20 130
18 90 73 82 8 0 17 0.51 0.0 0 9.0 20 150 M M 7 1 26 140
19 91 69 80 6 0 15 0.11 0.0 0 2.0 12 200 M M 2 1 15 190
20 88 69 79 5 0 14 0.01 0.0 0 2.8 13 20 M M 6 13 20 10
21 89 66 78 4 0 13 0.00 0.0 0 1.2 9 20 M M 1 1 12 30
22 94 66 80 6 0 15 0.09 0.0 0 2.3 12 160 M M 2 13 16 160
23 92 68 80 6 0 15 0.00 0.0 0 2.5 12 200 M M 0 18 15 10
24 94 68 81 7 0 16 0.00 0.0 0 1.4 10 200 M M 1 1 17 190
25 96 71 84 10 0 19 0.00 0.0 0 1.9 21 90 M M 0 138 28 90
26 95 70 83 10 0 18 0.00 0.0 0 2.8 14 190 M M 1 13 18 200
27 95 71 83 10 0 18 0.00 0.0 0 4.0 12 200 M M 0 1 16 230
28 96 71 84 11 0 19 0.00 0.0 0 3.6 17 30 M M 2 13 24 40
29 94 71 83 10 0 18 0.42 0.0 0 2.8 29 180 M M 3 13 41 180
30 93 69 81 8 0 16 T 0.0 0 2.5 13 10 M M 1 13 18 280
31 85 68 77 5 0 12 0.00 0.0 0 2.2 8 180 M M 2 1 11 50
================================================================================
SM 2810 2101 0 449 2.44 0.0 106.7 M 77
================================================================================
AV 90.6 67.8 3.4 FASTST M M 2 MAX(MPH)
MISC ----> 29 180 41 180
================================================================================
NOTES:
# LAST OF SEVERAL OCCURRENCES
COLUMN 17 PEAK WIND IN M.P.H.
PRELIMINARY LOCAL CLIMATOLOGICAL DATA (WS FORM: F-6) , PAGE 2
STATION: LYNCHBURG VA
MONTH: AUGUST
YEAR: 2021
LATITUDE: 37 19 N
LONGITUDE: 79 12 W
[TEMPERATURE DATA] [PRECIPITATION DATA] SYMBOLS USED IN COLUMN 16
AVERAGE MONTHLY: 79.2 TOTAL FOR MONTH: 2.44 1 = FOG OR MIST
DPTR FM NORMAL: 4.7 DPTR FM NORMAL: -0.78 2 = FOG REDUCING VISIBILITY
HIGHEST: 98 ON 12,11 GRTST 24HR 0.68 ON 17-18 TO 1/4 MILE OR LESS
LOWEST: 59 ON 5 3 = THUNDER
SNOW, ICE PELLETS, HAIL 4 = ICE PELLETS
TOTAL MONTH: 0.0 INCH 5 = HAIL
GRTST 24HR 0.0 6 = FREEZING RAIN OR DRIZZLE
GRTST DEPTH: 0 7 = DUSTSTORM OR SANDSTORM:
VSBY 1/2 MILE OR LESS
8 = SMOKE OR HAZE
[NO. OF DAYS WITH] [WEATHER - DAYS WITH] 9 = BLOWING SNOW
X = TORNADO
MAX 32 OR BELOW: 0 0.01 INCH OR MORE: 11
MAX 90 OR ABOVE: 19 0.10 INCH OR MORE: 7
MIN 32 OR BELOW: 0 0.50 INCH OR MORE: 1
MIN 0 OR BELOW: 0 1.00 INCH OR MORE: 0
[HDD (BASE 65) ]
TOTAL THIS MO. 0 CLEAR (SCALE 0-3) 24
DPTR FM NORMAL -2 PTCLDY (SCALE 4-7) 5
TOTAL FM JUL 1 0 CLOUDY (SCALE 8-10) 2
DPTR FM NORMAL 0
[CDD (BASE 65) ]
TOTAL THIS MO. 449
DPTR FM NORMAL 153 [PRESSURE DATA]
TOTAL FM JAN 1 1288 HIGHEST SLP 30.21 ON 29
DPTR FM NORMAL 329 LOWEST SLP 29.74 ON 31
[REMARKS]
#FINAL-08-21#