000
CXUS56 KHNX 031836 CCA
CF6MAE
PRELIMINARY LOCAL CLIMATOLOGICAL DATA (WS FORM: F-6)
STATION: MADERA CA AIRPORT
MONTH: DECEMBER
YEAR: 2020
LATITUDE: 36 58 N
LONGITUDE: 120 7 W
TEMPERATURE IN F: :PCPN: SNOW: WIND :SUNSHINE: SKY :PK WND
================================================================================
1 2 3 4 5 6A 6B 7 8 9 10 11 12 13 14 15 16 17 18
12Z AVG MX 2MIN
DY MAX MIN AVG DEP HDD CDD WTR SNW DPTH SPD SPD DIR MIN PSBL S-S WX SPD DR
================================================================================
1 65 32 49 1 16 0 0.00 0.0 0 1.7 8 40 M M 0 8 11 40
2 66 31 49 2 16 0 0.00 0.0 0 3.1 8 300 M M 0 18 17 90
3 71 31 51 4 14 0 0.00 0.0 0 5.9 17 170 M M 0 18 23 170
4 67 32 50 3 15 0 0.00 0.0 0 2.6 9 70 M M 0 18 11 60
5 69 33 51 4 14 0 0.00 0.0 0 2.9 10 270 M M 0 8 13 270
6 62 33 48 2 17 0 0.00 0.0 0 3.4 13 340 M M 0 18 16 330
7 65 30 48 2 17 0 0.00 0.0 0 5.2 13 290 M M 0 18 18 310
8 64 37 51 5 14 0 0.00 0.0 0 5.6 12 150 M M 0 8 14 160
9 68 37 53 7 12 0 0.00 0.0 0 2.6 8 270 M M 0 18 11 280
10 65 31 48 2 17 0 0.00 0.0 0 3.7 12 310 M M 0 18 15 310
11 60 31 46 0 19 0 0.16 0.0 0 3.8 12 340 M M 3 18 15 280
12 52 47 50 4 15 0 0.17 0.0 0 6.0 12 360 M M 9 1 15 40
13 55 40 48 3 17 0 0.06 0.0 0 6.9 15 110 M M 8 12 17 120
14 56 35 46 1 19 0 0.00 0.0 0 7.3 21 310 M M 3 12 27 300
15 56 34 45 0 20 0 T 0.0 0 3.2 9 120 M M 3 128 13 130
16 58 33 46 1 19 0 0.00 0.0 0 2.6 9 130 M M 1 128 12 130
17 58 41 50 5 15 0 0.14 0.0 0 5.7 15 330 M M 6 18 20 320
18 51 34 43 -2 22 0 0.00 0.0 0 3.3 10 30 M M 6 128 11 40
19 55 33 44 -1 21 0 T 0.0 0 2.6 8 130 M M 8 128 10 80
20 50 35 43 -2 22 0 T 0.0 0 0.9 6 60 M M 9 128 8 50
21 45 38 42 -3 23 0 T 0.0 0 1.8 9 290 M M 10 2 11 300
22 44 38 41 -3 24 0 0.00 0.0 0 4.1 9 330 M M 10 12 11 40
23 47 34 41 -3 24 0 0.00 0.0 0 4.6 12 130 M M 7 128 14 140
24 52 32 42 -2 23 0 0.00 0.0 0 3.5 10 310 M M 4 128 14 260
25 61 31 46 2 19 0 0.01 0.0 0 6.7 18 110 M M 6 128 21 110
26 63 39 51 7 14 0 T 0.0 0 6.2 16 340 M M 4 1 20 320
27 59 39 49 5 16 0 0.07 0.0 0 5.5 16 110 M M 3 13 20 110
28 59 37 48 4 17 0 T 0.0 0 8.1 17 110 M M 5 1 22 120
29 56 31 44 0 21 0 0.00 0.0 0 2.6 12 330 M M 2 128 14 330
30 58 30 44 0 21 0 0.00 0.0 0 3.1 12 130 M M 1 128 14 130
31 53 39 46 2 19 0 T 0.0 0 5.7 16 290 M M 8 1 20 290
================================================================================
SM 1810 1078 562 0 0.61 0.0 130.9 M 116
================================================================================
AV 58.4 34.8 4.2 FASTST M M 4 MAX(MPH)
MISC ----> 21 310 27 300
================================================================================
NOTES:
# LAST OF SEVERAL OCCURRENCES
COLUMN 17 PEAK WIND IN M.P.H.
PRELIMINARY LOCAL CLIMATOLOGICAL DATA (WS FORM: F-6) , PAGE 2
STATION: MADERA CA AIRPORT
MONTH: DECEMBER
YEAR: 2020
LATITUDE: 36 58 N
LONGITUDE: 120 7 W
[TEMPERATURE DATA] [PRECIPITATION DATA] SYMBOLS USED IN COLUMN 16
AVERAGE MONTHLY: 46.6 TOTAL FOR MONTH: 0.61 1 = FOG OR MIST
DPTR FM NORMAL: 1.3 DPTR FM NORMAL: -1.09 2 = FOG REDUCING VISIBILITY
HIGHEST: 71 ON 3 GRTST 24HR 0.17 ON 12-12 TO 1/4 MILE OR LESS
LOWEST: 30 ON 30, 7 3 = THUNDER
SNOW, ICE PELLETS, HAIL 4 = ICE PELLETS
TOTAL MONTH: 0.0 INCH 5 = HAIL
GRTST 24HR 0.0 6 = FREEZING RAIN OR DRIZZLE
GRTST DEPTH: 0 7 = DUSTSTORM OR SANDSTORM:
VSBY 1/2 MILE OR LESS
8 = SMOKE OR HAZE
[NO. OF DAYS WITH] [WEATHER - DAYS WITH] 9 = BLOWING SNOW
X = TORNADO
MAX 32 OR BELOW: 0 0.01 INCH OR MORE: 6
MAX 90 OR ABOVE: 0 0.10 INCH OR MORE: 3
MIN 32 OR BELOW: 11 0.50 INCH OR MORE: 0
MIN 0 OR BELOW: 0 1.00 INCH OR MORE: 0
[HDD (BASE 65) ]
TOTAL THIS MO. 562 CLEAR (SCALE 0-3) 16
DPTR FM NORMAL -47 PTCLDY (SCALE 4-7) 11
TOTAL FM JUL 1 958 CLOUDY (SCALE 8-10) 4
DPTR FM NORMAL -119
[CDD (BASE 65) ]
TOTAL THIS MO. 0
DPTR FM NORMAL 0 [PRESSURE DATA]
TOTAL FM JAN 1 1931 HIGHEST SLP 30.45 ON 19
DPTR FM NORMAL 408 LOWEST SLP 29.72 ON 28
[REMARKS]
#FINAL-12-20#