000
CXUS52 KTAE 010900
CF6MAI
PRELIMINARY LOCAL CLIMATOLOGICAL DATA (WS FORM: F-6)
STATION: MARIANNA
MONTH: JANUARY
YEAR: 2022
LATITUDE: 30 50 N
LONGITUDE: 85 11 W
TEMPERATURE IN F: :PCPN: SNOW: WIND :SUNSHINE: SKY :PK WND
================================================================================
1 2 3 4 5 6A 6B 7 8 9 10 11 12 13 14 15 16 17 18
12Z AVG MX 2MIN
DY MAX MIN AVG DEP HDD CDD WTR SNW DPTH SPD SPD DIR MIN PSBL S-S WX SPD DR
================================================================================
1 84 71 78 26 0 13 T 0.0 0 13.1 26 190 M M 6 35 200
2 83 49 66 14 0 1 1.42 0.0 0 15.2 37 220 M M 8 138 44 220
3 49 35 42 -10 23 0 T 0.0 M 12.0 26 310 M M 6 34 300
4 54 32 43 -9 22 0 0.00 0.0 0 2.7 10 60 M M 3 18 200
5 67 44 56 4 9 0 0.00 0.0 M 3.6 17 300 M M 5 27 300
6 71 41 56 4 9 0 0.32 0.0 M 5.9 22 330 M M 5 1 27 340
7 56 37 47 -5 18 0 0.00 0.0 M 6.9 20 350 M M 0 25 360
8 62 36 49 -3 16 0 0.00 0.0 0 7.2 13 60 M M 0 16 60
9 77 53 65 13 0 0 0.59 0.0 0 8.2 25 340 M M 7 13 34 340
10 61 41 51 -1 14 0 T 0.0 0 8.4 20 350 M M 3 1 24 360
11 55 34 45 -7 20 0 0.00 0.0 0 7.2 17 30 M M 0 21 30
12 60 35 48 -4 17 0 0.00 0.0 0 3.9 10 60 M M 4 12 40
13 64 37 51 -1 14 0 0.00 0.0 0 5.6 17 280 M M 0 1 20 280
14 64 37 51 -1 14 0 0.00 0.0 0 2.2 9 310 M M 0 13 330
15 68 38 53 1 12 0 1.85 0.0 0 6.5 21 110 M M 4 1 32 120
16 55 40 48 -4 17 0 0.26 0.0 0 16.0 30 230 M M 9 8 40 240
17 56 31 44 -8 21 0 0.00 0.0 0 9.8 20 280 M M 1 26 280
18 59 28 44 -8 21 0 0.00 0.0 0 1.7 9 40 M M 0 11 80
19 67 31 49 -3 16 0 0.00 0.0 M 2.9 9 160 M M 0 14 180
20 57 45 51 -1 14 0 0.27 0.0 0 6.7 22 350 M M 7 1 26 340
21 45 38 42 -10 23 0 0.08 0.0 0 9.7 15 30 M M 10 1 19 360
22 44 30 37 -15 28 0 0.00 M M 8.2 16 30 M M 9 20 20
23 53 26 40 -12 25 0 0.00 0.0 0 3.0 13 300 M M 1 1 17 240
24 61 28 45 -7 20 0 0.00 0.0 0 2.3 14 220 M M 0 17 210
25 52 45 49 -3 16 0 0.50 0.0 M 3.9 13 60 M M 10 1 14 70
26 62 43 53 1 12 0 0.00 0.0 M 7.4 15 360 M M 5 21 10
27 61 37 49 -3 16 0 0.00 0.0 0 6.5 14 30 M M 1 1 18 60
28 57 38 48 -4 17 0 0.00 0.0 0 6.9 18 310 M M 1 26 310
29 48 27 38 -14 27 0 0.00 0.0 0 10.9 25 320 M M 0 33 330
30 63 22 43 -10 22 0 T M M 7.5 23 250 M M 0 29 230
31 67 38 53 0 12 0 0.00 0.0 M 4.4 14 270 M M 0 17 270
================================================================================
SM 1882 1167 495 14 5.29 0.0 216.4 M 105
================================================================================
AV 60.7 37.6 7.0 FASTST M M 3 MAX(MPH)
MISC ----> 37 220 44 220
================================================================================
NOTES:
# LAST OF SEVERAL OCCURRENCES
COLUMN 17 PEAK WIND IN M.P.H.
PRELIMINARY LOCAL CLIMATOLOGICAL DATA (WS FORM: F-6) , PAGE 2
STATION: MARIANNA
MONTH: JANUARY
YEAR: 2022
LATITUDE: 30 50 N
LONGITUDE: 85 11 W
[TEMPERATURE DATA] [PRECIPITATION DATA] SYMBOLS USED IN COLUMN 16
AVERAGE MONTHLY: 49.2 TOTAL FOR MONTH: 5.29 1 = FOG OR MIST
DPTR FM NORMAL: -2.6 DPTR FM NORMAL: 1.25 2 = FOG REDUCING VISIBILITY
HIGHEST: 84 ON 1 GRTST 24HR 1.85 ON 15-15 TO 1/4 MILE OR LESS
LOWEST: 22 ON 30 3 = THUNDER
SNOW, ICE PELLETS, HAIL 4 = ICE PELLETS
TOTAL MONTH: 0.0 INCH 5 = HAIL
GRTST 24HR 0.0 6 = FREEZING RAIN OR DRIZZLE
GRTST DEPTH: 0 7 = DUSTSTORM OR SANDSTORM:
VSBY 1/2 MILE OR LESS
8 = SMOKE OR HAZE
[NO. OF DAYS WITH] [WEATHER - DAYS WITH] 9 = BLOWING SNOW
X = TORNADO
MAX 32 OR BELOW: 0 0.01 INCH OR MORE: 8
MAX 90 OR ABOVE: 0 0.10 INCH OR MORE: 7
MIN 32 OR BELOW: 9 0.50 INCH OR MORE: 4
MIN 0 OR BELOW: 0 1.00 INCH OR MORE: 2
[HDD (BASE 65) ]
TOTAL THIS MO. 495 CLEAR (SCALE 0-3) 16
DPTR FM NORMAL 75 PTCLDY (SCALE 4-7) 10
TOTAL FM JUL 1 927 CLOUDY (SCALE 8-10) 5
DPTR FM NORMAL -101
[CDD (BASE 65) ]
TOTAL THIS MO. 14
DPTR FM NORMAL 3 [PRESSURE DATA]
TOTAL FM JAN 1 14 HIGHEST SLP 30.50 ON 11
DPTR FM NORMAL 3 LOWEST SLP 29.53 ON 16
[REMARKS]
#FINAL-01-22#