000
CXUS53 KDTX 041927
CF6MBS
PRELIMINARY LOCAL CLIMATOLOGICAL DATA (WS FORM: F-6)
STATION: TRI CITIES MI
MONTH: DECEMBER
YEAR: 2020
LATITUDE: 43 31 N
LONGITUDE: 84 5 W
TEMPERATURE IN F: :PCPN: SNOW: WIND :SUNSHINE: SKY :PK WND
================================================================================
1 2 3 4 5 6A 6B 7 8 9 10 11 12 13 14 15 16 17 18
12Z AVG MX 2MIN
DY MAX MIN AVG DEP HDD CDD WTR SNW DPTH SPD SPD DIR MIN PSBL S-S WX SPD DR
================================================================================
1 39 27 33 1 32 0 0.00 0.0 0 17.9 26 330 M M 6 35 330
2 46 31 39 7 26 0 0.00 0.0 0 13.5 20 290 M M 0 27 300
3 38 29 34 3 31 0 0.00 0.0 0 11.4 20 250 M M 6 27 260
4 44 33 39 8 26 0 0.00 0.0 0 10.7 18 260 M M 9 25 250
5 35 25 30 -1 35 0 0.00 0.0 0 7.3 16 340 M M 6 19 350
6 32 27 30 0 35 0 0.00 0.0 0 5.8 12 300 M M 10 15 300
7 36 23 30 0 35 0 0.00 0.0 0 5.7 12 330 M M 6 17 330
8 37 22 30 0 35 0 0.00 0.0 0 10.3 24 250 M M 8 8 31 230
9 41 31 36 7 29 0 0.00 0.0 0 9.9 23 260 M M 9 18 31 250
10 49 26 38 9 27 0 0.00 0.0 0 7.3 13 170 M M 0 128 17 220
11 43 31 37 8 28 0 0.04 0.0 0 9.7 16 40 M M 6 18 20 40
12 40 30 35 7 30 0 1.34 0.4 0 15.3 23 30 M M 10 1 30 20
13 33 27 30 2 35 0 0.00 0.0 1 7.3 16 310 M M 10 21 300
14 33 22 28 0 37 0 0.00 0.0 T 12.7 24 270 M M 8 32 280
15 27 18 23 -4 42 0 0.00 0.0 T 7.1 15 60 M M 3 21 70
16 30 24 27 0 38 0 T 0.1 0 12.0 18 60 M M 8 18 24 50
17 31 27 29 2 36 0 T 0.2 T 4.1 12 60 M M 10 1 16 60
18 34 28 31 5 34 0 0.00 0.0 T 6.9 16 180 M M 7 8 22 170
19 36 30 33 7 32 0 0.01 T 0 8.7 16 170 M M 8 18 23 170
20 38 33 36 10 29 0 0.00 0.0 0 9.3 22 240 M M 8 18 29 240
21 38 33 36 10 29 0 0.11 0.2 0 6.1 12 310 M M 10 18 17 220
22 36 32 34 9 31 0 T T 0 9.1 17 260 M M 9 1 26 320
23 51 35 43 18 22 0 0.01 0.0 0 17.4 28 180 M M 5 39 170
24 50 22 36 11 29 0 0.08 T 0 17.0 35 250 M M 10 1 50 210
25 25 20 23 -2 42 0 0.02 0.4 T 13.2 26 260 M M 10 1 33 270
26 29 23 26 1 39 0 T T 1 11.8 23 260 M M 10 1 30 260
27 38 27 33 9 32 0 0.07 0.0 T 6.1 15 100 M M 6 1 18 100
28 38 26 32 8 33 0 0.09 T 0 13.8 22 270 M M 7 1 30 310
29 29 19 24 0 41 0 0.02 0.3 0 7.6 22 270 M M 4 1 32 280
30 37 26 32 8 33 0 0.18 2.5 3 16.1 30 270 M M 10 1 38 270
31 30 18 24 0 41 0 0.00 0.0 2 6.4 23 290 M M 8 30 280
================================================================================
SM 1143 825 1024 0 1.97 4.1 317.5 M 227
================================================================================
AV 36.9 26.6 10.2 FASTST M M 7 MAX(MPH)
MISC ----> 35 250 50 210
================================================================================
NOTES:
# LAST OF SEVERAL OCCURRENCES
COLUMN 17 PEAK WIND IN M.P.H.
PRELIMINARY LOCAL CLIMATOLOGICAL DATA (WS FORM: F-6) , PAGE 2
STATION: TRI CITIES MI
MONTH: DECEMBER
YEAR: 2020
LATITUDE: 43 31 N
LONGITUDE: 84 5 W
[TEMPERATURE DATA] [PRECIPITATION DATA] SYMBOLS USED IN COLUMN 16
AVERAGE MONTHLY: 31.7 TOTAL FOR MONTH: 1.97 1 = FOG OR MIST
DPTR FM NORMAL: 4.4 DPTR FM NORMAL: 0.11 2 = FOG REDUCING VISIBILITY
HIGHEST: 51 ON 23 GRTST 24HR 1.38 ON 11-12 TO 1/4 MILE OR LESS
LOWEST: 18 ON 31,15 3 = THUNDER
SNOW, ICE PELLETS, HAIL 4 = ICE PELLETS
TOTAL MONTH: 4.1 INCHES 5 = HAIL
GRTST 24HR 2.5 ON 30-30 6 = FREEZING RAIN OR DRIZZLE
GRTST DEPTH: 3 ON 30 7 = DUSTSTORM OR SANDSTORM:
VSBY 1/2 MILE OR LESS
8 = SMOKE OR HAZE
[NO. OF DAYS WITH] [WEATHER - DAYS WITH] 9 = BLOWING SNOW
X = TORNADO
MAX 32 OR BELOW: 8 0.01 INCH OR MORE: 11
MAX 90 OR ABOVE: 0 0.10 INCH OR MORE: 3
MIN 32 OR BELOW: 27 0.50 INCH OR MORE: 1
MIN 0 OR BELOW: 0 1.00 INCH OR MORE: 1
[HDD (BASE 65) ]
TOTAL THIS MO. 1024 CLEAR (SCALE 0-3) 2
DPTR FM NORMAL -143 PTCLDY (SCALE 4-7) 14
TOTAL FM JUL 1 2305 CLOUDY (SCALE 8-10) 15
DPTR FM NORMAL -335
[CDD (BASE 65) ]
TOTAL THIS MO. 0
DPTR FM NORMAL 0 [PRESSURE DATA]
TOTAL FM JAN 1 857 HIGHEST SLP 30.60 ON 29
DPTR FM NORMAL 300 LOWEST SLP 29.37 ON 24
[REMARKS]
#FINAL-12-20#
UPDATED TO REFLECT CORRECT SNOWFALL TOTALS ON 12/16 AND 12/17. CORRECTED SNOW DEPTH ON 12/15 AND 12/30.