000
CXUS54 KLIX 010810
CF6MCB
PRELIMINARY LOCAL CLIMATOLOGICAL DATA (WS FORM: F-6)
STATION: MCCOMB
MONTH: OCTOBER
YEAR: 2023
LATITUDE: 31 10 N
LONGITUDE: 90 28 W
TEMPERATURE IN F: :PCPN: SNOW: WIND :SUNSHINE: SKY :PK WND
================================================================================
1 2 3 4 5 6A 6B 7 8 9 10 11 12 13 14 15 16 17 18
12Z AVG MX 2MIN
DY MAX MIN AVG DEP HDD CDD WTR SNW DPTH SPD SPD DIR MIN PSBL S-S WX SPD DR
================================================================================
1 91 64 78 5 0 13 0.00 0.0 M 5.1 15 80 M M 0 27 60
2 89 63 76 3 0 11 0.00 0.0 M 4.2 15 90 M M 0 28 90
3 90 60 75 3 0 10 0.00 0.0 M 5.4 15 150 M M 1 22 140
4 91 62 77 5 0 12 0.00 0.0 M 5.9 15 160 M M 0 18 20 130
5 85 67 76 4 0 11 0.05 0.0 M 5.3 17 320 M M 3 18 26 160
6 79 68 74 3 0 9 0.00 0.0 M 7.9 17 360 M M 6 1 23 360
7 75 53 64 -7 1 0 0.00 0.0 M 9.1 20 330 M M 0 25 330
8 76 47 62 -9 3 0 0.00 0.0 M 4.4 14 340 M M 0 20 340
9 83 41 62 -8 3 0 0.00 0.0 M 2.2 17 190 M M 0 24 210
10 83 50 67 -3 0 2 0.00 0.0 M 3.2 12 170 M M 0 18 160
11 66 58 62 -8 3 0 0.93 0.0 M 4.9 16 100 M M 9 1 27 110
12 71 59 65 -4 0 0 0.00 0.0 M 4.2 10 340 M M 10 1 14 360
13 84 63 74 5 0 9 0.00 0.0 M 2.2 9 160 M M 5 13 320
14 76 55 66 -2 0 1 0.00 0.0 M 8.9 20 320 M M 1 12 26 310
15 65 52 59 -9 6 0 0.00 0.0 M 10.5 23 320 M M 8 31 310
16 68 44 56 -12 9 0 0.00 0.0 M 7.7 22 320 M M 1 31 10
17 74 40 57 -10 8 0 0.00 0.0 M 1.9 12 310 M M 0 17 300
18 75 42 59 -8 6 0 0.00 0.0 M 3.3 14 180 M M 0 22 170
19 79 48 64 -2 1 0 0.01 0.0 M 3.2 14 240 M M 3 128 18 210
20 88 56 72 6 0 7 0.00 0.0 M 5.6 17 270 M M 3 1 26 320
21 85 47 66 0 0 1 0.00 0.0 M 2.7 12 160 M M 0 18 160
22 87 53 70 5 0 5 0.00 0.0 M 2.1 10 150 M M 0 15 160
23 87 54 71 6 0 6 0.00 0.0 M 3.2 12 170 M M 0 18 18 160
24 85 60 73 9 0 8 0.00 0.0 M 6.1 17 160 M M 1 1 25 150
25 86 62 74 10 0 9 0.00 0.0 M 7.1 17 170 M M 2 1 23 170
26 85 61 73 9 0 8 0.00 0.0 M 7.2 20 170 M M 6 1 27 170
27 86 67 77 14 0 12 0.00 0.0 M 4.6 13 150 M M 8 1 19 140
28 86 63 75 12 0 10 0.00 0.0 M 4.8 15 160 M M 4 1 22 160
29 85 63 74 12 0 9 0.00 0.0 M 4.8 16 150 M M 3 1 22 150
30 67 45 56 -6 9 0 T M M 10.4 21 340 M M 9 1 27 350
31 58 43 51 -11 14 0 0.01 M M 12.2 21 350 M M 5 30 350
================================================================================
SM 2485 1710 63 153 1.00 0.0 170.3 M 88
================================================================================
AV 80.2 55.2 5.5 FASTST M M 3 MAX(MPH)
MISC ----> 23 320 # 31 310
================================================================================
NOTES:
# LAST OF SEVERAL OCCURRENCES
COLUMN 17 PEAK WIND IN M.P.H.
PRELIMINARY LOCAL CLIMATOLOGICAL DATA (WS FORM: F-6) , PAGE 2
STATION: MCCOMB
MONTH: OCTOBER
YEAR: 2023
LATITUDE: 31 10 N
LONGITUDE: 90 28 W
[TEMPERATURE DATA] [PRECIPITATION DATA] SYMBOLS USED IN COLUMN 16
AVERAGE MONTHLY: 67.7 TOTAL FOR MONTH: 1.00 1 = FOG OR MIST
DPTR FM NORMAL: 0.2 DPTR FM NORMAL: -2.79 2 = FOG REDUCING VISIBILITY
HIGHEST: 91 ON 4, 1 GRTST 24HR 0.93 ON 11-11 TO 1/4 MILE OR LESS
LOWEST: 40 ON 17 3 = THUNDER
SNOW, ICE PELLETS, HAIL 4 = ICE PELLETS
TOTAL MONTH: 0.0 INCH 5 = HAIL
GRTST 24HR 0.0 6 = FREEZING RAIN OR DRIZZLE
GRTST DEPTH: M ON M 7 = DUSTSTORM OR SANDSTORM:
VSBY 1/2 MILE OR LESS
8 = SMOKE OR HAZE
[NO. OF DAYS WITH] [WEATHER - DAYS WITH] 9 = BLOWING SNOW
X = TORNADO
MAX 32 OR BELOW: 0 0.01 INCH OR MORE: 4
MAX 90 OR ABOVE: 3 0.10 INCH OR MORE: 1
MIN 32 OR BELOW: 0 0.50 INCH OR MORE: 1
MIN 0 OR BELOW: 0 1.00 INCH OR MORE: 0
[HDD (BASE 65) ]
TOTAL THIS MO. 63 CLEAR (SCALE 0-3) 19
DPTR FM NORMAL -3 PTCLDY (SCALE 4-7) 8
TOTAL FM JUL 1 63 CLOUDY (SCALE 8-10) 4
DPTR FM NORMAL -4
[CDD (BASE 65) ]
TOTAL THIS MO. 153
DPTR FM NORMAL 10 [PRESSURE DATA]
TOTAL FM JAN 1 2867 HIGHEST SLP M ON M
DPTR FM NORMAL 535 LOWEST SLP 29.61 ON 11
[REMARKS]
#FINAL-10-23#