966
CXUS56 KHNX 021531
CF6MCE
PRELIMINARY LOCAL CLIMATOLOGICAL DATA (WS FORM: F-6)
STATION: MERCED CA AIRPORT
MONTH: FEBRUARY
YEAR: 2021
LATITUDE: 37 16 N
LONGITUDE: 120 36 W
TEMPERATURE IN F: :PCPN: SNOW: WIND :SUNSHINE: SKY :PK WND
================================================================================
1 2 3 4 5 6A 6B 7 8 9 10 11 12 13 14 15 16 17 18
12Z AVG MX 2MIN
DY MAX MIN AVG DEP HDD CDD WTR SNW DPTH SPD SPD DIR MIN PSBL S-S WX SPD DR
================================================================================
1 72 43 58 11 7 0 0.00 0.0 0 6.6 17 150 M M 3 22 140
2 62 41 52 5 13 0 0.01 0.0 0 4.4 14 330 M M 4 18 16 330
3 59 42 51 3 14 0 0.00 0.0 0 10.6 18 320 M M 2 22 340
4 58 36 47 -1 18 0 0.00 0.0 0 5.0 14 340 M M 0 19 320
5 63 35 49 1 16 0 0.00 0.0 0 1.9 7 360 M M 0 1 14 300
6 64 33 49 1 16 0 0.00 0.0 0 2.2 7 170 M M 0 18 8 170
7 65 35 50 2 15 0 0.00 0.0 0 1.4 6 260 M M 0 128 8 280
8 64 34 49 1 16 0 0.00 0.0 0 2.6 7 10 M M 1 128 8 10
9 64 47 56 7 9 0 0.00 0.0 0 4.8 9 360 M M 5 18 12 350
10 67 43 55 6 10 0 0.00 0.0 0 3.3 13 300 M M 1 1 17 310
11 62 39 51 2 14 0 0.21 0.0 0 2.6 12 110 M M 3 18 14 110
12 62 43 53 4 12 0 0.07 0.0 0 6.4 20 310 M M 2 1 24 320
13 64 44 54 5 11 0 0.00 0.0 0 6.6 20 320 M M 5 18 24 310
14 60 38 49 -1 16 0 0.00 0.0 0 8.3 15 310 M M 5 20 330
15 59 46 53 3 12 0 0.01 0.0 0 7.0 15 120 M M 8 18 19 130
16 61 36 49 -1 16 0 0.00 0.0 0 9.4 20 350 M M 1 24 340
17 63 37 50 0 15 0 0.00 0.0 0 11.4 26 330 M M 0 33 320
18 64 28 46 -4 19 0 0.00 0.0 0 3.3 15 130 M M 0 20 130
19 67 36 52 2 13 0 0.00 0.0 0 5.2 16 330 M M 3 19 340
20 60 38 49 -2 16 0 0.01 0.0 0 8.5 22 330 M M 2 26 330
21 62 32 47 -4 18 0 0.00 0.0 0 2.0 8 340 M M 0 8 10 120
22 70 34 52 1 13 0 0.00 0.0 0 2.1 7 310 M M 0 9 320
23 69 36 53 2 12 0 0.00 0.0 0 2.1 9 360 M M 0 13 340
24 69 37 53 2 12 0 0.00 0.0 0 11.7 28 340 M M 0 1 33 350
25 66 37 52 0 13 0 0.00 0.0 0 5.6 16 340 M M 0 24 320
26 68 33 51 -1 14 0 0.00 0.0 0 5.2 14 330 M M 0 18 340
27 65 38 52 0 13 0 0.00 0.0 0 15.3 30 320 M M 0 36 330
28 65 32 49 -3 16 0 0.00 0.0 0 4.2 15 140 M M 0 20 130
================================================================================
SM 1794 1053 389 0 0.31 0.0 159.7 M 45
================================================================================
AV 64.1 37.6 5.7 FASTST M M 2 MAX(MPH)
MISC ----> 30 320 36 330
================================================================================
NOTES:
# LAST OF SEVERAL OCCURRENCES
COLUMN 17 PEAK WIND IN M.P.H.
PRELIMINARY LOCAL CLIMATOLOGICAL DATA (WS FORM: F-6) , PAGE 2
STATION: MERCED CA AIRPORT
MONTH: FEBRUARY
YEAR: 2021
LATITUDE: 37 16 N
LONGITUDE: 120 36 W
[TEMPERATURE DATA] [PRECIPITATION DATA] SYMBOLS USED IN COLUMN 16
AVERAGE MONTHLY: 50.8 TOTAL FOR MONTH: 0.31 1 = FOG OR MIST
DPTR FM NORMAL: 1.1 DPTR FM NORMAL: -2.03 2 = FOG REDUCING VISIBILITY
HIGHEST: 72 ON 1 GRTST 24HR 0.28 ON 11-12 TO 1/4 MILE OR LESS
LOWEST: 28 ON 18 3 = THUNDER
SNOW, ICE PELLETS, HAIL 4 = ICE PELLETS
TOTAL MONTH: 0.0 INCH 5 = HAIL
GRTST 24HR 0.0 6 = FREEZING RAIN OR DRIZZLE
GRTST DEPTH: 0 7 = DUSTSTORM OR SANDSTORM:
VSBY 1/2 MILE OR LESS
8 = SMOKE OR HAZE
[NO. OF DAYS WITH] [WEATHER - DAYS WITH] 9 = BLOWING SNOW
X = TORNADO
MAX 32 OR BELOW: 0 0.01 INCH OR MORE: 5
MAX 90 OR ABOVE: 0 0.10 INCH OR MORE: 1
MIN 32 OR BELOW: 3 0.50 INCH OR MORE: 0
MIN 0 OR BELOW: 0 1.00 INCH OR MORE: 0
[HDD (BASE 65) ]
TOTAL THIS MO. 389 CLEAR (SCALE 0-3) 20
DPTR FM NORMAL -41 PTCLDY (SCALE 4-7) 8
TOTAL FM JUL 1 1893 CLOUDY (SCALE 8-10) 0
DPTR FM NORMAL -277
[CDD (BASE 65) ]
TOTAL THIS MO. 0
DPTR FM NORMAL 0 [PRESSURE DATA]
TOTAL FM JAN 1 0 HIGHEST SLP 30.47 ON 21
DPTR FM NORMAL 0 LOWEST SLP 29.89 ON 12
[REMARKS]
#FINAL-02-21#