000
CXUS53 KEAX 010736
CF6MCI
PRELIMINARY LOCAL CLIMATOLOGICAL DATA (WS FORM: F-6)
STATION: KANSAS CITY INTERNATIONAL MO
MONTH: MAY
YEAR: 2023
LATITUDE: 39 19 N
LONGITUDE: 94 43 W
TEMPERATURE IN F: :PCPN: SNOW: WIND :SUNSHINE: SKY :PK WND
================================================================================
1 2 3 4 5 6A 6B 7 8 9 10 11 12 13 14 15 16 17 18
12Z AVG MX 2MIN
DY MAX MIN AVG DEP HDD CDD WTR SNW DPTH SPD SPD DIR MIN PSBL S-S WX SPD DR
================================================================================
1 64 39 52 -7 13 0 0.00 0.0 0 11.9 28 340 M M 1 36 340
2 66 42 54 -6 11 0 0.00 0.0 0 10.7 21 320 M M 0 32 300
3 73 40 57 -3 8 0 0.00 0.0 0 4.8 9 140 M M 2 8 14 180
4 74 44 59 -1 6 0 0.00 0.0 0 10.9 22 200 M M 8 8 28 200
5 76 56 66 5 0 1 0.06 0.0 0 12.9 22 160 M M 8 1 28 160
6 91 62 77 16 0 12 T 0.0 0 11.1 21 210 M M 7 18 32 140
7 89 63 76 15 0 11 T 0.0 0 14.1 30 210 M M 4 138 39 210
8 83 57 70 8 0 5 0.25 0.0 0 6.8 23 120 M M 4 13 29 130
9 79 61 70 8 0 5 0.06 0.0 0 11.6 32 160 M M 6 138 42 160
10 83 58 71 9 0 6 0.00 0.0 0 8.7 18 160 M M 7 25 160
11 71 63 67 4 0 2 0.25 0.0 0 11.1 20 120 M M 9 1 27 110
12 82 66 74 11 0 9 0.00 0.0 M 11.0 20 150 M M 8 1 26 140
13 83 65 74 10 0 9 0.00 0.0 0 7.3 14 220 M M 8 1 20 200
14 87 62 75 11 0 10 0.15 0.0 0 5.9 17 30 M M 8 1 23 60
15 68 57 63 -1 2 0 0.87 0.0 0 9.8 16 60 M M 10 1 21 60
16 71 56 64 -1 1 0 0.03 0.0 0 5.8 12 360 M M 8 1 15 360
17 82 53 68 3 0 3 0.00 0.0 0 4.7 12 70 M M 4 1 16 70
18 82 58 70 5 0 5 0.00 0.0 M 5.2 13 180 M M 7 17 200
19 67 49 58 -8 7 0 0.04 0.0 0 7.4 20 10 M M 8 18 26 10
20 71 44 58 -8 7 0 0.00 0.0 0 5.3 10 20 M M 1 15 10
21 75 50 63 -3 2 0 0.00 0.0 0 5.4 12 170 M M 4 16 190
22 77 53 65 -2 0 0 0.00 0.0 0 6.0 15 190 M M 4 18 20 160
23 81 58 70 3 0 5 0.00 0.0 0 6.0 13 160 M M 1 21 130
24 85 56 71 3 0 6 1.29 0.0 0 4.9 32 200 M M 4 13 46 200
25 83 62 73 5 0 8 0.00 0.0 0 9.4 16 100 M M 6 1 23 100
26 78 59 69 1 0 4 0.00 0.0 0 10.0 16 110 M M 1 21 80
27 78 55 67 -2 0 2 0.00 0.0 0 8.2 14 130 M M 2 23 110
28 81 56 69 0 0 4 0.00 0.0 0 6.7 14 130 M M 6 18 180
29 84 59 72 3 0 7 0.00 0.0 0 7.0 13 130 M M 5 19 160
30 85 62 74 4 0 9 0.19 0.0 0 8.6 22 210 M M 6 13 31 230
31 79 62 71 1 0 6 1.21 0.0 0 8.2 25 300 M M 8 13 38 300
================================================================================
SM 2428 1727 57 129 4.40 0.0 257.4 M 165
================================================================================
AV 78.3 55.7 8.3 FASTST M M 5 MAX(MPH)
MISC ----> # 32 160 46 200
================================================================================
NOTES:
# LAST OF SEVERAL OCCURRENCES
COLUMN 17 PEAK WIND IN M.P.H.
PRELIMINARY LOCAL CLIMATOLOGICAL DATA (WS FORM: F-6) , PAGE 2
STATION: KANSAS CITY INTERNATIONAL MO
MONTH: MAY
YEAR: 2023
LATITUDE: 39 19 N
LONGITUDE: 94 43 W
[TEMPERATURE DATA] [PRECIPITATION DATA] SYMBOLS USED IN COLUMN 16
AVERAGE MONTHLY: 67.0 TOTAL FOR MONTH: 4.40 1 = FOG OR MIST
DPTR FM NORMAL: 2.4 DPTR FM NORMAL: -0.92 2 = FOG REDUCING VISIBILITY
HIGHEST: 91 ON 6 GRTST 24HR 1.29 ON 24-24 TO 1/4 MILE OR LESS
LOWEST: 39 ON 1 3 = THUNDER
SNOW, ICE PELLETS, HAIL 4 = ICE PELLETS
TOTAL MONTH: 0.0 INCH 5 = HAIL
GRTST 24HR 0.0 6 = FREEZING RAIN OR DRIZZLE
GRTST DEPTH: 0 7 = DUSTSTORM OR SANDSTORM:
VSBY 1/2 MILE OR LESS
8 = SMOKE OR HAZE
[NO. OF DAYS WITH] [WEATHER - DAYS WITH] 9 = BLOWING SNOW
X = TORNADO
MAX 32 OR BELOW: 0 0.01 INCH OR MORE: 11
MAX 90 OR ABOVE: 1 0.10 INCH OR MORE: 7
MIN 32 OR BELOW: 0 0.50 INCH OR MORE: 3
MIN 0 OR BELOW: 0 1.00 INCH OR MORE: 2
[HDD (BASE 65) ]
TOTAL THIS MO. 57 CLEAR (SCALE 0-3) 7
DPTR FM NORMAL -52 PTCLDY (SCALE 4-7) 19
TOTAL FM JUL 1 4563 CLOUDY (SCALE 8-10) 5
DPTR FM NORMAL -499
[CDD (BASE 65) ]
TOTAL THIS MO. 129
DPTR FM NORMAL 31 [PRESSURE DATA]
TOTAL FM JAN 1 143 HIGHEST SLP M ON M
DPTR FM NORMAL 23 LOWEST SLP 29.62 ON 7
[REMARKS]
#FINAL-05-23#