000
CXUS53 KEAX 010836
CF6MCI
PRELIMINARY LOCAL CLIMATOLOGICAL DATA (WS FORM: F-6)
STATION: KANSAS CITY INTERNATIONAL MO
MONTH: NOVEMBER
YEAR: 2022
LATITUDE: 39 19 N
LONGITUDE: 94 43 W
TEMPERATURE IN F: :PCPN: SNOW: WIND :SUNSHINE: SKY :PK WND
================================================================================
1 2 3 4 5 6A 6B 7 8 9 10 11 12 13 14 15 16 17 18
12Z AVG MX 2MIN
DY MAX MIN AVG DEP HDD CDD WTR SNW DPTH SPD SPD DIR MIN PSBL S-S WX SPD DR
================================================================================
1 80 46 63 13 2 0 0.00 0.0 0 10.4 18 210 M M 1 8 24 190
2 76 54 65 16 0 0 0.00 0.0 0 14.7 26 200 M M 2 8 34 210
3 77 61 69 20 0 4 0.00 0.0 0 20.1 33 200 M M 5 8 46 190
4 70 41 56 8 9 0 2.43 0.0 0 15.2 22 20 M M 9 13 32 290
5 57 38 48 0 17 0 0.43 T 0 15.4 23 200 M M 5 1 33 190
6 65 44 55 7 10 0 0.00 0.0 0 9.6 20 200 M M 3 29 200
7 58 40 49 2 16 0 0.00 0.0 0 12.9 20 80 M M 6 26 80
8 67 49 58 11 7 0 T 0.0 0 13.4 17 160 M M 8 25 150
9 72 60 66 20 0 1 T 0.0 0 16.0 25 200 M M 6 18 33 190
10 74 38 56 10 9 0 0.65 0.0 0 17.0 30 190 M M 8 138 40 180
11 38 25 32 -13 33 0 T 0.0 0 14.0 26 360 M M 4 35 350
12 30 22 26 -19 39 0 0.00 0.0 0 9.6 18 330 M M 8 26 320
13 42 17 30 -14 35 0 0.00 0.0 0 7.0 15 130 M M 4 8 19 140
14 44 29 37 -7 28 0 0.13 0.4 0 7.3 15 150 M M 8 1 17 160
15 39 27 33 -11 32 0 0.04 T T 8.2 16 310 M M 7 128 26 310
16 35 20 28 -15 37 0 0.00 0.0 0 9.2 18 300 M M 5 8 24 300
17 45 21 33 -10 32 0 0.00 0.0 0 9.2 18 310 M M 5 27 330
18 28 16 22 -20 43 0 0.00 0.0 0 9.9 20 300 M M 2 8 26 260
19 36 21 29 -13 36 0 0.00 0.0 0 11.4 24 330 M M 1 35 340
20 50 18 34 -8 31 0 0.00 0.0 0 12.8 22 200 M M 0 30 210
21 57 30 44 3 21 0 0.00 0.0 0 8.5 15 210 M M 1 8 22 220
22 63 28 46 5 19 0 0.00 0.0 0 9.7 16 210 M M 2 8 22 220
23 60 38 49 9 16 0 0.03 0.0 0 9.9 20 180 M M 5 18 26 170
24 60 37 49 9 16 0 T 0.0 0 6.4 18 350 M M 6 128 23 340
25 56 31 44 4 21 0 0.00 0.0 0 4.4 9 170 M M 0 12 260
26 54 30 42 3 23 0 0.25 0.0 0 6.7 12 60 M M 6 18 16 50
27 47 36 42 3 23 0 0.03 0.0 0 10.3 20 350 M M 9 29 350
28 57 26 42 4 23 0 0.00 0.0 0 10.0 17 160 M M 3 25 160
29 60 26 43 5 22 0 T 0.0 0 17.1 28 300 M M 8 8 41 170
30 38 21 30 -8 35 0 0.00 0.0 0 8.6 16 290 M M 0 8 26 290
================================================================================
SM 1635 990 635 5 3.99 0.4 334.9 M 137
================================================================================
AV 54.5 33.0 11.2 FASTST M M 5 MAX(MPH)
MISC ----> 33 200 46 190
================================================================================
NOTES:
# LAST OF SEVERAL OCCURRENCES
COLUMN 17 PEAK WIND IN M.P.H.
PRELIMINARY LOCAL CLIMATOLOGICAL DATA (WS FORM: F-6) , PAGE 2
STATION: KANSAS CITY INTERNATIONAL MO
MONTH: NOVEMBER
YEAR: 2022
LATITUDE: 39 19 N
LONGITUDE: 94 43 W
[TEMPERATURE DATA] [PRECIPITATION DATA] SYMBOLS USED IN COLUMN 16
AVERAGE MONTHLY: 43.8 TOTAL FOR MONTH: 3.99 1 = FOG OR MIST
DPTR FM NORMAL: 0.2 DPTR FM NORMAL: 1.99 2 = FOG REDUCING VISIBILITY
HIGHEST: 80 ON 1 GRTST 24HR 2.83 ON 4- 5 TO 1/4 MILE OR LESS
LOWEST: 16 ON 18 3 = THUNDER
SNOW, ICE PELLETS, HAIL 4 = ICE PELLETS
TOTAL MONTH: 0.4 INCH 5 = HAIL
GRTST 24HR 0.4 ON 14-14 6 = FREEZING RAIN OR DRIZZLE
GRTST DEPTH: T 7 = DUSTSTORM OR SANDSTORM:
VSBY 1/2 MILE OR LESS
8 = SMOKE OR HAZE
[NO. OF DAYS WITH] [WEATHER - DAYS WITH] 9 = BLOWING SNOW
X = TORNADO
MAX 32 OR BELOW: 2 0.01 INCH OR MORE: 8
MAX 90 OR ABOVE: 0 0.10 INCH OR MORE: 5
MIN 32 OR BELOW: 17 0.50 INCH OR MORE: 2
MIN 0 OR BELOW: 0 1.00 INCH OR MORE: 1
[HDD (BASE 65) ]
TOTAL THIS MO. 635 CLEAR (SCALE 0-3) 10
DPTR FM NORMAL -10 PTCLDY (SCALE 4-7) 16
TOTAL FM JUL 1 882 CLOUDY (SCALE 8-10) 4
DPTR FM NORMAL -117
[CDD (BASE 65) ]
TOTAL THIS MO. 5
DPTR FM NORMAL 3 [PRESSURE DATA]
TOTAL FM JAN 1 1671 HIGHEST SLP 30.51 ON 18
DPTR FM NORMAL 309 LOWEST SLP 29.40 ON 29
[REMARKS]
#FINAL-11-22#