000
CXUS53 KGLD 162138
CF6MCK
PRELIMINARY LOCAL CLIMATOLOGICAL DATA (WS FORM: F-6)
STATION: MCCOOK NE
MONTH: JULY
YEAR: 2022
LATITUDE: 40 13 N
LONGITUDE: 100 35 W
TEMPERATURE IN F: :PCPN: SNOW: WIND :SUNSHINE: SKY :PK WND
================================================================================
1 2 3 4 5 6A 6B 7 8 9 10 11 12 13 14 15 16 17 18
12Z AVG MX 2MIN
DY MAX MIN AVG DEP HDD CDD WTR SNW DPTH SPD SPD DIR MIN PSBL S-S WX SPD DR
================================================================================
1 88 65 77 1 0 12 0.00 M M 12.4 30 40 M M 3 38 40
2 87 63 75 -1 0 10 0.23 M M 8.3 17 30 M M 3 13 22 20
3 99 70 85 9 0 20 0.20 M M 13.3 30 220 M M 6 138 49 220
4 102 73 88 11 0 23 0.06 M M 10.6 56 190 M M 1 3 84 190
5 103 72 88 11 0 23 T M M 11.7 33 50 M M 2 3 43 60
6 85 69 77 0 0 12 T M M 11.7 26 40 M M 4 38 30
7 91 69 80 3 0 15 T M M 6.0 23 250 M M 3 1 30 240
8 93 65 79 2 0 14 0.00 M M 7.0 16 70 M M 0 1 21 90
9 101 67 84 7 0 19 0.00 M M 12.3 23 140 M M 0 32 140
10 111 68 90 12 0 25 0.01 M M 11.0 32 10 M M 0 3 41 10
11 90 64 77 -1 0 12 T M M 13.3 32 40 M M 1 3 43 40
12 92 58 75 -3 0 10 0.00 M M 7.4 21 140 M M 1 27 140
13 103 63 83 5 0 18 0.00 M M 10.8 22 190 M M 0 29 190
14 108 71 90 12 0 25 0.00 M M 7.3 23 330 M M 0 3 30 330
15 101 75 88 10 0 23 0.00 M M 12.6 26 290 M M 0 33 270
16 100 71 86 8 0 21 0.11 M M 6.9 21 240 M M 2 3 27 260
17 94 66 80 2 0 15 0.00 M M 8.5 14 90 M M 2 18 18 110
18 105 62 84 6 0 19 0.00 M M 11.5 24 190 M M 0 18 39 170
19 99 70 85 7 0 20 0.00 M M 11.4 32 230 M M 0 43 240
20 98 61 80 2 0 15 0.00 M M 6.5 14 130 M M 0 18 120
21 105 66 86 8 0 21 0.10 M M 10.3 41 320 M M 2 38 62 330
22 103 68 86 8 0 21 T M M 12.2 30 190 M M 1 3 39 190
23 109 74 92 14 0 27 0.02 M M 12.4 47 320 M M 0 3 61 320
24 89 68 79 1 0 14 0.00 M M 12.4 22 110 M M 0 29 110
25 72 64 68 -10 0 3 0.58 M M 8.2 18 170 M M 9 12 25 170
26 80 65 73 -5 0 8 0.00 M M 6.6 13 20 M M 8 18 18 10
27 88 64 76 -2 0 11 0.00 M M 6.8 15 110 M M 2 18 25 120
28 81 64 73 -5 0 8 0.01 M M 9.4 41 10 M M 4 3 51 20
29 78 60 69 -9 0 4 T M M 8.2 17 190 M M 4 25 190
30 85 58 72 -6 0 7 0.00 M M 9.0 17 170 M M 3 24 170
31 97 62 80 2 0 15 0.00 M M 6.3 20 340 M M 1 18 26 340
================================================================================
SM 2937 2055 0 490 1.32 M 302.3 M 62
================================================================================
AV 94.7 66.3 9.8 FASTST M M 2 MAX(MPH)
MISC ----> 56 190 84 190
================================================================================
NOTES:
# LAST OF SEVERAL OCCURRENCES
COLUMN 17 PEAK WIND IN M.P.H.
PRELIMINARY LOCAL CLIMATOLOGICAL DATA (WS FORM: F-6) , PAGE 2
STATION: MCCOOK NE
MONTH: JULY
YEAR: 2022
LATITUDE: 40 13 N
LONGITUDE: 100 35 W
[TEMPERATURE DATA] [PRECIPITATION DATA] SYMBOLS USED IN COLUMN 16
AVERAGE MONTHLY: 80.5 TOTAL FOR MONTH: 1.32 1 = FOG OR MIST
DPTR FM NORMAL: 2.9 DPTR FM NORMAL: -2.00 2 = FOG REDUCING VISIBILITY
HIGHEST: 111 ON 10 GRTST 24HR 0.58 ON 25-25 TO 1/4 MILE OR LESS
LOWEST: 58 ON 30,12 3 = THUNDER
SNOW, ICE PELLETS, HAIL 4 = ICE PELLETS
TOTAL MONTH: M 5 = HAIL
GRTST 24HR M ON M 6 = FREEZING RAIN OR DRIZZLE
GRTST DEPTH: M ON M 7 = DUSTSTORM OR SANDSTORM:
VSBY 1/2 MILE OR LESS
8 = SMOKE OR HAZE
[NO. OF DAYS WITH] [WEATHER - DAYS WITH] 9 = BLOWING SNOW
X = TORNADO
MAX 32 OR BELOW: 0 0.01 INCH OR MORE: 9
MAX 90 OR ABOVE: 21 0.10 INCH OR MORE: 5
MIN 32 OR BELOW: 0 0.50 INCH OR MORE: 1
MIN 0 OR BELOW: 0 1.00 INCH OR MORE: 0
[HDD (BASE 65) ]
TOTAL THIS MO. 0 CLEAR (SCALE 0-3) 23
DPTR FM NORMAL -2 PTCLDY (SCALE 4-7) 7
TOTAL FM JUL 1 0 CLOUDY (SCALE 8-10) 1
DPTR FM NORMAL 0
[CDD (BASE 65) ]
TOTAL THIS MO. 490
DPTR FM NORMAL 98 [PRESSURE DATA]
TOTAL FM JAN 1 919 HIGHEST SLP 30.16 ON 29
DPTR FM NORMAL 228 LOWEST SLP 29.63 ON 23
[REMARKS]
#FINAL-07-22#