000
CXUS54 KMAF 011210
CF6MDD
PRELIMINARY LOCAL CLIMATOLOGICAL DATA (WS FORM: F-6)
STATION: MIDLAND AIRPARK
MONTH: JANUARY
YEAR: 2023
LATITUDE: 32 2 N
LONGITUDE: 102 6 W
TEMPERATURE IN F: :PCPN: SNOW: WIND :SUNSHINE: SKY :PK WND
================================================================================
1 2 3 4 5 6A 6B 7 8 9 10 11 12 13 14 15 16 17 18
12Z AVG MX 2MIN
DY MAX MIN AVG DEP HDD CDD WTR SNW DPTH SPD SPD DIR MIN PSBL S-S WX SPD DR
================================================================================
1 76 51 64 M 1 0 M M M 9.6 14 170 M M 0 23 170
2 76 50 63 M 2 0 M M M 12.5 29 290 M M 1 40 310
3 58 44 51 M 14 0 M M M 13.4 17 250 M M 0 28 260
4 65 40 53 M 12 0 M M M 12.2 21 260 M M 0 29 260
5 65 32 49 M 16 0 M M M 6.0 9 170 M M 0 M M
6 78 49 64 M 1 0 M M M 9.7 15 190 M M 0 22 190
7 60 39 50 M 15 0 M M M 7.7 14 10 M M 1 17 10
8 65 31 48 M 17 0 M M M 4.7 8 170 M M 0 M M
9 74 37 56 M 9 0 M M M 5.8 16 270 M M 0 22 270
10 79 45 62 M 3 0 M M M 12.4 23 260 M M 0 29 260
11 74 48 61 M 4 0 M M M 13.3 29 250 M M 0 38 260
12 57 38 48 M 17 0 M M M 10.5 17 360 M M 0 23 360
13 64 31 48 M 17 0 M M M 6.2 13 160 M M 0 17 190
14 71 42 57 M 8 0 M M M 14.0 23 190 M M 0 29 190
15 72 49 61 M 4 0 M M M 11.1 17 180 M M 3 23 180
16 69 51 60 M 5 0 M M M 15.4 28 250 M M 3 41 260
17 69 53 61 M 4 0 M M M 10.1 22 250 M M 4 31 260
18 61 41 51 M 14 0 0.02 M M 16.9 32 260 M M 1 41 270
19 58 32 45 M 20 0 M M M 6.6 14 270 M M 0 22 260
20 67 36 52 M 13 0 M M M 10.5 18 150 M M 0 24 150
21 59 32 46 M 19 0 M M M 10.5 20 300 M M 0 25 300
22 53 26 40 M 25 0 M M M 5.6 10 280 M M 0 M M
23 58 32 45 M 20 0 M M M 16.8 31 150 M M 3 40 150
24 41 33 37 M 28 0 0.01 M M 11.5 18 70 M M 9 1 28 110
25 47 29 38 M 27 0 M M M 8.4 14 350 M M 3 18 330
26 48 26 37 M 28 0 M M M 4.1 9 20 M M 0 M M
27 58 26 42 M 23 0 M M M 9.5 17 230 M M 0 24 210
28 68 35 52 M 13 0 M M M 12.1 18 250 M M 0 26 250
29 48 28 38 M 27 0 M M M 10.2 17 70 M M 7 22 50
30 28 21 25 M 40 0 M M M 11.4 16 40 M M 10 1 21 50
31 24 20 22 M 43 0 M M M 10.5 15 30 M M 10 1 20 40
================================================================================
SM 1890 1147 489 0 0.03 M 319.1 M 55
================================================================================
AV 61.0 37.0 10.3 FASTST M M 2 MAX(MPH)
MISC ----> 32 260 # 41 260
================================================================================
NOTES:
# LAST OF SEVERAL OCCURRENCES
COLUMN 17 PEAK WIND IN M.P.H.
PRELIMINARY LOCAL CLIMATOLOGICAL DATA (WS FORM: F-6) , PAGE 2
STATION: MIDLAND AIRPARK
MONTH: JANUARY
YEAR: 2023
LATITUDE: 32 2 N
LONGITUDE: 102 6 W
[TEMPERATURE DATA] [PRECIPITATION DATA] SYMBOLS USED IN COLUMN 16
AVERAGE MONTHLY: 49.0 TOTAL FOR MONTH: 0.03 1 = FOG OR MIST
DPTR FM NORMAL: 0.0 DPTR FM NORMAL: M 2 = FOG REDUCING VISIBILITY
HIGHEST: 79 ON 10 GRTST 24HR 0.11 ON 23-24 TO 1/4 MILE OR LESS
LOWEST: 20 ON 31 3 = THUNDER
SNOW, ICE PELLETS, HAIL 4 = ICE PELLETS
TOTAL MONTH: M 5 = HAIL
GRTST 24HR M ON M 6 = FREEZING RAIN OR DRIZZLE
GRTST DEPTH: M ON M 7 = DUSTSTORM OR SANDSTORM:
VSBY 1/2 MILE OR LESS
8 = SMOKE OR HAZE
[NO. OF DAYS WITH] [WEATHER - DAYS WITH] 9 = BLOWING SNOW
X = TORNADO
MAX 32 OR BELOW: 2 0.01 INCH OR MORE: 2
MAX 90 OR ABOVE: 0 0.10 INCH OR MORE: 0
MIN 32 OR BELOW: 13 0.50 INCH OR MORE: 0
MIN 0 OR BELOW: 0 1.00 INCH OR MORE: 0
[HDD (BASE 65) ]
TOTAL THIS MO. 489 CLEAR (SCALE 0-3) 24
DPTR FM NORMAL M PTCLDY (SCALE 4-7) 4
TOTAL FM JUL 1 1480 CLOUDY (SCALE 8-10) 3
DPTR FM NORMAL M
[CDD (BASE 65) ]
TOTAL THIS MO. 0
DPTR FM NORMAL M [PRESSURE DATA]
TOTAL FM JAN 1 0 HIGHEST SLP M ON M
DPTR FM NORMAL M LOWEST SLP M ON M
[REMARKS]
#FINAL-01-23#