000
CXUS53 KPAH 020001
CF6MDH
PRELIMINARY LOCAL CLIMATOLOGICAL DATA (WS FORM: F-6)
STATION: CARBONDALE IL
MONTH: NOVEMBER
YEAR: 2021
LATITUDE: 37 46 N
LONGITUDE: 89 15 W
TEMPERATURE IN F: :PCPN: SNOW: WIND :SUNSHINE: SKY :PK WND
================================================================================
1 2 3 4 5 6A 6B 7 8 9 10 11 12 13 14 15 16 17 18
12Z AVG MX 2MIN
DY MAX MIN AVG DEP HDD CDD WTR SNW DPTH SPD SPD DIR MIN PSBL S-S WX SPD DR
================================================================================
1 54 34 44 -7 21 0 T M M 4.4 10 360 M M 4 1 15 350
2 52 34 43 -8 22 0 0.00 M M 5.3 15 360 M M 4 25 10
3 52 28 40 -10 25 0 0.00 M M 2.2 10 20 M M 0 1 18 40
4 53 26 40 -10 25 0 0.00 M M 1.4 12 70 M M 0 1 16 10
5 56 25 41 -9 24 0 0.00 M M 1.8 10 120 M M 1 12 14 90
6 61 25 43 -6 22 0 0.00 M M 1.7 8 220 M M 0 18 12 210
7 66 30 48 -1 17 0 0.00 M M 4.6 12 180 M M 0 1 17 180
8 72 38 55 7 10 0 0.00 M M 9.1 18 200 M M 0 24 200
9 67 47 57 9 8 0 0.00 M M 6.8 14 230 M M 3 19 230
10 70 45 58 10 7 0 0.00 M M 7.2 18 200 M M 2 12 24 180
11 61 36 49 2 16 0 0.75 M M 9.4 22 180 M M 5 13 31 190
12 55 36 46 -1 19 0 T M M 12.2 24 230 M M 6 34 220
13 41 29 35 -11 30 0 T M M 4.0 8 320 M M 7 8 320
14 55 30 43 -3 22 0 T M M 8.9 23 320 M M 5 1 34 300
15 57 27 42 -4 23 0 0.00 M M 7.0 25 190 M M 3 35 180
16 72 38 55 10 10 0 0.00 M M 11.3 29 190 M M 2 18 37 190
17 67 43 55 10 10 0 0.07 M M 17.0 30 210 M M 8 1 40 190
18 50 27 39 -5 26 0 T M M 7.0 18 320 M M 2 1 28 320
19 47 22 35 -9 30 0 0.00 M M 3.1 10 130 M M 0 15 130
20 56 33 45 1 20 0 0.00 M M 8.4 22 200 M M 5 29 190
21 54 37 46 2 19 0 T M M 5.0 21 360 M M 6 12 31 360
22 41 23 32 -11 33 0 0.00 M M 5.6 16 350 M M 0 25 340
23 49 20 35 -8 30 0 0.00 M M 6.3 17 170 M M 0 22 190
24 61 40 51 9 14 0 0.00 M M 16.7 32 200 M M 2 44 190
25 56 25 41 -1 24 0 0.17 M M 11.0 23 210 M M 7 1 29 200
26 43 20 32 -10 33 0 0.00 M M 5.4 13 200 M M 0 15 200
27 58 31 45 3 20 0 0.00 M M 8.1 17 200 M M 0 23 210
28 52 25 39 -2 26 0 0.00 M M 7.5 17 340 M M 0 22 320
29 53 22 38 -3 27 0 0.00 M M 8.6 21 200 M M 0 29 220
30 60 34 47 6 18 0 0.00 M M 3.3 15 200 M M 1 20 230
================================================================================
SM 1691 930 631 0 0.99 M 210.3 M 73
================================================================================
AV 56.4 31.0 7.0 FASTST M M 2 MAX(MPH)
MISC ----> 32 200 44 190
================================================================================
NOTES:
# LAST OF SEVERAL OCCURRENCES
COLUMN 17 PEAK WIND IN M.P.H.
PRELIMINARY LOCAL CLIMATOLOGICAL DATA (WS FORM: F-6) , PAGE 2
STATION: CARBONDALE IL
MONTH: NOVEMBER
YEAR: 2021
LATITUDE: 37 46 N
LONGITUDE: 89 15 W
[TEMPERATURE DATA] [PRECIPITATION DATA] SYMBOLS USED IN COLUMN 16
AVERAGE MONTHLY: 43.7 TOTAL FOR MONTH: 0.99 1 = FOG OR MIST
DPTR FM NORMAL: -1.9 DPTR FM NORMAL: -2.88 2 = FOG REDUCING VISIBILITY
HIGHEST: 72 ON 16, 8 GRTST 24HR 0.75 ON 11-11 TO 1/4 MILE OR LESS
LOWEST: 20 ON 26,23 3 = THUNDER
SNOW, ICE PELLETS, HAIL 4 = ICE PELLETS
TOTAL MONTH: M 5 = HAIL
GRTST 24HR M ON M 6 = FREEZING RAIN OR DRIZZLE
GRTST DEPTH: M ON M 7 = DUSTSTORM OR SANDSTORM:
VSBY 1/2 MILE OR LESS
8 = SMOKE OR HAZE
[NO. OF DAYS WITH] [WEATHER - DAYS WITH] 9 = BLOWING SNOW
X = TORNADO
MAX 32 OR BELOW: 0 0.01 INCH OR MORE: 3
MAX 90 OR ABOVE: 0 0.10 INCH OR MORE: 2
MIN 32 OR BELOW: 17 0.50 INCH OR MORE: 1
MIN 0 OR BELOW: 0 1.00 INCH OR MORE: 0
[HDD (BASE 65) ]
TOTAL THIS MO. 631 CLEAR (SCALE 0-3) 20
DPTR FM NORMAL 47 PTCLDY (SCALE 4-7) 10
TOTAL FM JUL 1 803 CLOUDY (SCALE 8-10) 0
DPTR FM NORMAL -97
[CDD (BASE 65) ]
TOTAL THIS MO. 0
DPTR FM NORMAL -2 [PRESSURE DATA]
TOTAL FM JAN 1 1492 HIGHEST SLP 30.59 ON 19
DPTR FM NORMAL 122 LOWEST SLP 29.72 ON 11
[REMARKS]
#FINAL-11-21#