000
CXUS55 KPAH 011847
CF6MDH
PRELIMINARY LOCAL CLIMATOLOGICAL DATA (WS FORM: F-6)
STATION: CARBONDALE IL
MONTH: SEPTEMBER
YEAR: 2020
LATITUDE: 37 46 N
LONGITUDE: 89 15 W
TEMPERATURE IN F: :PCPN: SNOW: WIND :SUNSHINE: SKY :PK WND
================================================================================
1 2 3 4 5 6A 6B 7 8 9 10 11 12 13 14 15 16 17 18
12Z AVG MX 2MIN
DY MAX MIN AVG DEP HDD CDD WTR SNW DPTH SPD SPD DIR MIN PSBL S-S WX SPD DR
================================================================================
1 75 64 70 -4 0 5 0.33 M M 5.0 15 150 M M 6 12 23 160
2 81 71 76 3 0 11 M M M 4.0 7 220 M M 5 1 M M
3 84 71 78 5 0 13 T M M 6.6 14 330 M M 5 1 20 330
4 81 59 70 -3 0 5 0.00 M M 4.2 12 330 M M 2 18 18 360
5 84 55 70 -2 0 5 0.00 M M 2.0 10 210 M M 1 12 15 190
6 85 58 72 0 0 7 0.00 M M 7.3 20 200 M M 0 1 24 200
7 88 68 78 6 0 13 0.00 M M 8.4 16 170 M M 0 22 240
8 87 66 77 6 0 12 0.00 M M 4.5 15 200 M M 1 12 19 180
9 89 63 76 5 0 11 0.00 M M 1.7 9 240 M M 3 12 13 180
10 90 63 77 7 0 12 0.00 M M 1.5 6 10 M M 4 12 10 250
11 86 67 77 7 0 12 0.00 M M 4.1 10 80 M M 3 128 14 80
12 88 67 78 8 0 13 2.11 M M 4.3 20 320 M M 7 1238 26 320
13 81 64 73 4 0 8 0.01 M M 3.8 12 340 M M 6 12 15 340
14 83 59 71 2 0 6 0.00 M M 5.0 13 20 M M 0 1 19 50
15 80 57 69 1 0 4 0.00 M M 3.7 12 50 M M 0 1 16 50
16 83 56 70 2 0 5 0.00 M M 1.9 7 330 M M 3 1 10 40
17 83 54 69 1 0 4 0.00 M M 5.4 15 350 M M 1 12 20 360
18 73 51 62 -5 3 0 0.00 M M 8.1 17 40 M M 0 23 40
19 72 44 58 -9 7 0 0.00 M M 3.8 13 90 M M 0 19 40
20 77 42 60 -6 5 0 0.00 M M 3.2 13 70 M M 0 1 25 80
21 77 45 61 -5 4 0 0.00 M M 2.3 13 190 M M 2 12 17 190
22 71 49 60 -6 5 0 0.00 M M 2.4 9 190 M M 2 12 13 140
23 69 53 61 -4 4 0 0.01 M M 2.6 9 170 M M 4 1 13 170
24 76 54 65 0 0 0 T M M 4.0 13 110 M M 7 128 18 150
25 72 53 63 -1 2 0 0.00 M M 3.8 16 190 M M 9 12 22 210
26 77 65 71 7 0 6 0.00 M M 11.6 21 210 M M 5 18 26 210
27 80 60 70 6 0 5 0.00 M M 8.9 20 330 M M 2 29 330
28 69 50 60 -3 5 0 0.53 M M 8.5 20 350 M M 7 1 27 340
29 67 45 56 -7 9 0 0.00 M M 5.1 14 320 M M 4 19 330
30 83 47 65 3 0 0 0.00 M M 9.4 23 350 M M 1 31 230
================================================================================
SM 2391 1720 44 157 2.99 M 147.1 M 90
================================================================================
AV 79.7 57.3 4.9 FASTST M M 3 MAX(MPH)
MISC ----> 23 350 31 230
================================================================================
NOTES:
# LAST OF SEVERAL OCCURRENCES
COLUMN 17 PEAK WIND IN M.P.H.
PRELIMINARY LOCAL CLIMATOLOGICAL DATA (WS FORM: F-6) , PAGE 2
STATION: CARBONDALE IL
MONTH: SEPTEMBER
YEAR: 2020
LATITUDE: 37 46 N
LONGITUDE: 89 15 W
[TEMPERATURE DATA] [PRECIPITATION DATA] SYMBOLS USED IN COLUMN 16
AVERAGE MONTHLY: 68.5 TOTAL FOR MONTH: 2.99 1 = FOG OR MIST
DPTR FM NORMAL: 0.4 DPTR FM NORMAL: -0.43 2 = FOG REDUCING VISIBILITY
HIGHEST: 90 ON 10 GRTST 24HR 2.12 ON 12-13 TO 1/4 MILE OR LESS
LOWEST: 42 ON 20 3 = THUNDER
SNOW, ICE PELLETS, HAIL 4 = ICE PELLETS
TOTAL MONTH: M 5 = HAIL
GRTST 24HR M ON M 6 = FREEZING RAIN OR DRIZZLE
GRTST DEPTH: M ON M 7 = DUSTSTORM OR SANDSTORM:
VSBY 1/2 MILE OR LESS
8 = SMOKE OR HAZE
[NO. OF DAYS WITH] [WEATHER - DAYS WITH] 9 = BLOWING SNOW
X = TORNADO
MAX 32 OR BELOW: 0 0.01 INCH OR MORE: 5
MAX 90 OR ABOVE: 1 0.10 INCH OR MORE: 3
MIN 32 OR BELOW: 0 0.50 INCH OR MORE: 2
MIN 0 OR BELOW: 0 1.00 INCH OR MORE: 1
[HDD (BASE 65) ]
TOTAL THIS MO. 44 CLEAR (SCALE 0-3) 18
DPTR FM NORMAL -5 PTCLDY (SCALE 4-7) 11
TOTAL FM JUL 1 44 CLOUDY (SCALE 8-10) 1
DPTR FM NORMAL -4
[CDD (BASE 65) ]
TOTAL THIS MO. 157
DPTR FM NORMAL 14 [PRESSURE DATA]
TOTAL FM JAN 1 1426 HIGHEST SLP 30.36 ON 21
DPTR FM NORMAL 86 LOWEST SLP 29.74 ON 27
[REMARKS]
#FINAL-09-20#