000
CXUS51 KCTP 011239
CF6MDT
PRELIMINARY LOCAL CLIMATOLOGICAL DATA (WS FORM: F-6)
STATION: HARRISBURG PA
MONTH: MAY
YEAR: 2021
LATITUDE: 40 11 N
LONGITUDE: 76 46 W
TEMPERATURE IN F: :PCPN: SNOW: WIND :SUNSHINE: SKY :PK WND
================================================================================
1 2 3 4 5 6A 6B 7 8 9 10 11 12 13 14 15 16 17 18
12Z AVG MX 2MIN
DY MAX MIN AVG DEP HDD CDD WTR SNW DPTH SPD SPD DIR MIN PSBL S-S WX SPD DR
================================================================================
1 69 45 57 -2 8 0 0.00 0.0 0 13.9 30 310 M M 3 38 310
2 87 55 71 12 0 6 0.00 0.0 0 8.8 23 290 M M 8 8 32 270
3 70 58 64 4 1 0 0.89 0.0 0 4.6 17 300 M M 10 18 23 300
4 84 58 71 11 0 6 0.02 0.0 0 5.0 16 210 M M 8 128 22 210
5 72 54 63 3 2 0 0.40 0.0 0 11.8 25 300 M M 8 1 33 310
6 64 49 57 -3 8 0 0.00 0.0 0 8.5 21 300 M M 6 8 25 310
7 63 46 55 -6 10 0 0.25 0.0 0 6.3 16 300 M M 7 1 20 190
8 58 42 50 -11 15 0 0.03 0.0 0 11.3 30 320 M M 5 1 37 320
9 53 45 49 -12 16 0 0.06 0.0 0 7.1 15 120 M M 8 1 20 140
10 64 47 56 -6 9 0 T 0.0 0 11.3 21 310 M M 7 1 25 320
11 63 47 55 -7 10 0 0.00 0.0 0 10.4 23 290 M M 6 32 290
12 69 45 57 -5 8 0 0.00 0.0 0 9.8 16 330 M M 3 23 310
13 71 44 58 -5 7 0 0.00 0.0 0 7.3 16 340 M M 3 22 340
14 74 47 61 -2 4 0 0.00 0.0 0 3.5 9 200 M M 4 13 350
15 77 48 63 0 2 0 0.00 0.0 0 3.5 10 290 M M 3 8 12 300
16 69 50 60 -3 5 0 0.03 0.0 0 4.6 20 210 M M 8 22 210
17 74 49 62 -2 3 0 0.00 0.0 0 2.6 12 150 M M 6 18 16 190
18 81 51 66 2 0 1 0.00 0.0 0 3.4 15 230 M M 1 18 17 230
19 87 55 71 7 0 6 0.00 0.0 0 1.9 9 280 M M 2 8 11 290
20 88 60 74 10 0 9 0.00 0.0 0 6.3 18 130 M M 5 8 21 130
21 86 57 72 7 0 7 0.00 0.0 0 5.4 16 220 M M 3 21 230
22 88 63 76 11 0 11 T 0.0 0 7.5 21 290 M M 7 27 290
23 93 70 82 17 0 17 0.00 0.0 0 10.0 22 290 M M 7 27 310
24 73 59 66 0 0 1 0.14 0.0 0 9.0 16 130 M M 10 1 19 130
25 77 59 68 2 0 3 0.00 0.0 0 4.9 10 180 M M 8 8 14 180
26 92 64 78 12 0 13 0.11 0.0 0 5.3 41 300 M M 7 38 52 290
27 82 64 73 6 0 8 0.00 0.0 0 6.7 18 290 M M 5 8 21 320
28 72 51 62 -5 3 0 0.73 0.0 0 8.4 21 140 M M 9 1 25 110
29 52 49 51 -16 14 0 0.42 0.0 0 8.3 15 70 M M 10 18 20 50
30 56 49 53 -15 12 0 T 0.0 0 5.8 14 80 M M 10 17 80
31 74 50 62 -6 3 0 0.00 0.0 0 7.8 16 320 M M 3 23 310
================================================================================
SM 2282 1630 140 88 3.08 0.0 221.0 M 190
================================================================================
AV 73.6 52.6 7.1 FASTST M M 6 MAX(MPH)
MISC ----> 41 300 52 290
================================================================================
NOTES:
# LAST OF SEVERAL OCCURRENCES
COLUMN 17 PEAK WIND IN M.P.H.
PRELIMINARY LOCAL CLIMATOLOGICAL DATA (WS FORM: F-6) , PAGE 2
STATION: HARRISBURG PA
MONTH: MAY
YEAR: 2021
LATITUDE: 40 11 N
LONGITUDE: 76 46 W
[TEMPERATURE DATA] [PRECIPITATION DATA] SYMBOLS USED IN COLUMN 16
AVERAGE MONTHLY: 63.1 TOTAL FOR MONTH: 3.08 1 = FOG OR MIST
DPTR FM NORMAL: -0.3 DPTR FM NORMAL: -0.75 2 = FOG REDUCING VISIBILITY
HIGHEST: 93 ON 23 GRTST 24HR 1.15 ON 28-29 TO 1/4 MILE OR LESS
LOWEST: 42 ON 8 3 = THUNDER
SNOW, ICE PELLETS, HAIL 4 = ICE PELLETS
TOTAL MONTH: 0.0 INCH 5 = HAIL
GRTST 24HR 0.0 6 = FREEZING RAIN OR DRIZZLE
GRTST DEPTH: 0 7 = DUSTSTORM OR SANDSTORM:
VSBY 1/2 MILE OR LESS
8 = SMOKE OR HAZE
[NO. OF DAYS WITH] [WEATHER - DAYS WITH] 9 = BLOWING SNOW
X = TORNADO
MAX 32 OR BELOW: 0 0.01 INCH OR MORE: 11
MAX 90 OR ABOVE: 2 0.10 INCH OR MORE: 7
MIN 32 OR BELOW: 0 0.50 INCH OR MORE: 2
MIN 0 OR BELOW: 0 1.00 INCH OR MORE: 0
[HDD (BASE 65) ]
TOTAL THIS MO. 140 CLEAR (SCALE 0-3) 6
DPTR FM NORMAL 19 PTCLDY (SCALE 4-7) 17
TOTAL FM JUL 1 4428 CLOUDY (SCALE 8-10) 8
DPTR FM NORMAL -585
[CDD (BASE 65) ]
TOTAL THIS MO. 88
DPTR FM NORMAL 16 [PRESSURE DATA]
TOTAL FM JAN 1 100 HIGHEST SLP 30.53 ON 21
DPTR FM NORMAL 18 LOWEST SLP 29.62 ON 4
[REMARKS]
#FINAL-05-21#
CORRECTED MISSING/INCORRECT SNOWFALL DATA.