000
CXUS53 KARX 010900
CF6MDZ
PRELIMINARY LOCAL CLIMATOLOGICAL DATA (WS FORM: F-6)
STATION: MEDFORD WI
MONTH: APRIL
YEAR: 2023
LATITUDE: 45 5 N
LONGITUDE: 90 18 W
TEMPERATURE IN F: :PCPN: SNOW: WIND :SUNSHINE: SKY :PK WND
================================================================================
1 2 3 4 5 6A 6B 7 8 9 10 11 12 13 14 15 16 17 18
12Z AVG MX 2MIN
DY MAX MIN AVG DEP HDD CDD WTR SNW DPTH SPD SPD DIR MIN PSBL S-S WX SPD DR
================================================================================
1 35 19 27 M 38 0 M M M 10.6 25 350 M M 4 32 350
2 45 18 32 M 33 0 M M M 10.4 20 140 M M 3 24 140
3 44 31 38 M 27 0 M M M 7.0 12 280 M M 1 16 260
4 35 29 32 M 33 0 0.36 0.0 M 17.1 25 90 M M 9 3 33 90
5 37 24 31 M 34 0 M M M 15.3 21 250 M M 10 36 240
6 34 22 28 M 37 0 0.00 0.0 M 14.2 22 270 M M 4 33 260
7 41 15 28 M 37 0 0.06 M M 5.3 9 100 M M 4 16 120
8 47 32 40 M 25 0 M M M 7.1 10 100 M M 3 M M
9 59 32 46 M 19 0 0.00 0.0 0 7.2 10 210 M M 2 M M
10 64 37 51 M 14 0 0.00 M M 7.0 12 200 M M 3 17 270
11 72 38 55 M 10 0 0.00 M M 7.4 12 240 M M 0 20 220
12 81 54 68 M 0 3 0.00 M M 10.8 14 220 M M 0 24 220
13 79 52 66 M 0 1 0.00 M M 8.7 16 200 M M 0 22 190
14 78 48 63 M 2 0 0.00 M M 9.7 20 210 M M 0 30 210
15 74 46 60 M 5 0 0.17 M M 7.8 13 260 M M 5 3 21 220
16 46 26 36 M 29 0 0.58 M M 13.3 18 350 M M 10 27 340
17 31 25 28 M 37 0 M M M 16.0 22 340 M M 10 31 340
18 46 23 35 M 30 0 M M M 8.5 14 330 M M 2 22 330
19 34 30 32 M 33 0 0.44 M M 11.1 18 80 M M 8 24 80
20 47 34 41 M 24 0 0.50 M M 11.2 17 80 M M 10 28 100
21 40 31 36 M 29 0 M M M 10.3 15 200 M M 8 24 230
22 39 30 35 M 30 0 M M M 8.5 17 330 M M 10 23 330
23 41 29 35 M 30 0 M M M 6.6 13 330 M M 9 21 320
24 42 25 34 M 31 0 0.05 M M 3.2 10 240 M M 6 M M
25 44 26 35 M 30 0 M M M 7.0 12 360 M M 4 M M
26 49 25 37 M 28 0 M M M 4.0 12 160 M M 3 M M
27 55 40 48 M 17 0 0.00 0.0 0 11.0 20 210 M M 9 24 210
28 67 44 56 M 9 0 0.10 M M 7.5 14 300 M M 8 24 150
29 44 34 39 M 26 0 0.30 0.0 0 12.3 18 330 M M 10 28 330
30 38 32 35 M 30 0 0.01 T 0 15.5 23 330 M M 10 28 340
================================================================================
SM 1488 951 727 4 2.57 T 291.6 M 165
================================================================================
AV 49.6 31.7 9.7 FASTST M M 6 MAX(MPH)
MISC ----> # 25 350 36 240
================================================================================
NOTES:
# LAST OF SEVERAL OCCURRENCES
COLUMN 17 PEAK WIND IN M.P.H.
PRELIMINARY LOCAL CLIMATOLOGICAL DATA (WS FORM: F-6) , PAGE 2
STATION: MEDFORD WI
MONTH: APRIL
YEAR: 2023
LATITUDE: 45 5 N
LONGITUDE: 90 18 W
[TEMPERATURE DATA] [PRECIPITATION DATA] SYMBOLS USED IN COLUMN 16
AVERAGE MONTHLY: 40.7 TOTAL FOR MONTH: 2.57 1 = FOG OR MIST
DPTR FM NORMAL: 0.0 DPTR FM NORMAL: M 2 = FOG REDUCING VISIBILITY
HIGHEST: 81 ON 12 GRTST 24HR 0.58 ON 16-16 TO 1/4 MILE OR LESS
LOWEST: 15 ON 7 3 = THUNDER
SNOW, ICE PELLETS, HAIL 4 = ICE PELLETS
TOTAL MONTH: T 5 = HAIL
GRTST 24HR T ON 30-30 6 = FREEZING RAIN OR DRIZZLE
GRTST DEPTH: 0 7 = DUSTSTORM OR SANDSTORM:
VSBY 1/2 MILE OR LESS
8 = SMOKE OR HAZE
[NO. OF DAYS WITH] [WEATHER - DAYS WITH] 9 = BLOWING SNOW
X = TORNADO
MAX 32 OR BELOW: 1 0.01 INCH OR MORE: 10
MAX 90 OR ABOVE: 0 0.10 INCH OR MORE: 7
MIN 32 OR BELOW: 20 0.50 INCH OR MORE: 2
MIN 0 OR BELOW: 0 1.00 INCH OR MORE: 0
[HDD (BASE 65) ]
TOTAL THIS MO. 727 CLEAR (SCALE 0-3) 8
DPTR FM NORMAL M PTCLDY (SCALE 4-7) 10
TOTAL FM JUL 1 7959 CLOUDY (SCALE 8-10) 12
DPTR FM NORMAL M
[CDD (BASE 65) ]
TOTAL THIS MO. 4
DPTR FM NORMAL M [PRESSURE DATA]
TOTAL FM JAN 1 4 HIGHEST SLP M ON M
DPTR FM NORMAL M LOWEST SLP M ON M
[REMARKS]
#FINAL-04-23#