000
CXUS53 KARX 011654
CF6MDZ
PRELIMINARY LOCAL CLIMATOLOGICAL DATA (WS FORM: F-6)
STATION: MEDFORD WI
MONTH: DECEMBER
YEAR: 2020
LATITUDE: 45 5 N
LONGITUDE: 90 18 W
TEMPERATURE IN F: :PCPN: SNOW: WIND :SUNSHINE: SKY :PK WND
================================================================================
1 2 3 4 5 6A 6B 7 8 9 10 11 12 13 14 15 16 17 18
12Z AVG MX 2MIN
DY MAX MIN AVG DEP HDD CDD WTR SNW DPTH SPD SPD DIR MIN PSBL S-S WX SPD DR
================================================================================
1 34 9 22 M 43 0 0.00 0.0 0 2.9 7 340 M M 0 M M
2 40 12 26 M 39 0 0.00 0.0 0 6.6 17 320 M M 1 25 260
3 37 27 32 M 33 0 0.00 0.0 0 9.3 13 290 M M 7 20 300
4 37 15 26 M 39 0 0.00 0.0 0 5.2 10 360 M M 0 M M
5 27 12 20 M 45 0 0.00 0.0 0 1.7 6 160 M M 7 M M
6 28 10 19 M 46 0 0.00 0.0 0 3.6 10 340 M M 6 1 M M
7 29 27 28 M 37 0 0.00 0.0 0 2.6 8 10 M M 10 M M
8 30 24 27 M 38 0 0.00 0.0 0 7.5 13 230 M M 9 1 17 220
9 44 22 33 M 32 0 0.00 0.0 0 4.3 9 290 M M 1 1 M M
10 47 21 34 M 31 0 0.00 0.0 0 6.8 14 210 M M 1 20 210
11 35 23 29 M 36 0 0.00 0.0 0 9.6 12 50 M M 3 21 50
12 28 20 24 M 41 0 0.00 0.0 0 11.4 17 30 M M 7 25 40
13 22 17 20 M 45 0 M M 0 7.1 12 270 M M 10 21 260
14 21 1 11 M 54 0 M M M 9.0 15 300 M M 4 22 300
15 17 -3 7 M 58 0 0.00 0.0 M 3.5 7 160 M M 6 M M
16 28 13 21 M 44 0 M M M 2.7 9 190 M M 7 M M
17 28 14 21 M 44 0 0.00 0.0 M 2.6 8 180 M M 6 M M
18 31 13 22 M 43 0 M M M 8.2 16 160 M M 7 1 22 160
19 31 26 29 M 36 0 M M M 3.0 7 220 M M 10 1 M M
20 28 19 24 M 41 0 0.00 0.0 M 6.8 10 260 M M 8 1 18 220
21 33 26 30 M 35 0 M M M 9.5 17 320 M M 10 22 320
22 32 23 28 M 37 0 0.00 0.0 M 8.8 14 150 M M 7 24 150
23 42 15 29 M 36 0 M M M 12.5 24 200 M M 8 31 200
24 15 -1 7 M 58 0 M M M 12.0 18 330 M M 8 8 29 330
25 11 1 6 M 59 0 M M M 7.9 10 320 M M 6 20 260
26 22 6 14 M 51 0 T T M 4.4 8 280 M M 7 M M
27 24 11 18 M 47 0 M M M 6.8 12 350 M M 9 17 340
28 19 3 11 M 54 0 M M M 8.8 16 280 M M 7 22 280
29 20 -7 7 M 58 0 M M M 4.5 12 120 M M 4 22 120
30 22 18 20 M 45 0 M M M 11.4 18 270 M M 10 1 28 260
31 18 1 10 M 55 0 M M M 5.1 9 310 M M 6 1 M M
================================================================================
SM 880 418 1360 0 T T 206.1 M 192
================================================================================
AV 28.4 13.5 6.6 FASTST M M 6 MAX(MPH)
MISC ----> 24 200 31 200
================================================================================
NOTES:
# LAST OF SEVERAL OCCURRENCES
COLUMN 17 PEAK WIND IN M.P.H.
PRELIMINARY LOCAL CLIMATOLOGICAL DATA (WS FORM: F-6) , PAGE 2
STATION: MEDFORD WI
MONTH: DECEMBER
YEAR: 2020
LATITUDE: 45 5 N
LONGITUDE: 90 18 W
[TEMPERATURE DATA] [PRECIPITATION DATA] SYMBOLS USED IN COLUMN 16
AVERAGE MONTHLY: 20.9 TOTAL FOR MONTH: T 1 = FOG OR MIST
DPTR FM NORMAL: 0.0 DPTR FM NORMAL: M 2 = FOG REDUCING VISIBILITY
HIGHEST: 47 ON 10 GRTST 24HR T ON 26-26 TO 1/4 MILE OR LESS
LOWEST: -7 ON 29 3 = THUNDER
SNOW, ICE PELLETS, HAIL 4 = ICE PELLETS
TOTAL MONTH: T 5 = HAIL
GRTST 24HR T ON 26-26 6 = FREEZING RAIN OR DRIZZLE
GRTST DEPTH: 0 7 = DUSTSTORM OR SANDSTORM:
VSBY 1/2 MILE OR LESS
8 = SMOKE OR HAZE
[NO. OF DAYS WITH] [WEATHER - DAYS WITH] 9 = BLOWING SNOW
X = TORNADO
MAX 32 OR BELOW: 22 0.01 INCH OR MORE: 0
MAX 90 OR ABOVE: 0 0.10 INCH OR MORE: 0
MIN 32 OR BELOW: 31 0.50 INCH OR MORE: 0
MIN 0 OR BELOW: 3 1.00 INCH OR MORE: 0
[HDD (BASE 65) ]
TOTAL THIS MO. 1360 CLEAR (SCALE 0-3) 6
DPTR FM NORMAL M PTCLDY (SCALE 4-7) 17
TOTAL FM JUL 1 3572 CLOUDY (SCALE 8-10) 8
DPTR FM NORMAL M
[CDD (BASE 65) ]
TOTAL THIS MO. 0
DPTR FM NORMAL M [PRESSURE DATA]
TOTAL FM JAN 1 253 HIGHEST SLP M ON M
DPTR FM NORMAL M LOWEST SLP M ON M
[REMARKS]
#FINAL-12-20#