293
CXUS56 KPDT 011910
CF6MEH
PRELIMINARY LOCAL CLIMATOLOGICAL DATA (WS FORM: F-6)
STATION: MEACHAM OR
MONTH: JANUARY
YEAR: 2021
LATITUDE: 45 30 N
LONGITUDE: 118 24 W
TEMPERATURE IN F: :PCPN: SNOW: WIND :SUNSHINE: SKY :PK WND
================================================================================
1 2 3 4 5 6A 6B 7 8 9 10 11 12 13 14 15 16 17 18
12Z AVG MX 2MIN
DY MAX MIN AVG DEP HDD CDD WTR SNW DPTH SPD SPD DIR MIN PSBL S-S WX SPD DR
================================================================================
1 37 33 35 8 30 0 0.11 M M 1.1 5 170 M M 7 1 14 190
2 37 29 33 5 32 0 0.24 M M 0.0 6 230 M M 10 1 10 170
3 43 29 36 8 29 0 0.18 M M 1.0 7 260 M M 6 1 25 270
4 40 33 37 9 28 0 0.21 M M 1.5 10 280 M M 9 1 25 80
5 40 26 33 5 32 0 T M M 0.5 7 130 M M 6 24 90
6 39 33 36 8 29 0 0.19 M M 0.8 6 90 M M 10 1 16 230
7 39 32 36 8 29 0 0.19 M M 0.0 5 220 M M 7 16 9 110
8 36 32 34 6 31 0 0.16 M M 0.8 6 120 M M 7 1 22 150
9 36 27 32 4 33 0 0.01 M M 0.1 3 200 M M 6 18 8 90
10 39 29 34 5 31 0 0.00 M M 0.1 3 210 M M 3 8 200
11 36 28 32 3 33 0 0.00 M M 0.3 6 200 M M 4 18 110
12 41 33 37 8 28 0 1.28 M M 0.5 7 240 M M 10 16 20 200
13 47 25 36 7 29 0 0.35 M M 3.0 13 280 M M 3 1 35 340
14 43 25 34 5 31 0 0.00 M M 0.0 3 230 M M 5 9 150
15 45 29 37 8 28 0 0.05 M M 0.0 5 280 M M 7 1 9 270
16 45 23 34 5 31 0 0.00 M M 0.2 5 60 M M 2 1 9 60
17 41 27 34 5 31 0 0.13 M M 1.0 7 300 M M 8 18 16 270
18 38 18 28 -1 37 0 0.00 M M 0.6 8 30 M M 6 18 13 50
19 41 10 26 -3 39 0 0.00 M M 0.0 5 100 M M 0 9 90
20 40 24 32 3 33 0 0.02 M M 0.1 5 90 M M 8 8 260
21 36 30 33 4 32 0 0.15 M M 0.0 3 340 M M 10 18 7 340
22 30 25 28 -1 37 0 0.01 M M 0.4 5 360 M M 10 18 9 10
23 31 8 20 -10 45 0 0.00 M M 0.0 5 270 M M 3 8 320
24 35 7 21 -9 44 0 0.01 M M 0.0 5 270 M M 3 9 260
25 29 25 27 -3 38 0 0.16 M M 0.4 5 280 M M 10 1 10 290
26 30 18 24 -6 41 0 0.01 M M 1.0 9 110 M M 7 8 24 80
27 40 29 35 5 30 0 0.02 M M 3.0 13 90 M M 7 30 80
28 39 34 37 7 28 0 0.00 M M 1.0 6 100 M M 5 17 110
29 36 27 32 3 33 0 0.01 M M 0.1 5 280 M M 8 18 10 290
30 43 23 33 4 32 0 T M M 1.3 10 110 M M 6 1 25 90
31 42 36 39 10 26 0 0.01 M M 1.9 8 100 M M 9 25 120
================================================================================
SM 1194 807 1010 0 3.50 M 20.7 M 202
================================================================================
AV 38.5 26.0 0.7 FASTST M M 7 MAX(MPH)
MISC ----> # 13 280 35 340
================================================================================
NOTES:
# LAST OF SEVERAL OCCURRENCES
COLUMN 17 PEAK WIND IN M.P.H.
PRELIMINARY LOCAL CLIMATOLOGICAL DATA (WS FORM: F-6) , PAGE 2
STATION: MEACHAM OR
MONTH: JANUARY
YEAR: 2021
LATITUDE: 45 30 N
LONGITUDE: 118 24 W
[TEMPERATURE DATA] [PRECIPITATION DATA] SYMBOLS USED IN COLUMN 16
AVERAGE MONTHLY: 32.3 TOTAL FOR MONTH: 3.50 1 = FOG OR MIST
DPTR FM NORMAL: 3.4 DPTR FM NORMAL: -0.70 2 = FOG REDUCING VISIBILITY
HIGHEST: 47 ON 13 GRTST 24HR 1.28 ON 12-12 TO 1/4 MILE OR LESS
LOWEST: 7 ON 24 3 = THUNDER
SNOW, ICE PELLETS, HAIL 4 = ICE PELLETS
TOTAL MONTH: M 5 = HAIL
GRTST 24HR M ON M 6 = FREEZING RAIN OR DRIZZLE
GRTST DEPTH: M ON M 7 = DUSTSTORM OR SANDSTORM:
VSBY 1/2 MILE OR LESS
8 = SMOKE OR HAZE
[NO. OF DAYS WITH] [WEATHER - DAYS WITH] 9 = BLOWING SNOW
X = TORNADO
MAX 32 OR BELOW: 4 0.01 INCH OR MORE: 21
MAX 90 OR ABOVE: 0 0.10 INCH OR MORE: 12
MIN 32 OR BELOW: 25 0.50 INCH OR MORE: 1
MIN 0 OR BELOW: 0 1.00 INCH OR MORE: 1
[HDD (BASE 65) ]
TOTAL THIS MO. 1010 CLEAR (SCALE 0-3) 4
DPTR FM NORMAL -117 PTCLDY (SCALE 4-7) 18
TOTAL FM JUL 1 4074 CLOUDY (SCALE 8-10) 9
DPTR FM NORMAL -699
[CDD (BASE 65) ]
TOTAL THIS MO. 0
DPTR FM NORMAL 0 [PRESSURE DATA]
TOTAL FM JAN 1 0 HIGHEST SLP 30.60 ON 19
DPTR FM NORMAL 0 LOWEST SLP 29.53 ON 27
[REMARKS]
#FINAL-01-21#