000
CXUS54 KJAN 011410
CF6MEI
PRELIMINARY LOCAL CLIMATOLOGICAL DATA (WS FORM: F-6)
STATION: MERIDIAN
MONTH: MARCH
YEAR: 2023
LATITUDE: 32 19 N
LONGITUDE: 88 45 W
TEMPERATURE IN F: :PCPN: SNOW: WIND :SUNSHINE: SKY :PK WND
================================================================================
1 2 3 4 5 6A 6B 7 8 9 10 11 12 13 14 15 16 17 18
12Z AVG MX 2MIN
DY MAX MIN AVG DEP HDD CDD WTR SNW DPTH SPD SPD DIR MIN PSBL S-S WX SPD DR
================================================================================
1 85 64 75 20 0 10 0.00 0.0 0 11.1 26 180 M M 5 18 31 170
2 75 64 70 15 0 5 0.07 0.0 0 7.4 17 110 M M 7 18 28 100
3 79 54 67 11 0 2 0.02 0.0 0 12.7 30 200 M M 3 44 200
4 75 46 61 5 4 0 0.00 0.0 0 2.8 13 330 M M 0 18 360
5 79 44 62 6 3 0 0.00 0.0 0 2.3 10 120 M M 0 14 80
6 79 45 62 6 3 0 0.00 0.0 0 3.4 13 210 M M 3 18 18 210
7 86 62 74 18 0 9 0.00 0.0 0 3.7 10 330 M M 4 128 16 340
8 85 58 72 15 0 7 0.06 0.0 0 6.9 20 360 M M 3 26 360
9 79 55 67 10 0 2 0.07 0.0 0 3.5 10 60 M M 8 138 13 60
10 69 44 57 0 8 0 T 0.0 0 6.0 16 350 M M 4 18 22 330
11 72 41 57 -1 8 0 0.00 0.0 0 6.5 15 190 M M 5 21 150
12 70 50 60 2 5 0 1.03 0.0 0 9.5 24 310 M M 9 13 32 310
13 63 42 53 -5 12 0 0.00 0.0 0 10.4 18 360 M M 1 24 360
14 58 32 45 -13 20 0 0.00 0.0 0 8.9 17 360 M M 0 24 10
15 64 32 48 -10 17 0 0.00 0.0 0 2.9 13 70 M M 0 19 80
16 76 36 56 -3 9 0 0.00 0.0 0 9.6 22 170 M M 0 8 34 150
17 65 41 53 -6 12 0 0.69 0.0 0 9.7 22 330 M M 7 13 30 190
18 55 39 47 -12 18 0 0.00 0.0 0 9.3 22 340 M M 0 28 340
19 50 31 41 -18 24 0 0.00 0.0 0 9.6 20 350 M M 0 28 340
20 58 25 42 -18 23 0 0.00 0.0 0 1.7 10 70 M M 0 14 70
21 70 30 50 -10 15 0 0.00 0.0 0 7.1 17 150 M M 0 24 120
22 84 50 67 7 0 2 0.00 0.0 0 8.8 15 200 M M 2 8 22 170
23 85 56 71 11 0 6 0.00 0.0 0 9.2 20 190 M M 2 8 27 170
24 85 66 76 16 0 11 0.01 0.0 0 14.4 28 180 M M 7 39 190
25 88 61 75 14 0 10 T 0.0 0 6.6 17 220 M M 3 18 26 240
26 83 61 72 11 0 7 1.42 0.0 0 4.9 43 310 M M 7 13 60 300
27 83 58 71 10 0 6 0.10 0.0 0 5.8 14 320 M M 4 1 20 320
28 77 51 64 3 1 0 0.00 0.0 0 9.0 21 10 M M 2 29 360
29 69 43 56 -5 9 0 0.00 0.0 0 5.6 15 70 M M 0 21 60
30 80 40 60 -2 5 0 0.00 0.0 0 4.9 16 170 M M 0 20 80
31 82 59 71 9 0 6 T 0.0 0 14.6 25 170 M M 5 35 170
================================================================================
SM 2308 1480 196 83 3.47 0.0 228.8 M 91
================================================================================
AV 74.5 47.7 7.4 FASTST M M 3 MAX(MPH)
MISC ----> 43 310 60 300
================================================================================
NOTES:
# LAST OF SEVERAL OCCURRENCES
COLUMN 17 PEAK WIND IN M.P.H.
PRELIMINARY LOCAL CLIMATOLOGICAL DATA (WS FORM: F-6) , PAGE 2
STATION: MERIDIAN
MONTH: MARCH
YEAR: 2023
LATITUDE: 32 19 N
LONGITUDE: 88 45 W
[TEMPERATURE DATA] [PRECIPITATION DATA] SYMBOLS USED IN COLUMN 16
AVERAGE MONTHLY: 61.1 TOTAL FOR MONTH: 3.47 1 = FOG OR MIST
DPTR FM NORMAL: 2.6 DPTR FM NORMAL: -2.19 2 = FOG REDUCING VISIBILITY
HIGHEST: 88 ON 25 GRTST 24HR 1.42 ON 26-26 TO 1/4 MILE OR LESS
LOWEST: 25 ON 20 3 = THUNDER
SNOW, ICE PELLETS, HAIL 4 = ICE PELLETS
TOTAL MONTH: 0.0 INCH 5 = HAIL
GRTST 24HR 0.0 6 = FREEZING RAIN OR DRIZZLE
GRTST DEPTH: 0 7 = DUSTSTORM OR SANDSTORM:
VSBY 1/2 MILE OR LESS
8 = SMOKE OR HAZE
[NO. OF DAYS WITH] [WEATHER - DAYS WITH] 9 = BLOWING SNOW
X = TORNADO
MAX 32 OR BELOW: 0 0.01 INCH OR MORE: 9
MAX 90 OR ABOVE: 0 0.10 INCH OR MORE: 4
MIN 32 OR BELOW: 5 0.50 INCH OR MORE: 3
MIN 0 OR BELOW: 0 1.00 INCH OR MORE: 2
[HDD (BASE 65) ]
TOTAL THIS MO. 196 CLEAR (SCALE 0-3) 17
DPTR FM NORMAL -41 PTCLDY (SCALE 4-7) 13
TOTAL FM JUL 1 1653 CLOUDY (SCALE 8-10) 1
DPTR FM NORMAL -367
[CDD (BASE 65) ]
TOTAL THIS MO. 83
DPTR FM NORMAL 46 [PRESSURE DATA]
TOTAL FM JAN 1 158 HIGHEST SLP 30.47 ON 20
DPTR FM NORMAL 105 LOWEST SLP 29.39 ON 3
[REMARKS]
#FINAL-03-23#