000
CXUS54 KMEG 010900
CF6MEM
PRELIMINARY LOCAL CLIMATOLOGICAL DATA (WS FORM: F-6)
STATION: MEMPHIS
MONTH: OCTOBER
YEAR: 2021
LATITUDE: 35 3 N
LONGITUDE: 89 59 W
TEMPERATURE IN F: :PCPN: SNOW: WIND :SUNSHINE: SKY :PK WND
================================================================================
1 2 3 4 5 6A 6B 7 8 9 10 11 12 13 14 15 16 17 18
12Z AVG MX 2MIN
DY MAX MIN AVG DEP HDD CDD WTR SNW DPTH SPD SPD DIR MIN PSBL S-S WX SPD DR
================================================================================
1 86 72 79 8 0 14 0.02 0.0 0 5.9 15 200 M M 8 21 250
2 78 70 74 4 0 9 1.13 0.0 0 6.8 18 170 M M 9 1 23 170
3 83 68 76 6 0 11 T 0.0 0 5.9 13 200 M M 6 20 300
4 83 63 73 3 0 8 T 0.0 0 4.7 16 10 M M 5 19 360
5 82 67 75 6 0 10 0.02 0.0 0 7.0 25 40 M M 6 3 30 20
6 81 65 73 4 0 8 0.00 0.0 0 3.6 9 310 M M 7 14 310
7 84 62 73 5 0 8 0.00 0.0 0 3.9 12 300 M M 2 14 300
8 87 64 76 8 0 11 0.00 0.0 0 6.1 13 190 M M 2 1 19 220
9 86 68 77 9 0 12 0.00 0.0 0 9.1 17 190 M M 4 29 250
10 86 68 77 10 0 12 0.00 0.0 0 9.8 20 160 M M 1 26 160
11 82 63 73 6 0 8 0.04 0.0 0 10.5 29 190 M M 6 1 38 170
12 84 58 71 5 0 6 0.00 0.0 0 3.2 10 90 M M 3 14 80
13 87 73 80 14 0 15 0.00 0.0 0 11.5 24 190 M M 7 29 190
14 84 71 78 13 0 13 0.03 0.0 0 9.2 15 190 M M 8 27 320
15 84 56 70 5 0 5 1.80 0.0 0 10.4 30 320 M M 9 13 40 320
16 70 49 60 -5 5 0 0.00 0.0 0 7.5 18 340 M M 0 29 320
17 72 46 59 -5 6 0 0.00 0.0 0 2.3 10 360 M M 0 14 330
18 72 46 59 -5 6 0 0.00 0.0 0 1.9 9 180 M M 2 13 330
19 73 50 62 -1 3 0 0.00 0.0 0 5.3 12 150 M M 4 14 150
20 80 53 67 4 0 2 0.00 0.0 0 7.5 13 210 M M 4 23 230
21 78 58 68 6 0 3 T 0.0 0 7.7 18 300 M M 5 1 23 290
22 71 49 60 -2 5 0 0.00 0.0 0 3.5 10 310 M M 2 15 290
23 80 54 67 5 0 2 0.00 0.0 0 9.1 16 170 M M 3 21 200
24 83 65 74 13 0 9 0.00 0.0 0 13.6 21 170 M M 4 28 180
25 72 54 63 2 2 0 0.68 0.0 0 11.1 22 200 M M 5 1 31 220
26 70 49 60 0 5 0 0.00 0.0 0 6.1 15 90 M M 3 20 70
27 72 54 63 3 2 0 0.38 0.0 0 11.6 22 120 M M 8 1 30 80
28 61 50 56 -4 9 0 0.41 0.0 0 10.9 17 190 M M 10 18 27 250
29 58 50 54 -5 11 0 0.27 0.0 0 12.9 20 300 M M 10 1 26 280
30 62 48 55 -4 10 0 0.00 0.0 0 7.8 16 310 M M 8 1 21 300
31 71 45 58 0 7 0 0.00 0.0 0 3.8 18 30 M M 0 27 40
================================================================================
SM 2402 1808 71 166 4.78 0.0 230.2 M 151
================================================================================
AV 77.5 58.3 7.4 FASTST M M 5 MAX(MPH)
MISC ----> 30 320 40 320
================================================================================
NOTES:
# LAST OF SEVERAL OCCURRENCES
COLUMN 17 PEAK WIND IN M.P.H.
PRELIMINARY LOCAL CLIMATOLOGICAL DATA (WS FORM: F-6) , PAGE 2
STATION: MEMPHIS
MONTH: OCTOBER
YEAR: 2021
LATITUDE: 35 3 N
LONGITUDE: 89 59 W
[TEMPERATURE DATA] [PRECIPITATION DATA] SYMBOLS USED IN COLUMN 16
AVERAGE MONTHLY: 67.9 TOTAL FOR MONTH: 4.78 1 = FOG OR MIST
DPTR FM NORMAL: 3.3 DPTR FM NORMAL: 0.80 2 = FOG REDUCING VISIBILITY
HIGHEST: 87 ON 13, 8 GRTST 24HR 1.83 ON 14-15 TO 1/4 MILE OR LESS
LOWEST: 45 ON 31 3 = THUNDER
SNOW, ICE PELLETS, HAIL 4 = ICE PELLETS
TOTAL MONTH: 0.0 INCH 5 = HAIL
GRTST 24HR 0.0 6 = FREEZING RAIN OR DRIZZLE
GRTST DEPTH: 0 7 = DUSTSTORM OR SANDSTORM:
VSBY 1/2 MILE OR LESS
8 = SMOKE OR HAZE
[NO. OF DAYS WITH] [WEATHER - DAYS WITH] 9 = BLOWING SNOW
X = TORNADO
MAX 32 OR BELOW: 0 0.01 INCH OR MORE: 10
MAX 90 OR ABOVE: 0 0.10 INCH OR MORE: 6
MIN 32 OR BELOW: 0 0.50 INCH OR MORE: 3
MIN 0 OR BELOW: 0 1.00 INCH OR MORE: 2
[HDD (BASE 65) ]
TOTAL THIS MO. 71 CLEAR (SCALE 0-3) 11
DPTR FM NORMAL -45 PTCLDY (SCALE 4-7) 15
TOTAL FM JUL 1 71 CLOUDY (SCALE 8-10) 5
DPTR FM NORMAL -53
[CDD (BASE 65) ]
TOTAL THIS MO. 166
DPTR FM NORMAL 64 [PRESSURE DATA]
TOTAL FM JAN 1 2265 HIGHEST SLP 30.31 ON 17
DPTR FM NORMAL -34 LOWEST SLP 29.37 ON 28
[REMARKS]
#FINAL-10-21#