000
CXUS51 KCLE 021543
CLSMFD
CLIMATE REPORT
NATIONAL WEATHER SERVICE CLEVELAND, OH
1043 AM EST WED MAR 02 2022
...................................
...THE MANSFIELD OH CLIMATE SUMMARY FOR THE SEASON, FROM
12/1/2021 TO 2/28/2022...
CLIMATE NORMAL PERIOD 1991 TO 2020
CLIMATE RECORD PERIOD 1916 TO 2022
WEATHER OBSERVED NORMAL DEPART
VALUE DATE(S) VALUE FROM
NORMAL
................................................
TEMPERATURE (F)
RECORD
HIGH 74 02/24/2017
LOW -26 01/15/1929
HIGHEST 63 12/11
LOWEST -3 01/29
AVG. MAXIMUM 38.2 36.5 1.7
AVG. MINIMUM 21.8 21.8 -0.0
MEAN 30.0 29.1 0.9
DAYS MAX >= 90 0 0.0
DAYS MAX <= 32 34 37.1
DAYS MIN <= 32 72 75.9
DAYS MIN <= 0 3 5.1
PRECIPITATION (INCHES)
RECORD
MAXIMUM 20.95 1950
MINIMUM 2.70 1977
TOTALS 13.17 8.77 4.40
DAYS >= .01 37 43.5
DAYS >= .10 19 21.2
DAYS >= .50 12 5.1
DAYS >= 1.00 3 1.4
SNOWFALL (INCHES)
RECORDS
TOTAL 77.3 2010
TOTALS 21.4 36.9
DAYS >= TRACE 39
DAYS >= 1.0 4 11.8
DEGREE DAYS
HEATING TOTAL 3122 3226 -104
COOLING TOTAL 0 0 0
................................................
WIND (MPH)
HIGHEST GUST SPEED/DIRECTION 53/240 DATE 12/11
SKY COVER
POSSIBLE SUNSHINE (PERCENT) MM
NUMBER OF DAYS FAIR 22
NUMBER OF DAYS PC 30
NUMBER OF DAYS CLOUDY 38
WEATHER CONDITIONS. NUMBER OF DAYS WITH
THUNDERSTORM 1 MIXED PRECIP 0
HEAVY RAIN 6 RAIN 11
LIGHT RAIN 22 FREEZING RAIN 3
LT FREEZING RAIN 8 HAIL 0
HEAVY SNOW 0 SNOW 5
LIGHT SNOW 37 SLEET 0
FOG 59 FOG W/VIS <= 1/4 MILE 10
HAZE 30
- INDICATES NEGATIVE NUMBERS.
R INDICATES RECORD WAS SET OR TIED.
MM INDICATES DATA IS MISSING.
T INDICATES TRACE AMOUNT.
$$