000
CXUS51 KPBZ 010830
CF6MGW
PRELIMINARY LOCAL CLIMATOLOGICAL DATA (WS FORM: F-6)
STATION: MORGANTOWN WV
MONTH: NOVEMBER
YEAR: 2022
LATITUDE: 39 39 N
LONGITUDE: 79 55 W
TEMPERATURE IN F: :PCPN: SNOW: WIND :SUNSHINE: SKY :PK WND
================================================================================
1 2 3 4 5 6A 6B 7 8 9 10 11 12 13 14 15 16 17 18
12Z AVG MX 2MIN
DY MAX MIN AVG DEP HDD CDD WTR SNW DPTH SPD SPD DIR MIN PSBL S-S WX SPD DR
================================================================================
1 64 54 59 9 6 0 0.01 M M 3.6 10 230 M M 9 1 15 230
2 65 48 57 8 8 0 0.00 M M 1.6 6 40 M M 4 128 8 280
3 73 44 59 10 6 0 0.00 M M 1.6 9 150 M M 1 12 11 160
4 75 50 63 14 2 0 0.00 M M 5.0 14 170 M M 0 20 150
5 81 59 70 22 0 5 T M M 10.8 26 150 M M 4 35 170
6 80 65 73 25 0 8 0.02 M M 6.4 15 200 M M 5 23 200
7 72 48 60 12 5 0 0.00 M M 4.5 13 360 M M 0 19 10
8 59 39 49 2 16 0 0.00 M M 6.2 13 360 M M 0 18 10
9 71 44 58 11 7 0 0.00 M M 5.6 12 150 M M 0 17 120
10 73 38 56 9 9 0 0.00 M M 3.2 10 170 M M 0 13 170
11 67 58 63 17 2 0 1.61 M M 5.1 17 330 M M 9 1 29 330
12 61 37 49 3 16 0 0.29 M M 5.4 10 290 M M 10 1 18 99
13 39 34 37 -9 28 0 0.04 M M 5.0 13 280 M M 10 1 20 280
14 41 30 36 -9 29 0 0.00 M M 3.0 8 10 M M 5 13 350
15 42 32 37 -8 28 0 0.47 M M 4.1 12 120 M M 6 1 18 90
16 42 32 37 -8 28 0 0.09 M M 6.5 13 280 M M 10 1 21 270
17 33 30 32 -12 33 0 0.01 M M 7.4 14 270 M M 10 18 23 240
18 32 23 28 -16 37 0 0.03 M M 8.1 14 220 M M 8 18 21 200
19 35 20 28 -16 37 0 0.00 M M 6.2 16 210 M M 2 25 230
20 32 21 27 -16 38 0 T M M 7.3 18 270 M M 1 27 280
21 47 19 33 -10 32 0 0.00 M M 5.8 16 220 M M 0 21 200
22 53 25 39 -4 26 0 0.00 M M 4.6 13 220 M M 0 18 230
23 56 27 42 0 23 0 0.00 M M 1.9 8 220 M M 0 12 220
24 64 27 46 4 19 0 0.00 M M 1.5 9 240 M M 0 13 240
25 53 35 44 2 21 0 0.20 M M 5.2 13 320 M M 6 1 21 290
26 54 28 41 -1 24 0 0.00 M M 2.7 12 220 M M 0 1 15 240
27 71 37 54 13 11 0 0.26 M M 6.7 23 280 M M 7 138 34 210
28 51 42 47 6 18 0 0.05 M M 4.1 15 240 M M 10 1 23 220
29 59 39 49 8 16 0 0.00 M M 5.4 17 150 M M 5 24 140
30 58 33 46 6 19 0 0.22 M M 9.5 24 290 M M 6 1 40 290
================================================================================
SM 1703 1118 544 13 3.30 M 154.0 M 128
================================================================================
AV 56.8 37.3 5.1 FASTST M M 4 MAX(MPH)
MISC ----> 26 150 40 290
================================================================================
NOTES:
# LAST OF SEVERAL OCCURRENCES
COLUMN 17 PEAK WIND IN M.P.H.
PRELIMINARY LOCAL CLIMATOLOGICAL DATA (WS FORM: F-6) , PAGE 2
STATION: MORGANTOWN WV
MONTH: NOVEMBER
YEAR: 2022
LATITUDE: 39 39 N
LONGITUDE: 79 55 W
[TEMPERATURE DATA] [PRECIPITATION DATA] SYMBOLS USED IN COLUMN 16
AVERAGE MONTHLY: 47.0 TOTAL FOR MONTH: 3.30 1 = FOG OR MIST
DPTR FM NORMAL: 2.1 DPTR FM NORMAL: 0.28 2 = FOG REDUCING VISIBILITY
HIGHEST: 81 ON 5 GRTST 24HR 1.63 ON 11-12 TO 1/4 MILE OR LESS
LOWEST: 19 ON 21 3 = THUNDER
SNOW, ICE PELLETS, HAIL 4 = ICE PELLETS
TOTAL MONTH: M 5 = HAIL
GRTST 24HR M ON M 6 = FREEZING RAIN OR DRIZZLE
GRTST DEPTH: M ON M 7 = DUSTSTORM OR SANDSTORM:
VSBY 1/2 MILE OR LESS
8 = SMOKE OR HAZE
[NO. OF DAYS WITH] [WEATHER - DAYS WITH] 9 = BLOWING SNOW
X = TORNADO
MAX 32 OR BELOW: 2 0.01 INCH OR MORE: 13
MAX 90 OR ABOVE: 0 0.10 INCH OR MORE: 6
MIN 32 OR BELOW: 12 0.50 INCH OR MORE: 1
MIN 0 OR BELOW: 0 1.00 INCH OR MORE: 1
[HDD (BASE 65) ]
TOTAL THIS MO. 544 CLEAR (SCALE 0-3) 13
DPTR FM NORMAL -59 PTCLDY (SCALE 4-7) 10
TOTAL FM JUL 1 1008 CLOUDY (SCALE 8-10) 7
DPTR FM NORMAL 17
[CDD (BASE 65) ]
TOTAL THIS MO. 13
DPTR FM NORMAL 12 [PRESSURE DATA]
TOTAL FM JAN 1 1049 HIGHEST SLP 30.65 ON 8
DPTR FM NORMAL 120 LOWEST SLP 29.31 ON 27
[REMARKS]
#FINAL-11-22#