000
CXUS51 KPBZ 010730
CF6MGW
PRELIMINARY LOCAL CLIMATOLOGICAL DATA (WS FORM: F-6)
STATION: MORGANTOWN WV
MONTH: AUGUST
YEAR: 2023
LATITUDE: 39 39 N
LONGITUDE: 79 55 W
TEMPERATURE IN F: :PCPN: SNOW: WIND :SUNSHINE: SKY :PK WND
================================================================================
1 2 3 4 5 6A 6B 7 8 9 10 11 12 13 14 15 16 17 18
12Z AVG MX 2MIN
DY MAX MIN AVG DEP HDD CDD WTR SNW DPTH SPD SPD DIR MIN PSBL S-S WX SPD DR
================================================================================
1 79 55 67 -7 0 2 T M M 2.0 9 20 M M 2 13 40
2 82 57 70 -4 0 5 0.00 M M 1.5 9 230 M M 1 1 15 210
3 85 62 74 0 0 9 0.00 M M 3.7 13 170 M M 4 17 160
4 90 63 77 3 0 12 0.00 M M 3.1 10 330 M M 4 17 280
5 87 62 75 1 0 10 0.00 M M 3.0 9 350 M M 1 1 13 340
6 86 65 76 2 0 11 0.12 M M 3.7 14 230 M M 3 18 19 230
7 84 66 75 1 0 10 0.98 M M 6.9 17 200 M M 7 138 25 210
8 82 63 73 0 0 8 0.00 M M 5.9 13 230 M M 7 20 290
9 83 62 73 0 0 8 T M M 4.3 10 270 M M 6 17 300
10 78 67 73 0 0 8 1.13 M M 4.5 12 270 M M 7 18 19 230
11 83 65 74 1 0 9 0.00 M M 4.8 12 210 M M 5 1 17 230
12 87 67 77 4 0 12 0.64 M M 6.9 17 200 M M 6 13 28 290
13 86 67 77 4 0 12 0.00 M M 3.8 9 340 M M 4 12 270
14 80 65 73 0 0 8 0.17 M M 1.8 13 210 M M 6 1 17 200
15 82 66 74 1 0 9 0.09 M M 6.3 16 210 M M 6 1 27 220
16 74 65 70 -3 0 5 T M M 2.8 7 170 M M 10 1 10 210
17 85 61 73 0 0 8 0.01 M M 5.0 13 210 M M 5 12 21 200
18 76 58 67 -6 0 2 0.23 M M 4.8 13 270 M M 6 13 22 290
19 79 52 66 -7 0 1 0.00 M M 1.3 8 210 M M 1 1 11 200
20 86 55 71 -2 0 6 0.00 M M 2.6 8 230 M M 0 1 14 200
21 88 62 75 2 0 10 0.00 M M 2.1 8 230 M M 3 10 230
22 81 61 71 -1 0 6 0.00 M M 5.3 12 350 M M 4 18 16 340
23 79 58 69 -3 0 4 0.32 M M 3.0 16 10 M M 4 138 26 220
24 84 67 76 4 0 11 0.01 M M 5.8 14 200 M M 4 1 22 210
25 83 68 76 4 0 11 1.17 M M 5.6 17 340 M M 7 138 26 340
26 85 67 76 4 0 11 0.00 M M 2.7 10 10 M M 7 18 14 350
27 78 65 72 0 0 7 0.00 M M 4.4 12 360 M M 7 8 18 340
28 83 64 74 2 0 9 0.21 M M 1.7 8 40 M M 7 12 11 30
29 80 68 74 2 0 9 0.25 M M 1.8 8 160 M M 9 1 10 170
30 77 61 69 -2 0 4 0.00 M M 4.1 13 360 M M 7 128 19 350
31 76 57 67 -4 0 2 0.00 M M 6.2 14 360 M M 4 19 350
================================================================================
SM 2548 1941 0 239 5.33 M 121.4 M 154
================================================================================
AV 82.2 62.6 3.9 FASTST M M 5 MAX(MPH)
MISC ----> # 17 200 28 290
================================================================================
NOTES:
# LAST OF SEVERAL OCCURRENCES
COLUMN 17 PEAK WIND IN M.P.H.
PRELIMINARY LOCAL CLIMATOLOGICAL DATA (WS FORM: F-6) , PAGE 2
STATION: MORGANTOWN WV
MONTH: AUGUST
YEAR: 2023
LATITUDE: 39 39 N
LONGITUDE: 79 55 W
[TEMPERATURE DATA] [PRECIPITATION DATA] SYMBOLS USED IN COLUMN 16
AVERAGE MONTHLY: 72.4 TOTAL FOR MONTH: 5.33 1 = FOG OR MIST
DPTR FM NORMAL: -0.4 DPTR FM NORMAL: 1.68 2 = FOG REDUCING VISIBILITY
HIGHEST: 90 ON 4 GRTST 24HR 1.17 ON 25-25 TO 1/4 MILE OR LESS
LOWEST: 52 ON 19 3 = THUNDER
SNOW, ICE PELLETS, HAIL 4 = ICE PELLETS
TOTAL MONTH: M 5 = HAIL
GRTST 24HR M ON M 6 = FREEZING RAIN OR DRIZZLE
GRTST DEPTH: M ON M 7 = DUSTSTORM OR SANDSTORM:
VSBY 1/2 MILE OR LESS
8 = SMOKE OR HAZE
[NO. OF DAYS WITH] [WEATHER - DAYS WITH] 9 = BLOWING SNOW
X = TORNADO
MAX 32 OR BELOW: 0 0.01 INCH OR MORE: 13
MAX 90 OR ABOVE: 1 0.10 INCH OR MORE: 10
MIN 32 OR BELOW: 0 0.50 INCH OR MORE: 4
MIN 0 OR BELOW: 0 1.00 INCH OR MORE: 2
[HDD (BASE 65) ]
TOTAL THIS MO. 0 CLEAR (SCALE 0-3) 7
DPTR FM NORMAL -4 PTCLDY (SCALE 4-7) 22
TOTAL FM JUL 1 0 CLOUDY (SCALE 8-10) 2
DPTR FM NORMAL -1
[CDD (BASE 65) ]
TOTAL THIS MO. 239
DPTR FM NORMAL -6 [PRESSURE DATA]
TOTAL FM JAN 1 750 HIGHEST SLP 30.24 ON 2
DPTR FM NORMAL -49 LOWEST SLP 29.69 ON 10
[REMARKS]
#FINAL-08-23#