000
CDUS43 KFSD 160629
CLIMHE


CLIMATE REPORT
NATIONAL WEATHER SERVICE SIOUX FALLS SD
128 AM CDT WED MAY 16 2018


...................................

...THE MITCHELL SD CLIMATE SUMMARY FOR MAY 15 2018...

CLIMATE NORMAL PERIOD 1981 TO 2010
CLIMATE RECORD PERIOD 1893 TO 2018


WEATHER ITEM   OBSERVED TIME   RECORD YEAR NORMAL DEPARTURE LAST
                VALUE   (LST)  VALUE       VALUE  FROM      YEAR
                                                  NORMAL
..................................................................
TEMPERATURE (F)
 YESTERDAY
  MAXIMUM         78    452 PM 100    1931  71      7       80
  MINIMUM         50    526 AM  25    1959  48      2       54
  AVERAGE         64                        59      5       67

PRECIPITATION (IN)
  YESTERDAY        0.00          1.25 1916   0.07  -0.07     0.51
  MONTH TO DATE    0.57                      1.15  -0.58     0.81
  SINCE MAR 1      3.72                      4.39  -0.67     4.32
  SINCE JAN 1      4.76                      4.95  -0.19     5.48

SNOWFALL (IN)
  YESTERDAY        0.0           T    1916  MM     MM        0.0
  MONTH TO DATE    0.0                      MM     MM        0.0
  SINCE MAR 1     33.7                      MM     MM        5.2
  SINCE JUL 1     60.7                      MM     MM       30.6
  SNOW DEPTH       0

DEGREE DAYS
 HEATING
  YESTERDAY        1                         7     -6        0
  MONTH TO DATE   78                       131    -53       73
  SINCE MAR 1   1846                      1609    237     1418
  SINCE JUL 1   7401                      7131    270     6152

 COOLING
  YESTERDAY        0                         1     -1        2
  MONTH TO DATE   19                        12      7       25
  SINCE MAR 1     25                        14     11       25
  SINCE JAN 1     25                        14     11       25
..................................................................


WIND (MPH)
  HIGHEST WIND SPEED    15   HIGHEST WIND DIRECTION    SE (120)
  HIGHEST GUST SPEED    20   HIGHEST GUST DIRECTION    SE (120)
  AVERAGE WIND SPEED     6.3


SKY COVER
  POSSIBLE SUNSHINE  MM
  AVERAGE SKY COVER 0.2


WEATHER CONDITIONS
 THE FOLLOWING WEATHER WAS RECORDED YESTERDAY.
  FOG
  FOG W/VISIBILITY <= 1/4 MILE


RELATIVE HUMIDITY (PERCENT)
 HIGHEST   100           100 AM
 LOWEST     45           400 PM
 AVERAGE    73

..........................................................


THE MITCHELL SD CLIMATE NORMALS FOR TODAY
                         NORMAL    RECORD    YEAR
 MAXIMUM TEMPERATURE (F)   71        99      1934
 MINIMUM TEMPERATURE (F)   48        25      1929


SUNRISE AND SUNSET
MAY 16 2018...........SUNRISE   606 AM CDT   SUNSET   852 PM CDT
MAY 17 2018...........SUNRISE   605 AM CDT   SUNSET   853 PM CDT


-  INDICATES NEGATIVE NUMBERS.
R  INDICATES RECORD WAS SET OR TIED.
MM INDICATES DATA IS MISSING.
T  INDICATES TRACE AMOUNT.




$$
