692
CDUS43 KFSD 180627
CLIMHE


CLIMATE REPORT
NATIONAL WEATHER SERVICE SIOUX FALLS SD
126 AM CDT WED APR 18 2018


...................................

...THE MITCHELL SD CLIMATE SUMMARY FOR APRIL 17 2018...

CLIMATE NORMAL PERIOD 1981 TO 2010
CLIMATE RECORD PERIOD 1893 TO 2018


WEATHER ITEM   OBSERVED TIME   RECORD YEAR NORMAL DEPARTURE LAST
                VALUE   (LST)  VALUE       VALUE  FROM      YEAR
                                                  NORMAL
..................................................................
TEMPERATURE (F)
 YESTERDAY
  MAXIMUM         39    531 PM  86    1946  61    -22       68
  MINIMUM         20    627 AM  11    1907  36    -16       36
  AVERAGE         30                        49    -19       52

PRECIPITATION (IN)
  YESTERDAY        0.00          0.64 1896   0.08  -0.08      T
  MONTH TO DATE    1.34                      0.95   0.39     2.00
  SINCE MAR 1      2.85                      2.01   0.84     2.34
  SINCE JAN 1      3.89                      2.57   1.32     3.50

SNOWFALL (IN)
  YESTERDAY        0.0           3.0  1910  MM     MM        0.0
  MONTH TO DATE   19.5                      MM     MM        1.6
  SINCE MAR 1     30.5                      MM     MM        5.2
  SINCE JUL 1     57.5                      MM     MM       30.6
  SNOW DEPTH      MM

DEGREE DAYS
 HEATING
  YESTERDAY       35                        16     19       13
  MONTH TO DATE  571                       344    227      242
  SINCE MAR 1   1553                      1302    251     1111
  SINCE JUL 1   7108                      6824    284     5845

 COOLING
  YESTERDAY        0                         0      0        0
  MONTH TO DATE    0                         0      0        0
  SINCE MAR 1      0                         0      0        0
  SINCE JAN 1      0                         0      0        0
..................................................................


WIND (MPH)
  HIGHEST WIND SPEED    21   HIGHEST WIND DIRECTION    NE (60)
  HIGHEST GUST SPEED    26   HIGHEST GUST DIRECTION    NE (60)
  AVERAGE WIND SPEED    11.4


SKY COVER
  POSSIBLE SUNSHINE  MM
  AVERAGE SKY COVER 0.2


WEATHER CONDITIONS
 THE FOLLOWING WEATHER WAS RECORDED YESTERDAY.
  NO SIGNIFICANT WEATHER WAS OBSERVED.


RELATIVE HUMIDITY (PERCENT)
 HIGHEST    92           700 AM
 LOWEST     64          1100 AM
 AVERAGE    78

..........................................................


THE MITCHELL SD CLIMATE NORMALS FOR TODAY
                         NORMAL    RECORD    YEAR
 MAXIMUM TEMPERATURE (F)   62        90      1985
 MINIMUM TEMPERATURE (F)   36        17      1953


SUNRISE AND SUNSET
APRIL 18 2018.........SUNRISE   644 AM CDT   SUNSET   819 PM CDT
APRIL 19 2018.........SUNRISE   643 AM CDT   SUNSET   821 PM CDT


-  INDICATES NEGATIVE NUMBERS.
R  INDICATES RECORD WAS SET OR TIED.
MM INDICATES DATA IS MISSING.
T  INDICATES TRACE AMOUNT.




$$
