000
CDUS43 KFSD 150712
CLIMHE


CLIMATE REPORT
NATIONAL WEATHER SERVICE SIOUX FALLS SD
202 AM CDT TUE MAY 15 2018


...................................

...THE MITCHELL SD CLIMATE SUMMARY FOR MAY 14 2018...

CLIMATE NORMAL PERIOD 1981 TO 2010
CLIMATE RECORD PERIOD 1893 TO 2018


WEATHER ITEM   OBSERVED TIME   RECORD YEAR NORMAL DEPARTURE LAST
                VALUE   (LST)  VALUE       VALUE  FROM      YEAR
                                                  NORMAL
..................................................................
TEMPERATURE (F)
 YESTERDAY
  MAXIMUM         74    414 PM  96    1941  71      3       89
                                      1932
                                      1894
  MINIMUM         56   1159 PM  28    1953  47      9       59
  AVERAGE         65                        59      6       74

PRECIPITATION (IN)
  YESTERDAY        T             2.40 1961   0.07  -0.07      T
  MONTH TO DATE    0.57                      1.08  -0.51     0.30
  SINCE MAR 1      3.72                      4.32  -0.60     3.81
  SINCE JAN 1      4.76                      4.88  -0.12     4.97

SNOWFALL (IN)
  YESTERDAY        0.0           0.1  1924  MM     MM        0.0
  MONTH TO DATE    0.0                      MM     MM        0.0
  SINCE MAR 1     33.7                      MM     MM        5.2
  SINCE JUL 1     60.7                      MM     MM       30.6
  SNOW DEPTH       0

DEGREE DAYS
 HEATING
  YESTERDAY        0                         7     -7        0
  MONTH TO DATE   77                       124    -47       73
  SINCE MAR 1   1845                      1602    243     1418
  SINCE JUL 1   7400                      7124    276     6152

 COOLING
  YESTERDAY        0                         1     -1        9
  MONTH TO DATE   19                        11      8       23
  SINCE MAR 1     25                        13     12       23
  SINCE JAN 1     25                        13     12       23
..................................................................


WIND (MPH)
  HIGHEST WIND SPEED    14   HIGHEST WIND DIRECTION    NW (330)
  HIGHEST GUST SPEED    18   HIGHEST GUST DIRECTION    NW (330)
  AVERAGE WIND SPEED     4.3


SKY COVER
  POSSIBLE SUNSHINE  MM
  AVERAGE SKY COVER 0.6


WEATHER CONDITIONS
 THE FOLLOWING WEATHER WAS RECORDED YESTERDAY.
  NO SIGNIFICANT WEATHER WAS OBSERVED.


RELATIVE HUMIDITY (PERCENT)
 HIGHEST    93           200 AM
 LOWEST     57           300 PM
 AVERAGE    75

..........................................................


THE MITCHELL SD CLIMATE NORMALS FOR TODAY
                         NORMAL    RECORD    YEAR
 MAXIMUM TEMPERATURE (F)   71       100      1931
 MINIMUM TEMPERATURE (F)   48        25      1959


SUNRISE AND SUNSET
MAY 15 2018...........SUNRISE   607 AM CDT   SUNSET   851 PM CDT
MAY 16 2018...........SUNRISE   606 AM CDT   SUNSET   852 PM CDT


-  INDICATES NEGATIVE NUMBERS.
R  INDICATES RECORD WAS SET OR TIED.
MM INDICATES DATA IS MISSING.
T  INDICATES TRACE AMOUNT.




$$
