000
CDUS43 KFSD 102224
CLIMHE


CLIMATE REPORT
NATIONAL WEATHER SERVICE SIOUX FALLS SD
524 PM CDT TUE APR 10 2018


...................................

...THE MITCHELL SD CLIMATE SUMMARY FOR APRIL 10 2018...
VALID TODAY AS OF 0500 PM LOCAL TIME.

CLIMATE NORMAL PERIOD 1981 TO 2010
CLIMATE RECORD PERIOD 1893 TO 2018


WEATHER ITEM   OBSERVED TIME   RECORD YEAR NORMAL DEPARTURE LAST
                VALUE   (LST)  VALUE       VALUE  FROM      YEAR
                                                  NORMAL
..................................................................
TEMPERATURE (F)
 TODAY
  MAXIMUM         64    337 PM  92    1977  58      6       44
  MINIMUM         26    613 AM  13    1939  33     -7       29
  AVERAGE         45                        45      0       37

PRECIPITATION (IN)
  TODAY            0.00          1.20 1995   0.07  -0.07     1.04
  MONTH TO DATE    0.28                      0.42  -0.14     1.76
  SINCE MAR 1      1.79                      1.48   0.31     2.10
  SINCE JAN 1      2.83                      2.04   0.79     3.26

SNOWFALL (IN)
  TODAY            0.0          11.0  1995  MM     MM        1.6
  MONTH TO DATE    3.3                      MM     MM        1.6
  SINCE MAR 1     14.3                      MM     MM        5.2
  SINCE JUL 1     41.3                      MM     MM       30.6
  SNOW DEPTH       2

DEGREE DAYS
 HEATING
  TODAY           20                        20      0       28
  MONTH TO DATE  354                       220    134      154
  SINCE MAR 1   1336                      1178    158     1023
  SINCE JUL 1   6891                      6700    191     5757

 COOLING
  TODAY            0                         0      0        0
  MONTH TO DATE    0                         0      0        0
  SINCE MAR 1      0                         0      0        0
  SINCE JAN 1      0                         0      0        0
..................................................................


WIND (MPH)
  HIGHEST WIND SPEED    17   HIGHEST WIND DIRECTION    NW (310)
  HIGHEST GUST SPEED    22   HIGHEST GUST DIRECTION     W (270)
  AVERAGE WIND SPEED     8.3


SKY COVER
  POSSIBLE SUNSHINE  MM
  AVERAGE SKY COVER 0.1


WEATHER CONDITIONS
 THE FOLLOWING WEATHER WAS RECORDED TODAY.
  NO SIGNIFICANT WEATHER WAS OBSERVED.


RELATIVE HUMIDITY (PERCENT)
 HIGHEST    92           500 AM
 LOWEST     36           400 PM
 AVERAGE    64

..........................................................


THE MITCHELL SD CLIMATE NORMALS FOR TOMORROW
                         NORMAL    RECORD    YEAR
 MAXIMUM TEMPERATURE (F)   58        89      1968
 MINIMUM TEMPERATURE (F)   33        14      1997
                                             1939


SUNRISE AND SUNSET
APRIL 10 2018.........SUNRISE   658 AM CDT   SUNSET   810 PM CDT
APRIL 11 2018.........SUNRISE   656 AM CDT   SUNSET   811 PM CDT


-  INDICATES NEGATIVE NUMBERS.
R  INDICATES RECORD WAS SET OR TIED.
MM INDICATES DATA IS MISSING.
T  INDICATES TRACE AMOUNT.




$$
