000
CDUS43 KFSD 030740
CLIMHE


CLIMATE REPORT
NATIONAL WEATHER SERVICE SIOUX FALLS SD
239 AM CDT TUE APR 3 2018


...................................

...THE MITCHELL SD CLIMATE SUMMARY FOR APRIL 2 2018...

CLIMATE NORMAL PERIOD 1981 TO 2010
CLIMATE RECORD PERIOD 1893 TO 2018


WEATHER ITEM   OBSERVED TIME   RECORD YEAR NORMAL DEPARTURE LAST
                VALUE   (LST)  VALUE       VALUE  FROM      YEAR
                                                  NORMAL
..................................................................
TEMPERATURE (F)
 YESTERDAY
  MAXIMUM         42    305 PM  85    1963  53    -11       67
                                      1921
  MINIMUM         28    626 AM   2    1908  30     -2       41
  AVERAGE         35                        41     -6       54

PRECIPITATION (IN)
  YESTERDAY        0.01          0.68 1897   0.03  -0.02     0.00
  MONTH TO DATE    0.01                      0.05  -0.04     0.00
  SINCE MAR 1      1.52                      1.11   0.41     0.34
  SINCE JAN 1      2.56                      1.67   0.89     1.50

SNOWFALL (IN)
  YESTERDAY        0.1           3.5  1899  MM     MM        0.0
  MONTH TO DATE    0.1                      MM     MM        0.0
  SINCE MAR 1     11.1                      MM     MM        3.6
  SINCE JUL 1     38.1                      MM     MM       29.0
  SNOW DEPTH       0

DEGREE DAYS
 HEATING
  YESTERDAY       30                        24      6       11
  MONTH TO DATE   67                        48     19       25
  SINCE MAR 1   1049                      1006     43      894
  SINCE JUL 1   6604                      6528     76     5628

 COOLING
  YESTERDAY        0                         0      0        0
  MONTH TO DATE    0                         0      0        0
  SINCE MAR 1      0                         0      0        0
  SINCE JAN 1      0                         0      0        0
..................................................................


WIND (MPH)
  HIGHEST WIND SPEED    29   HIGHEST WIND DIRECTION    SE (150)
  HIGHEST GUST SPEED    36   HIGHEST GUST DIRECTION    SE (130)
  AVERAGE WIND SPEED    14.8


SKY COVER
  POSSIBLE SUNSHINE  MM
  AVERAGE SKY COVER 0.6


WEATHER CONDITIONS
 THE FOLLOWING WEATHER WAS RECORDED YESTERDAY.
  LIGHT SNOW
  FOG


RELATIVE HUMIDITY (PERCENT)
 HIGHEST    82          1100 PM
 LOWEST     59          1200 PM
 AVERAGE    71

..........................................................


THE MITCHELL SD CLIMATE NORMALS FOR TODAY
                         NORMAL    RECORD    YEAR
 MAXIMUM TEMPERATURE (F)   54        82      1910
 MINIMUM TEMPERATURE (F)   30         2      1936


SUNRISE AND SUNSET
APRIL  3 2018.........SUNRISE   710 AM CDT   SUNSET   802 PM CDT
APRIL  4 2018.........SUNRISE   708 AM CDT   SUNSET   803 PM CDT


-  INDICATES NEGATIVE NUMBERS.
R  INDICATES RECORD WAS SET OR TIED.
MM INDICATES DATA IS MISSING.
T  INDICATES TRACE AMOUNT.




$$
