000
CDUS43 KFSD 302221
CLIMHE


CLIMATE REPORT
NATIONAL WEATHER SERVICE SIOUX FALLS SD
520 PM CDT MON APR 30 2018


...................................

...THE MITCHELL SD CLIMATE SUMMARY FOR APRIL 30 2018...
VALID TODAY AS OF 0500 PM LOCAL TIME.

CLIMATE NORMAL PERIOD 1981 TO 2010
CLIMATE RECORD PERIOD 1893 TO 2018


WEATHER ITEM   OBSERVED TIME   RECORD YEAR NORMAL DEPARTURE LAST
                VALUE   (LST)  VALUE       VALUE  FROM      YEAR
                                                  NORMAL
..................................................................
TEMPERATURE (F)
 TODAY
  MAXIMUM         84    359 PM  96    1934  67     17       49
  MINIMUM         56    606 AM  14    1903  42     14       38
  AVERAGE         70                        54     16       44

PRECIPITATION (IN)
  TODAY            T             1.40 1911   0.10  -0.10     0.74
  MONTH TO DATE    1.64                      2.18  -0.54     3.17
  SINCE MAR 1      3.15                      3.24  -0.09     3.51
  SINCE JAN 1      4.19                      3.80   0.39     4.67

SNOWFALL (IN)
  TODAY            0.0           0.5  1954  MM     MM        0.0
  MONTH TO DATE   22.7                      MM     MM        1.6
  SINCE MAR 1     33.7                      MM     MM        5.2
  SINCE JUL 1     60.7                      MM     MM       30.6
  SNOW DEPTH       0

DEGREE DAYS
 HEATING
  TODAY            0                        11    -11       21
  MONTH TO DATE  786                       518    268      476
  SINCE MAR 1   1768                      1478    290     1345
  SINCE JUL 1   7323                      7000    323     6079

 COOLING
  TODAY            5                         0      5        0
  MONTH TO DATE    5                         2      3        0
  SINCE MAR 1      5                         2      3        0
  SINCE JAN 1      5                         2      3        0
..................................................................


WIND (MPH)
  HIGHEST WIND SPEED    25   HIGHEST WIND DIRECTION    SW (210)
  HIGHEST GUST SPEED    36   HIGHEST GUST DIRECTION    SW (210)
  AVERAGE WIND SPEED    16.2


SKY COVER
  POSSIBLE SUNSHINE  MM
  AVERAGE SKY COVER 0.0


WEATHER CONDITIONS
 THE FOLLOWING WEATHER WAS RECORDED TODAY.
  THUNDERSTORM
  LIGHT RAIN


RELATIVE HUMIDITY (PERCENT)
 HIGHEST    83           500 AM
 LOWEST     34           300 PM
 AVERAGE    59

..........................................................


THE MITCHELL SD CLIMATE NORMALS FOR TOMORROW
                         NORMAL    RECORD    YEAR
 MAXIMUM TEMPERATURE (F)   67        98      1959
 MINIMUM TEMPERATURE (F)   42        19      1909


SUNRISE AND SUNSET
APRIL 30 2018.........SUNRISE   626 AM CDT   SUNSET   834 PM CDT
MAY  1 2018...........SUNRISE   624 AM CDT   SUNSET   835 PM CDT


-  INDICATES NEGATIVE NUMBERS.
R  INDICATES RECORD WAS SET OR TIED.
MM INDICATES DATA IS MISSING.
T  INDICATES TRACE AMOUNT.




$$
