415
CDUS43 KFSD 090649
CLIMHE


CLIMATE REPORT
NATIONAL WEATHER SERVICE SIOUX FALLS SD
137 AM CDT MON APR 9 2018


...................................

...THE MITCHELL SD CLIMATE SUMMARY FOR APRIL 8 2018...

CLIMATE NORMAL PERIOD 1981 TO 2010
CLIMATE RECORD PERIOD 1893 TO 2018


WEATHER ITEM   OBSERVED TIME   RECORD YEAR NORMAL DEPARTURE LAST
                VALUE   (LST)  VALUE       VALUE  FROM      YEAR
                                                  NORMAL
..................................................................
TEMPERATURE (F)
 YESTERDAY
  MAXIMUM         33    418 AM  84    1988  56    -23       82
                                      1934
  MINIMUM         28    139 AM  10    1997  32     -4       48
  AVERAGE         31                        44    -13       65

PRECIPITATION (IN)
  YESTERDAY       MM             0.97 1998   0.06  MM        0.00
  MONTH TO DATE    0.10                      0.28  -0.18     0.30
  SINCE MAR 1      1.61                      1.34   0.27     0.64
  SINCE JAN 1      2.65                      1.90   0.75     1.80

SNOWFALL (IN)
  YESTERDAY       MM             5.0  1904  MM     MM        0.0
  MONTH TO DATE    1.3                      MM     MM        0.0
  SINCE MAR 1     12.3                      MM     MM        3.6
  SINCE JUL 1     39.3                      MM     MM       29.0
  SNOW DEPTH      MM

DEGREE DAYS
 HEATING
  YESTERDAY       34                        21     13        0
  MONTH TO DATE  302                       180    122      113
  SINCE MAR 1   1284                      1138    146      982
  SINCE JUL 1   6839                      6660    179     5716

 COOLING
  YESTERDAY        0                         0      0        0
  MONTH TO DATE    0                         0      0        0
  SINCE MAR 1      0                         0      0        0
  SINCE JAN 1      0                         0      0        0
..................................................................


WIND (MPH)
  HIGHEST WIND SPEED    32   HIGHEST WIND DIRECTION    SE (130)
  HIGHEST GUST SPEED    42   HIGHEST GUST DIRECTION    SE (140)
  AVERAGE WIND SPEED    18.2


SKY COVER
  POSSIBLE SUNSHINE  MM
  AVERAGE SKY COVER 0.9


WEATHER CONDITIONS
 THE FOLLOWING WEATHER WAS RECORDED YESTERDAY.
  LT FREEZING RAIN
  SNOW
  LIGHT SNOW
  FOG
  FOG W/VISIBILITY <= 1/4 MILE


RELATIVE HUMIDITY (PERCENT)
 HIGHEST    92           600 AM
 LOWEST     59           400 AM
 AVERAGE    76

..........................................................


THE MITCHELL SD CLIMATE NORMALS FOR TODAY
                         NORMAL    RECORD    YEAR
 MAXIMUM TEMPERATURE (F)   57        92      1930
 MINIMUM TEMPERATURE (F)   32        10      1997


SUNRISE AND SUNSET
APRIL  9 2018.........SUNRISE   659 AM CDT   SUNSET   809 PM CDT
APRIL 10 2018.........SUNRISE   658 AM CDT   SUNSET   810 PM CDT


-  INDICATES NEGATIVE NUMBERS.
R  INDICATES RECORD WAS SET OR TIED.
MM INDICATES DATA IS MISSING.
T  INDICATES TRACE AMOUNT.




$$
