000
CDUS43 KFSD 192232
CLIMHE


CLIMATE REPORT
NATIONAL WEATHER SERVICE SIOUX FALLS SD
530 PM CDT SAT MAY 19 2018


...................................

...THE MITCHELL SD CLIMATE SUMMARY FOR MAY 19 2018...
VALID TODAY AS OF 0500 PM LOCAL TIME.

CLIMATE NORMAL PERIOD 1981 TO 2010
CLIMATE RECORD PERIOD 1893 TO 2018


WEATHER ITEM   OBSERVED TIME   RECORD YEAR NORMAL DEPARTURE LAST
                VALUE   (LST)  VALUE       VALUE  FROM      YEAR
                                                  NORMAL
..................................................................
TEMPERATURE (F)
 TODAY
  MAXIMUM         64    359 PM 104    1934  72     -8       52
  MINIMUM         48    700 AM  29    2002  49     -1       46
                                      1894
  AVERAGE         56                        60     -4       49

PRECIPITATION (IN)
  TODAY            0.00          1.38 1950   0.08  -0.08     0.05
  MONTH TO DATE    0.63                      1.45  -0.82     1.69
  SINCE MAR 1      3.78                      4.69  -0.91     5.20
  SINCE JAN 1      4.82                      5.25  -0.43     6.36

SNOWFALL (IN)
  TODAY            0.0           0.0    MM  MM     MM        0.0
  MONTH TO DATE    0.0                      MM     MM        0.0
  SINCE MAR 1     33.7                      MM     MM        5.2
  SINCE JUL 1     60.7                      MM     MM       30.6
  SNOW DEPTH       0

DEGREE DAYS
 HEATING
  TODAY            9                         6      3       16
  MONTH TO DATE   88                       157    -69      109
  SINCE MAR 1   1856                      1635    221     1454
  SINCE JUL 1   7411                      7157    254     6188

 COOLING
  TODAY            0                         1     -1        0
  MONTH TO DATE   34                        16     18       32
  SINCE MAR 1     40                        18     22       32
  SINCE JAN 1     40                        18     22       32
..................................................................


WIND (MPH)
  HIGHEST WIND SPEED    25   HIGHEST WIND DIRECTION     N (360)
  HIGHEST GUST SPEED    33   HIGHEST GUST DIRECTION     N (360)
  AVERAGE WIND SPEED    16.4


SKY COVER
  POSSIBLE SUNSHINE  MM
  AVERAGE SKY COVER 1.0


WEATHER CONDITIONS
 THE FOLLOWING WEATHER WAS RECORDED TODAY.
  NO SIGNIFICANT WEATHER WAS OBSERVED.


RELATIVE HUMIDITY (PERCENT)
 HIGHEST    86           200 AM
 LOWEST     60           400 PM
 AVERAGE    73

..........................................................


THE MITCHELL SD CLIMATE NORMALS FOR TOMORROW
                         NORMAL    RECORD    YEAR
 MAXIMUM TEMPERATURE (F)   72       102      1934
 MINIMUM TEMPERATURE (F)   49        30      1931
                                             1907


SUNRISE AND SUNSET
MAY 19 2018...........SUNRISE   603 AM CDT   SUNSET   855 PM CDT
MAY 20 2018...........SUNRISE   602 AM CDT   SUNSET   856 PM CDT


-  INDICATES NEGATIVE NUMBERS.
R  INDICATES RECORD WAS SET OR TIED.
MM INDICATES DATA IS MISSING.
T  INDICATES TRACE AMOUNT.




$$
