000
CDUS43 KFSD 160624
CLIMHE


CLIMATE REPORT
NATIONAL WEATHER SERVICE SIOUX FALLS SD
124 AM CDT MON APR 16 2018


...................................

...THE MITCHELL SD CLIMATE SUMMARY FOR APRIL 15 2018...

CLIMATE NORMAL PERIOD 1981 TO 2010
CLIMATE RECORD PERIOD 1893 TO 2018


WEATHER ITEM   OBSERVED TIME   RECORD YEAR NORMAL DEPARTURE LAST
                VALUE   (LST)  VALUE       VALUE  FROM      YEAR
                                                  NORMAL
..................................................................
TEMPERATURE (F)
 YESTERDAY
  MAXIMUM         33    438 PM  88    1898  60    -27       67
  MINIMUM         20    658 AM  18    2014  35    -15       43
  AVERAGE         27                        48    -21       55

PRECIPITATION (IN)
  YESTERDAY       MM             1.65 2012   0.08  MM        0.13
  MONTH TO DATE    1.34                      0.79   0.55     2.00
  SINCE MAR 1      2.85                      1.85   0.00     2.34
  SINCE JAN 1      3.89                      2.41   1.48     3.50

SNOWFALL (IN)
  YESTERDAY        0.0           3.9  2011  MM     MM        0.0
  MONTH TO DATE   19.5                      MM     MM        1.6
  SINCE MAR 1     30.5                      MM     MM        5.2
  SINCE JUL 1     57.5                      MM     MM       30.6
  SNOW DEPTH      16

DEGREE DAYS
 HEATING
  YESTERDAY       38                        17     21       10
  MONTH TO DATE  498                       311    187      218
  SINCE MAR 1   1480                      1269    211     1087
  SINCE JUL 1   7035                      6791    244     5821

 COOLING
  YESTERDAY        0                         0      0        0
  MONTH TO DATE    0                         0      0        0
  SINCE MAR 1      0                         0      0        0
  SINCE JAN 1      0                         0      0        0
..................................................................


WIND (MPH)
  HIGHEST WIND SPEED    22   HIGHEST WIND DIRECTION     N (360)
  HIGHEST GUST SPEED    27   HIGHEST GUST DIRECTION     N (350)
  AVERAGE WIND SPEED    14.3


SKY COVER
  POSSIBLE SUNSHINE  MM
  AVERAGE SKY COVER 1.0


WEATHER CONDITIONS
 THE FOLLOWING WEATHER WAS RECORDED YESTERDAY.
  LIGHT SNOW
  FOG


RELATIVE HUMIDITY (PERCENT)
 HIGHEST    92           200 AM
 LOWEST     66           500 PM
 AVERAGE    79

..........................................................


THE MITCHELL SD CLIMATE NORMALS FOR TODAY
                         NORMAL    RECORD    YEAR
 MAXIMUM TEMPERATURE (F)   61        92      1964
 MINIMUM TEMPERATURE (F)   36        11      1907
                                             1904


SUNRISE AND SUNSET
APRIL 16 2018.........SUNRISE   648 AM CDT   SUNSET   817 PM CDT
APRIL 17 2018.........SUNRISE   646 AM CDT   SUNSET   818 PM CDT


-  INDICATES NEGATIVE NUMBERS.
R  INDICATES RECORD WAS SET OR TIED.
MM INDICATES DATA IS MISSING.
T  INDICATES TRACE AMOUNT.




$$
