000
CDUS43 KFSD 100643
CLIMHE


CLIMATE REPORT
NATIONAL WEATHER SERVICE SIOUX FALLS SD
142 AM CDT TUE APR 10 2018


...................................

...THE MITCHELL SD CLIMATE SUMMARY FOR APRIL 9 2018...

CLIMATE NORMAL PERIOD 1981 TO 2010
CLIMATE RECORD PERIOD 1893 TO 2018


WEATHER ITEM   OBSERVED TIME   RECORD YEAR NORMAL DEPARTURE LAST
                VALUE   (LST)  VALUE       VALUE  FROM      YEAR
                                                  NORMAL
..................................................................
TEMPERATURE (F)
 YESTERDAY
  MAXIMUM         36   1242 PM  92    1930  57    -21       59
  MINIMUM         29    819 AM  10    1997  32     -3       44
  AVERAGE         33                        45    -12       52

PRECIPITATION (IN)
  YESTERDAY        0.00          1.47 1999   0.07  -0.07     0.42
  MONTH TO DATE    0.10                      0.35  -0.25     0.72
  SINCE MAR 1      1.61                      1.41   0.20     1.06
  SINCE JAN 1      2.65                      1.97   0.68     2.22

SNOWFALL (IN)
  YESTERDAY        0.0           7.0  1913  MM     MM        0.0
  MONTH TO DATE    3.3                      MM     MM        0.0
  SINCE MAR 1     14.3                      MM     MM        3.6
  SINCE JUL 1     41.3                      MM     MM       29.0
  SNOW DEPTH       2

DEGREE DAYS
 HEATING
  YESTERDAY       32                        20     12       13
  MONTH TO DATE  334                       200    134      126
  SINCE MAR 1   1316                      1158    158      995
  SINCE JUL 1   6871                      6680    191     5729

 COOLING
  YESTERDAY        0                         0      0        0
  MONTH TO DATE    0                         0      0        0
  SINCE MAR 1      0                         0      0        0
  SINCE JAN 1      0                         0      0        0
..................................................................


WIND (MPH)
  HIGHEST WIND SPEED     9   HIGHEST WIND DIRECTION     S (190)
  HIGHEST GUST SPEED    13   HIGHEST GUST DIRECTION     S (180)
  AVERAGE WIND SPEED     4.8


SKY COVER
  POSSIBLE SUNSHINE  MM
  AVERAGE SKY COVER 1.0


WEATHER CONDITIONS
 THE FOLLOWING WEATHER WAS RECORDED YESTERDAY.
  NO SIGNIFICANT WEATHER WAS OBSERVED.


RELATIVE HUMIDITY (PERCENT)
 HIGHEST    92          1200 AM
 LOWEST     64           300 PM
 AVERAGE    78

..........................................................


THE MITCHELL SD CLIMATE NORMALS FOR TODAY
                         NORMAL    RECORD    YEAR
 MAXIMUM TEMPERATURE (F)   58        92      1977
 MINIMUM TEMPERATURE (F)   33        13      1939


SUNRISE AND SUNSET
APRIL 10 2018.........SUNRISE   658 AM CDT   SUNSET   810 PM CDT
APRIL 11 2018.........SUNRISE   656 AM CDT   SUNSET   811 PM CDT


-  INDICATES NEGATIVE NUMBERS.
R  INDICATES RECORD WAS SET OR TIED.
MM INDICATES DATA IS MISSING.
T  INDICATES TRACE AMOUNT.




$$
