000
CDUS43 KFSD 072225
CLIMHE


CLIMATE REPORT
NATIONAL WEATHER SERVICE SIOUX FALLS SD
525 PM CDT MON MAY 7 2018


...................................

...THE MITCHELL SD CLIMATE SUMMARY FOR MAY 7 2018...
VALID TODAY AS OF 0500 PM LOCAL TIME.

CLIMATE NORMAL PERIOD 1981 TO 2010
CLIMATE RECORD PERIOD 1893 TO 2018


WEATHER ITEM   OBSERVED TIME   RECORD YEAR NORMAL DEPARTURE LAST
                VALUE   (LST)  VALUE       VALUE  FROM      YEAR
                                                  NORMAL
..................................................................
TEMPERATURE (F)
 TODAY
  MAXIMUM         84    350 PM  96    1963  69     15       88
  MINIMUM         59    559 AM  23    1943  45     14       50
  AVERAGE         72                        57     15       69

PRECIPITATION (IN)
  TODAY            0.00          0.90 1968   0.07  -0.07     0.00
                                      1958
  MONTH TO DATE    0.02                      0.60  -0.58     0.24
  SINCE MAR 1      3.17                      3.84  -0.67     3.75
  SINCE JAN 1      4.21                      4.40  -0.19     4.91

SNOWFALL (IN)
  TODAY            0.0           0.1  1924  MM     MM        0.0
  MONTH TO DATE    0.0                      MM     MM        0.0
  SINCE MAR 1     33.7                      MM     MM        5.2
  SINCE JUL 1     60.7                      MM     MM       30.6
  SNOW DEPTH       0

DEGREE DAYS
 HEATING
  TODAY            0                         9     -9        0
  MONTH TO DATE   29                        69    -40       53
  SINCE MAR 1   1797                      1547    250     1398
  SINCE JUL 1   7352                      7069    283     6132

 COOLING
  TODAY            7                         1      6        4
  MONTH TO DATE   10                         4      6        4
  SINCE MAR 1     16                         6     10        4
  SINCE JAN 1     16                         6     10        4
..................................................................


WIND (MPH)
  HIGHEST WIND SPEED    28   HIGHEST WIND DIRECTION     S (160)
  HIGHEST GUST SPEED    39   HIGHEST GUST DIRECTION     S (170)
  AVERAGE WIND SPEED    14.2


SKY COVER
  POSSIBLE SUNSHINE  MM
  AVERAGE SKY COVER 0.0


WEATHER CONDITIONS
 THE FOLLOWING WEATHER WAS RECORDED TODAY.
  NO SIGNIFICANT WEATHER WAS OBSERVED.


RELATIVE HUMIDITY (PERCENT)
 HIGHEST    48          1200 AM
 LOWEST     26           300 PM
 AVERAGE    37

..........................................................


THE MITCHELL SD CLIMATE NORMALS FOR TOMORROW
                         NORMAL    RECORD    YEAR
 MAXIMUM TEMPERATURE (F)   69       102      1934
 MINIMUM TEMPERATURE (F)   45        25      1945


SUNRISE AND SUNSET
MAY  7 2018...........SUNRISE   616 AM CDT   SUNSET   842 PM CDT
MAY  8 2018...........SUNRISE   615 AM CDT   SUNSET   843 PM CDT


-  INDICATES NEGATIVE NUMBERS.
R  INDICATES RECORD WAS SET OR TIED.
MM INDICATES DATA IS MISSING.
T  INDICATES TRACE AMOUNT.




$$
