000
CDUS43 KFSD 162307
CLIMHE


CLIMATE REPORT
NATIONAL WEATHER SERVICE SIOUX FALLS SD
606 PM CDT WED MAY 16 2018


...................................

...THE MITCHELL SD CLIMATE SUMMARY FOR MAY 16 2018...
VALID TODAY AS OF 0500 PM LOCAL TIME.

CLIMATE NORMAL PERIOD 1981 TO 2010
CLIMATE RECORD PERIOD 1893 TO 2018


WEATHER ITEM   OBSERVED TIME   RECORD YEAR NORMAL DEPARTURE LAST
                VALUE   (LST)  VALUE       VALUE  FROM      YEAR
                                                  NORMAL
..................................................................
TEMPERATURE (F)
 TODAY
  MAXIMUM         85    359 PM  99    1934  71     14       82
  MINIMUM         60    246 AM  25    1929  48     12       62
  AVERAGE         73                        60     13       72

PRECIPITATION (IN)
  TODAY            0.00          2.50 2004   0.07  -0.07     0.02
  MONTH TO DATE    0.57                      1.22  -0.65     0.83
  SINCE MAR 1      3.72                      4.46  -0.74     4.34
  SINCE JAN 1      4.76                      5.02  -0.26     5.50

SNOWFALL (IN)
  TODAY            0.0           T    1929  MM     MM        0.0
  MONTH TO DATE    0.0                      MM     MM        0.0
  SINCE MAR 1     33.7                      MM     MM        5.2
  SINCE JUL 1     60.7                      MM     MM       30.6
  SNOW DEPTH       0

DEGREE DAYS
 HEATING
  TODAY            0                         7     -7        0
  MONTH TO DATE   78                       138    -60       73
  SINCE MAR 1   1846                      1616    230     1418
  SINCE JUL 1   7401                      7138    263     6152

 COOLING
  TODAY            8                         1      7        7
  MONTH TO DATE   27                        13     14       32
  SINCE MAR 1     33                        15     18       32
  SINCE JAN 1     33                        15     18       32
..................................................................


WIND (MPH)
  HIGHEST WIND SPEED    18   HIGHEST WIND DIRECTION     S (190)
  HIGHEST GUST SPEED    25   HIGHEST GUST DIRECTION     S (170)
  AVERAGE WIND SPEED     9.3


SKY COVER
  POSSIBLE SUNSHINE  MM
  AVERAGE SKY COVER 0.1


WEATHER CONDITIONS
 THE FOLLOWING WEATHER WAS RECORDED TODAY.
  NO SIGNIFICANT WEATHER WAS OBSERVED.


RELATIVE HUMIDITY (PERCENT)
 HIGHEST    84           200 AM
 LOWEST     40           400 PM
 AVERAGE    62

..........................................................


THE MITCHELL SD CLIMATE NORMALS FOR TOMORROW
                         NORMAL    RECORD    YEAR
 MAXIMUM TEMPERATURE (F)   71       105      1934
 MINIMUM TEMPERATURE (F)   48        27      1925


SUNRISE AND SUNSET
MAY 16 2018...........SUNRISE   606 AM CDT   SUNSET   852 PM CDT
MAY 17 2018...........SUNRISE   605 AM CDT   SUNSET   853 PM CDT


-  INDICATES NEGATIVE NUMBERS.
R  INDICATES RECORD WAS SET OR TIED.
MM INDICATES DATA IS MISSING.
T  INDICATES TRACE AMOUNT.




$$
