000
CDUS43 KFSD 042220
CLIMHE


CLIMATE REPORT
NATIONAL WEATHER SERVICE SIOUX FALLS SD
519 PM CDT FRI MAY 4 2018


...................................

...THE MITCHELL SD CLIMATE SUMMARY FOR MAY 4 2018...
VALID TODAY AS OF 0500 PM LOCAL TIME.

CLIMATE NORMAL PERIOD 1981 TO 2010
CLIMATE RECORD PERIOD 1893 TO 2018


WEATHER ITEM   OBSERVED TIME   RECORD YEAR NORMAL DEPARTURE LAST
                VALUE   (LST)  VALUE       VALUE  FROM      YEAR
                                                  NORMAL
..................................................................
TEMPERATURE (F)
 TODAY
  MAXIMUM         81    359 PM  99    1926  68     13       73
  MINIMUM         48    552 AM  20    1967  43      5       36
  AVERAGE         65                        56      9       55

PRECIPITATION (IN)
  TODAY            0.00          1.44 2012   0.10  -0.10     0.00
  MONTH TO DATE    T                         0.37  -0.37     0.24
  SINCE MAR 1      3.15                      3.61  -0.46     3.75
  SINCE JAN 1      4.19                      4.17   0.02     4.91

SNOWFALL (IN)
  TODAY            0.0           T    1944  MM     MM        0.0
  MONTH TO DATE    0.0                      MM     MM        0.0
  SINCE MAR 1     33.7                      MM     MM        5.2
  SINCE JUL 1     60.7                      MM     MM       30.6
  SNOW DEPTH       0

DEGREE DAYS
 HEATING
  TODAY            0                        10    -10       10
  MONTH TO DATE   29                        41    -12       47
  SINCE MAR 1   1797                      1519    278     1392
  SINCE JUL 1   7352                      7041    311     6126

 COOLING
  TODAY            0                         1     -1        0
  MONTH TO DATE    0                         1     -1        0
  SINCE MAR 1      6                         3      3        0
  SINCE JAN 1      6                         3      3        0
..................................................................


WIND (MPH)
  HIGHEST WIND SPEED    21   HIGHEST WIND DIRECTION    NW (320)
  HIGHEST GUST SPEED    27   HIGHEST GUST DIRECTION    NW (300)
  AVERAGE WIND SPEED    10.6


SKY COVER
  POSSIBLE SUNSHINE  MM
  AVERAGE SKY COVER 0.0


WEATHER CONDITIONS
 THE FOLLOWING WEATHER WAS RECORDED TODAY.
  NO SIGNIFICANT WEATHER WAS OBSERVED.


RELATIVE HUMIDITY (PERCENT)
 HIGHEST    80           500 AM
 LOWEST     19           100 PM
 AVERAGE    50

..........................................................


THE MITCHELL SD CLIMATE NORMALS FOR TOMORROW
                         NORMAL    RECORD    YEAR
 MAXIMUM TEMPERATURE (F)   68        95      2004
 MINIMUM TEMPERATURE (F)   44        26      1954


SUNRISE AND SUNSET
MAY  4 2018...........SUNRISE   620 AM CDT   SUNSET   838 PM CDT
MAY  5 2018...........SUNRISE   619 AM CDT   SUNSET   840 PM CDT


-  INDICATES NEGATIVE NUMBERS.
R  INDICATES RECORD WAS SET OR TIED.
MM INDICATES DATA IS MISSING.
T  INDICATES TRACE AMOUNT.




$$
