000
CDUS43 KFSD 032231
CLIMHE


CLIMATE REPORT
NATIONAL WEATHER SERVICE SIOUX FALLS SD
529 PM CDT TUE APR 3 2018


...................................

...THE MITCHELL SD CLIMATE SUMMARY FOR APRIL 3 2018...
VALID TODAY AS OF 0500 PM LOCAL TIME.

CLIMATE NORMAL PERIOD 1981 TO 2010
CLIMATE RECORD PERIOD 1893 TO 2018


WEATHER ITEM   OBSERVED TIME   RECORD YEAR NORMAL DEPARTURE LAST
                VALUE   (LST)  VALUE       VALUE  FROM      YEAR
                                                  NORMAL
..................................................................
TEMPERATURE (F)
 TODAY
  MAXIMUM         32    210 AM  82    1910  54    -22       54
  MINIMUM         16   1049 AM   2    1936  30    -14       38
  AVERAGE         24                        42    -18       46

PRECIPITATION (IN)
  TODAY           MM             1.44 1897   0.02  MM        0.24
  MONTH TO DATE    0.01                      0.07  -0.06     0.24
  SINCE MAR 1      1.52                      1.13   0.39     0.58
  SINCE JAN 1      2.56                      1.69   0.87     1.74

SNOWFALL (IN)
  TODAY           MM             6.0  1937  MM     MM        0.0
  MONTH TO DATE    0.1                      MM     MM        0.0
  SINCE MAR 1     11.1                      MM     MM        3.6
  SINCE JUL 1     38.1                      MM     MM       29.0
  SNOW DEPTH      MM

DEGREE DAYS
 HEATING
  TODAY           41                        23     18       19
  MONTH TO DATE  108                        71     37       44
  SINCE MAR 1   1090                      1029     61      913
  SINCE JUL 1   6645                      6551     94     5647

 COOLING
  TODAY            0                         0      0        0
  MONTH TO DATE    0                         0      0        0
  SINCE MAR 1      0                         0      0        0
  SINCE JAN 1      0                         0      0        0
..................................................................


WIND (MPH)
  HIGHEST WIND SPEED    31   HIGHEST WIND DIRECTION     N (340)
  HIGHEST GUST SPEED    44   HIGHEST GUST DIRECTION     N (10)
  AVERAGE WIND SPEED    21.4


SKY COVER
  POSSIBLE SUNSHINE  MM
  AVERAGE SKY COVER 0.8


WEATHER CONDITIONS
 THE FOLLOWING WEATHER WAS RECORDED TODAY.
  SNOW
  LIGHT SNOW
  FOG
  BLOWING SNOW


RELATIVE HUMIDITY (PERCENT)
 HIGHEST    92           300 AM
 LOWEST     73           200 PM
 AVERAGE    83

..........................................................


THE MITCHELL SD CLIMATE NORMALS FOR TOMORROW
                         NORMAL    RECORD    YEAR
 MAXIMUM TEMPERATURE (F)   54        86      1929
 MINIMUM TEMPERATURE (F)   30         6      1899


SUNRISE AND SUNSET
APRIL  3 2018.........SUNRISE   710 AM CDT   SUNSET   802 PM CDT
APRIL  4 2018.........SUNRISE   708 AM CDT   SUNSET   803 PM CDT


-  INDICATES NEGATIVE NUMBERS.
R  INDICATES RECORD WAS SET OR TIED.
MM INDICATES DATA IS MISSING.
T  INDICATES TRACE AMOUNT.




$$
