000
CDUS43 KFSD 030624
CLIMHE


CLIMATE REPORT
NATIONAL WEATHER SERVICE SIOUX FALLS SD
124 AM CDT THU MAY 3 2018


...................................

...THE MITCHELL SD CLIMATE SUMMARY FOR MAY 2 2018...

CLIMATE NORMAL PERIOD 1981 TO 2010
CLIMATE RECORD PERIOD 1893 TO 2018


WEATHER ITEM   OBSERVED TIME   RECORD YEAR NORMAL DEPARTURE LAST
                VALUE   (LST)  VALUE       VALUE  FROM      YEAR
                                                  NORMAL
..................................................................
TEMPERATURE (F)
 YESTERDAY
  MAXIMUM         66    453 PM  94    1987  68     -2       66
                                      1955
  MINIMUM         41    549 AM  22    1967  43     -2       37
  AVERAGE         54                        55     -1       52

PRECIPITATION (IN)
  YESTERDAY        T             1.54 1899   0.10  -0.10      T
  MONTH TO DATE    T                         0.18  -0.18     0.17
  SINCE MAR 1      3.15                      3.42  -0.27     3.68
  SINCE JAN 1      4.19                      3.98   0.21     4.84

SNOWFALL (IN)
  YESTERDAY        0.0           T    1967  MM     MM        0.0
                                      1954
  MONTH TO DATE    0.0                      MM     MM        0.0
  SINCE MAR 1     33.7                      MM     MM        5.2
  SINCE JUL 1     60.7                      MM     MM       30.6
  SNOW DEPTH       0

DEGREE DAYS
 HEATING
  YESTERDAY       11                        10      1       13
  MONTH TO DATE   22                        21      1       27
  SINCE MAR 1   1790                      1499    291     1372
  SINCE JUL 1   7345                      7021    324     6106

 COOLING
  YESTERDAY        0                         0      0        0
  MONTH TO DATE    0                         0      0        0
  SINCE MAR 1      6                         2      4        0
  SINCE JAN 1      6                         2      4        0
..................................................................


WIND (MPH)
  HIGHEST WIND SPEED    10   HIGHEST WIND DIRECTION     N (10)
  HIGHEST GUST SPEED    14   HIGHEST GUST DIRECTION     N (20)
  AVERAGE WIND SPEED     4.3


SKY COVER
  POSSIBLE SUNSHINE  MM
  AVERAGE SKY COVER 0.4


WEATHER CONDITIONS
 THE FOLLOWING WEATHER WAS RECORDED YESTERDAY.
  LIGHT RAIN
  FOG


RELATIVE HUMIDITY (PERCENT)
 HIGHEST    96           300 AM
 LOWEST     45           500 PM
 AVERAGE    71

..........................................................


THE MITCHELL SD CLIMATE NORMALS FOR TODAY
                         NORMAL    RECORD    YEAR
 MAXIMUM TEMPERATURE (F)   68        92      1918
 MINIMUM TEMPERATURE (F)   43        18      1967


SUNRISE AND SUNSET
MAY  3 2018...........SUNRISE   621 AM CDT   SUNSET   837 PM CDT
MAY  4 2018...........SUNRISE   620 AM CDT   SUNSET   838 PM CDT


-  INDICATES NEGATIVE NUMBERS.
R  INDICATES RECORD WAS SET OR TIED.
MM INDICATES DATA IS MISSING.
T  INDICATES TRACE AMOUNT.




$$
