000
CDUS43 KFSD 282223
CLIMHE


CLIMATE REPORT
NATIONAL WEATHER SERVICE SIOUX FALLS SD
522 PM CDT SAT APR 28 2018


...................................

...THE MITCHELL SD CLIMATE SUMMARY FOR APRIL 28 2018...
VALID TODAY AS OF 0500 PM LOCAL TIME.

CLIMATE NORMAL PERIOD 1981 TO 2010
CLIMATE RECORD PERIOD 1893 TO 2018


WEATHER ITEM   OBSERVED TIME   RECORD YEAR NORMAL DEPARTURE LAST
                VALUE   (LST)  VALUE       VALUE  FROM      YEAR
                                                  NORMAL
..................................................................
TEMPERATURE (F)
 TODAY
  MAXIMUM         63    359 PM  95    1910  66     -3       53
  MINIMUM         34    559 AM  24    2008  41     -7       25
                                      1907
  AVERAGE         49                        54     -5       39

PRECIPITATION (IN)
  TODAY            0.00          1.34 1906   0.10  -0.10     0.00
  MONTH TO DATE    1.64                      1.98  -0.34     2.43
  SINCE MAR 1      3.15                      3.04   0.11     2.77
  SINCE JAN 1      4.19                      3.60   0.59     3.93

SNOWFALL (IN)
  TODAY            0.0           7.0  1994  MM     MM        0.0
  MONTH TO DATE   22.7                      MM     MM        1.6
  SINCE MAR 1     33.7                      MM     MM        5.2
  SINCE JUL 1     60.7                      MM     MM       30.6
  SNOW DEPTH       0

DEGREE DAYS
 HEATING
  TODAY           16                        12      4       26
  MONTH TO DATE  784                       496    288      435
  SINCE MAR 1   1766                      1454    312     1304
  SINCE JUL 1   7321                      6976    345     6038

 COOLING
  TODAY            0                         0      0        0
  MONTH TO DATE    0                         0      0        0
  SINCE MAR 1      0                         0      0        0
  SINCE JAN 1      0                         0      0        0
..................................................................


WIND (MPH)
  HIGHEST WIND SPEED    21   HIGHEST WIND DIRECTION    SE (150)
  HIGHEST GUST SPEED    26   HIGHEST GUST DIRECTION    SE (150)
  AVERAGE WIND SPEED     8.2


SKY COVER
  POSSIBLE SUNSHINE  MM
  AVERAGE SKY COVER 0.0


WEATHER CONDITIONS
 THE FOLLOWING WEATHER WAS RECORDED TODAY.
  NO SIGNIFICANT WEATHER WAS OBSERVED.


RELATIVE HUMIDITY (PERCENT)
 HIGHEST    92           400 AM
 LOWEST     36           400 PM
 AVERAGE    64

..........................................................


THE MITCHELL SD CLIMATE NORMALS FOR TOMORROW
                         NORMAL    RECORD    YEAR
 MAXIMUM TEMPERATURE (F)   67        93      1934
 MINIMUM TEMPERATURE (F)   41        12      1907


SUNRISE AND SUNSET
APRIL 28 2018.........SUNRISE   629 AM CDT   SUNSET   831 PM CDT
APRIL 29 2018.........SUNRISE   627 AM CDT   SUNSET   833 PM CDT


-  INDICATES NEGATIVE NUMBERS.
R  INDICATES RECORD WAS SET OR TIED.
MM INDICATES DATA IS MISSING.
T  INDICATES TRACE AMOUNT.




$$
