000
CDUS43 KFSD 210652
CLIMHE


CLIMATE REPORT
NATIONAL WEATHER SERVICE SIOUX FALLS SD
150 AM CDT SAT APR 21 2018


...................................

...THE MITCHELL SD CLIMATE SUMMARY FOR APRIL 20 2018...

CLIMATE NORMAL PERIOD 1981 TO 2010
CLIMATE RECORD PERIOD 1893 TO 2018


WEATHER ITEM   OBSERVED TIME   RECORD YEAR NORMAL DEPARTURE LAST
                VALUE   (LST)  VALUE       VALUE  FROM      YEAR
                                                  NORMAL
..................................................................
TEMPERATURE (F)
 YESTERDAY
  MAXIMUM         45    458 PM  92    1926  63    -18       55
  MINIMUM         28    502 AM  14    1966  37     -9       40
  AVERAGE         37                        50    -13       48

PRECIPITATION (IN)
  YESTERDAY        T             1.60 1917   0.09  -0.09     0.00
  MONTH TO DATE    1.54                      1.21   0.33     2.43
  SINCE MAR 1      3.05                      2.27   0.78     2.77
  SINCE JAN 1      4.09                      2.83   1.26     3.93

SNOWFALL (IN)
  YESTERDAY        0.0           2.0  1917  MM     MM        0.0
  MONTH TO DATE   19.5                      MM     MM        1.6
  SINCE MAR 1     30.5                      MM     MM        5.2
  SINCE JUL 1     57.5                      MM     MM       30.6
  SNOW DEPTH       2

DEGREE DAYS
 HEATING
  YESTERDAY       28                        15     13       17
  MONTH TO DATE  660                       390    270      286
  SINCE MAR 1   1642                      1348    294     1155
  SINCE JUL 1   7197                      6870    327     5889

 COOLING
  YESTERDAY        0                         0      0        0
  MONTH TO DATE    0                         0      0        0
  SINCE MAR 1      0                         0      0        0
  SINCE JAN 1      0                         0      0        0
..................................................................


WIND (MPH)
  HIGHEST WIND SPEED    14   HIGHEST WIND DIRECTION    SE (140)
  HIGHEST GUST SPEED    18   HIGHEST GUST DIRECTION    SE (140)
  AVERAGE WIND SPEED     9.1


SKY COVER
  POSSIBLE SUNSHINE  MM
  AVERAGE SKY COVER 0.3


WEATHER CONDITIONS
 THE FOLLOWING WEATHER WAS RECORDED YESTERDAY.
  LIGHT RAIN


RELATIVE HUMIDITY (PERCENT)
 HIGHEST    86          1000 PM
 LOWEST     75           800 AM
 AVERAGE    81

..........................................................


THE MITCHELL SD CLIMATE NORMALS FOR TODAY
                         NORMAL    RECORD    YEAR
 MAXIMUM TEMPERATURE (F)   63        94      1980
 MINIMUM TEMPERATURE (F)   38        15      1927


SUNRISE AND SUNSET
APRIL 21 2018.........SUNRISE   639 AM CDT   SUNSET   823 PM CDT
APRIL 22 2018.........SUNRISE   638 AM CDT   SUNSET   824 PM CDT


-  INDICATES NEGATIVE NUMBERS.
R  INDICATES RECORD WAS SET OR TIED.
MM INDICATES DATA IS MISSING.
T  INDICATES TRACE AMOUNT.




$$
