000
CDUS43 KFSD 230638
CLIMHE


CLIMATE REPORT
NATIONAL WEATHER SERVICE SIOUX FALLS SD
136 AM CDT MON APR 23 2018


...................................

...THE MITCHELL SD CLIMATE SUMMARY FOR APRIL 22 2018...

CLIMATE NORMAL PERIOD 1981 TO 2010
CLIMATE RECORD PERIOD 1893 TO 2018


WEATHER ITEM   OBSERVED TIME   RECORD YEAR NORMAL DEPARTURE LAST
                VALUE   (LST)  VALUE       VALUE  FROM      YEAR
                                                  NORMAL
..................................................................
TEMPERATURE (F)
 YESTERDAY
  MAXIMUM         63    441 PM  97    1980  64     -1       68
  MINIMUM         37    633 AM  23    1927  38     -1       35
  AVERAGE         50                        51     -1       52

PRECIPITATION (IN)
  YESTERDAY        0.00          2.10 2001   0.09  -0.09     0.00
  MONTH TO DATE    1.54                      1.39   0.15     2.43
  SINCE MAR 1      3.05                      2.45   0.60     2.77
  SINCE JAN 1      4.09                      3.01   1.08     3.93

SNOWFALL (IN)
  YESTERDAY        0.0           5.1  2013  MM     MM        0.0
  MONTH TO DATE   19.5                      MM     MM        1.6
  SINCE MAR 1     30.5                      MM     MM        5.2
  SINCE JUL 1     57.5                      MM     MM       30.6
  SNOW DEPTH       0

DEGREE DAYS
 HEATING
  YESTERDAY       15                        14      1       13
  MONTH TO DATE  697                       419    278      316
  SINCE MAR 1   1679                      1377    302     1185
  SINCE JUL 1   7234                      6899    335     5919

 COOLING
  YESTERDAY        0                         0      0        0
  MONTH TO DATE    0                         0      0        0
  SINCE MAR 1      0                         0      0        0
  SINCE JAN 1      0                         0      0        0
..................................................................


WIND (MPH)
  HIGHEST WIND SPEED    21   HIGHEST WIND DIRECTION    SE (130)
  HIGHEST GUST SPEED    28   HIGHEST GUST DIRECTION    SE (130)
  AVERAGE WIND SPEED     7.3


SKY COVER
  POSSIBLE SUNSHINE  MM
  AVERAGE SKY COVER 0.3


WEATHER CONDITIONS
 THE FOLLOWING WEATHER WAS RECORDED YESTERDAY.
  NO SIGNIFICANT WEATHER WAS OBSERVED.


RELATIVE HUMIDITY (PERCENT)
 HIGHEST    92           400 AM
 LOWEST     39           400 PM
 AVERAGE    66

..........................................................


THE MITCHELL SD CLIMATE NORMALS FOR TODAY
                         NORMAL    RECORD    YEAR
 MAXIMUM TEMPERATURE (F)   64        93      1990
 MINIMUM TEMPERATURE (F)   39        12      2013


SUNRISE AND SUNSET
APRIL 23 2018.........SUNRISE   636 AM CDT   SUNSET   825 PM CDT
APRIL 24 2018.........SUNRISE   635 AM CDT   SUNSET   827 PM CDT


-  INDICATES NEGATIVE NUMBERS.
R  INDICATES RECORD WAS SET OR TIED.
MM INDICATES DATA IS MISSING.
T  INDICATES TRACE AMOUNT.




$$
