185
CDUS43 KFSD 222224
CLIMHE


CLIMATE REPORT
NATIONAL WEATHER SERVICE SIOUX FALLS SD
524 PM CDT TUE MAY 22 2018


...................................

...THE MITCHELL SD CLIMATE SUMMARY FOR MAY 22 2018...
VALID TODAY AS OF 0500 PM LOCAL TIME.

CLIMATE NORMAL PERIOD 1981 TO 2010
CLIMATE RECORD PERIOD 1893 TO 2018


WEATHER ITEM   OBSERVED TIME   RECORD YEAR NORMAL DEPARTURE LAST
                VALUE   (LST)  VALUE       VALUE  FROM      YEAR
                                                  NORMAL
..................................................................
TEMPERATURE (F)
 TODAY
  MAXIMUM         83    253 PM  95    1967  73     10       61
                                      1964
  MINIMUM         53    505 AM  26    1963  50      3       46
  AVERAGE         68                        61      7       54

PRECIPITATION (IN)
  TODAY            0.00          1.90 1977   0.10  -0.10      T
  MONTH TO DATE    0.64                      1.73  -1.09     2.30
  SINCE MAR 1      3.79                      4.97  -1.18     5.81
  SINCE JAN 1      4.83                      5.53  -0.70     6.97

SNOWFALL (IN)
  TODAY            0.0           0.0    MM  MM     MM        0.0
  MONTH TO DATE    0.0                      MM     MM        0.0
  SINCE MAR 1     33.7                      MM     MM        5.2
  SINCE JUL 1     60.7                      MM     MM       30.6
  SNOW DEPTH       0

DEGREE DAYS
 HEATING
  TODAY            0                         5     -5       11
  MONTH TO DATE   97                       173    -76      155
  SINCE MAR 1   1865                      1651    214     1500
  SINCE JUL 1   7420                      7173    247     6234

 COOLING
  TODAY            3                         1      2        0
  MONTH TO DATE   37                        19     18       32
  SINCE MAR 1     43                        21     22       32
  SINCE JAN 1     43                        21     22       32
..................................................................


WIND (MPH)
  HIGHEST WIND SPEED    20   HIGHEST WIND DIRECTION    SE (150)
  HIGHEST GUST SPEED    26   HIGHEST GUST DIRECTION     S (160)
  AVERAGE WIND SPEED     9.9


SKY COVER
  POSSIBLE SUNSHINE  MM
  AVERAGE SKY COVER 0.1


WEATHER CONDITIONS
 THE FOLLOWING WEATHER WAS RECORDED TODAY.
  FOG
  HAZE


RELATIVE HUMIDITY (PERCENT)
 HIGHEST   100           300 AM
 LOWEST     55           300 PM
 AVERAGE    78

..........................................................


THE MITCHELL SD CLIMATE NORMALS FOR TOMORROW
                         NORMAL    RECORD    YEAR
 MAXIMUM TEMPERATURE (F)   73       100      1926
 MINIMUM TEMPERATURE (F)   50        33      1947


SUNRISE AND SUNSET
MAY 22 2018...........SUNRISE   600 AM CDT   SUNSET   858 PM CDT
MAY 23 2018...........SUNRISE   559 AM CDT   SUNSET   859 PM CDT


-  INDICATES NEGATIVE NUMBERS.
R  INDICATES RECORD WAS SET OR TIED.
MM INDICATES DATA IS MISSING.
T  INDICATES TRACE AMOUNT.




$$
