000
CDUS43 KFSD 150641
CLIMHE


CLIMATE REPORT
NATIONAL WEATHER SERVICE SIOUX FALLS SD
140 AM CDT SUN APR 15 2018


...................................

...THE MITCHELL SD CLIMATE SUMMARY FOR APRIL 14 2018...

CLIMATE NORMAL PERIOD 1981 TO 2010
CLIMATE RECORD PERIOD 1893 TO 2018


WEATHER ITEM   OBSERVED TIME   RECORD YEAR NORMAL DEPARTURE LAST
                VALUE   (LST)  VALUE       VALUE  FROM      YEAR
                                                  NORMAL
..................................................................
TEMPERATURE (F)
 YESTERDAY
  MAXIMUM         29    159 AM  91    2003  60    -31       71
                                      1908
  MINIMUM         24   1159 PM   9    1928  35    -11       50
  AVERAGE         27                        47    -20       61

PRECIPITATION (IN)
  YESTERDAY        0.65          2.00 1986   0.07   0.58     0.00
  MONTH TO DATE    1.34                      0.71   0.63     1.87
  SINCE MAR 1      2.85                      1.77   1.08     2.21
  SINCE JAN 1      3.89                      2.33   1.56     3.37

SNOWFALL (IN)
  YESTERDAY       12.5 R         3.8  1928  MM     MM        0.0
  MONTH TO DATE   19.5                      MM     MM        1.6
  SINCE MAR 1     30.5                      MM     MM        5.2
  SINCE JUL 1     57.5                      MM     MM       30.6
  SNOW DEPTH       4

DEGREE DAYS
 HEATING
  YESTERDAY       38                        18     20        4
  MONTH TO DATE  460                       294    166      208
  SINCE MAR 1   1442                      1252    190     1077
  SINCE JUL 1   6997                      6774    223     5811

 COOLING
  YESTERDAY        0                         0      0        0
  MONTH TO DATE    0                         0      0        0
  SINCE MAR 1      0                         0      0        0
  SINCE JAN 1      0                         0      0        0
..................................................................


WIND (MPH)
  HIGHEST WIND SPEED    43   HIGHEST WIND DIRECTION     N (10)
  HIGHEST GUST SPEED    57   HIGHEST GUST DIRECTION     N (10)
  AVERAGE WIND SPEED    23.6


SKY COVER
  POSSIBLE SUNSHINE  MM
  AVERAGE SKY COVER 1.0


WEATHER CONDITIONS
 THE FOLLOWING WEATHER WAS RECORDED YESTERDAY.
  THUNDERSTORM
  LIGHT SNOW
  FOG
  FOG W/VISIBILITY <= 1/4 MILE
  HAZE


RELATIVE HUMIDITY (PERCENT)
 HIGHEST   100          1200 AM
 LOWEST     81           500 PM
 AVERAGE    91

..........................................................


THE MITCHELL SD CLIMATE NORMALS FOR TODAY
                         NORMAL    RECORD    YEAR
 MAXIMUM TEMPERATURE (F)   60        88      1898
 MINIMUM TEMPERATURE (F)   35        18      2014


SUNRISE AND SUNSET
APRIL 15 2018.........SUNRISE   649 AM CDT   SUNSET   816 PM CDT
APRIL 16 2018.........SUNRISE   648 AM CDT   SUNSET   817 PM CDT


-  INDICATES NEGATIVE NUMBERS.
R  INDICATES RECORD WAS SET OR TIED.
MM INDICATES DATA IS MISSING.
T  INDICATES TRACE AMOUNT.




$$
